Loughlinstown, Co Dublin, Ireland

53° 14.91' N | 006° 08.15' W | 24 meter | Show on map

Climate Summary February 2020

01/12/20 08:20:00 GMT

Station: Vantage Vue
Software: WeeWX v4.1.1
WeeWX uptime: 60 days, 22 hours, 32 minutes
Server uptime: 60 days, 22 hours, 32 minutes
                   MONTHLY CLIMATOLOGICAL SUMMARY for Feb 2020


NAME: Loughlinstown, Co Dublin, Ireland                  
ELEV: 24 meter    LAT: 53-14.91 N    LONG: 006-08.15 W


                   TEMPERATURE (°C), RAIN (mm), WIND SPEED (km/h)

                                         HEAT   COOL         AVG
      MEAN                               DEG    DEG          WIND                   DOM
DAY   TEMP   HIGH   TIME    LOW   TIME   DAYS   DAYS   RAIN  SPEED   HIGH   TIME    DIR
---------------------------------------------------------------------------------------
 01    8.7   10.9  14:00    7.2  21:50    9.6    0.0    0.4   18.4   83.7  10:30    236
 02    8.6   12.2  12:30    5.4  04:50    9.7    0.0    3.0   14.3   64.4  22:10    223
 03    6.9    9.2  14:50    5.0  23:50   11.4    0.0    0.0   18.9   69.2  00:40    247
 04    5.8   10.1  14:40    1.6  00:00   12.6    0.0    0.2   12.2   64.4  00:10    265
 05    3.1   11.2  14:20   -1.1  23:30   15.2    0.0    0.2    0.2   11.3  13:30    226
 06    4.3    8.8  14:40   -2.3  04:00   14.1    0.0    0.0    3.2   33.8  18:10    132
 07    7.6    9.7  20:40    5.4  04:30   10.8    0.0    1.6   11.5   40.2  09:00    135
 08    7.8   11.6  00:00    3.4  08:20   10.6    0.0    7.0   14.6   59.5  16:30    189
 09    9.1   12.4  01:20    4.4  00:00    9.2    0.0   31.0   22.7   77.2  08:40    224
 10    3.8    5.3  13:10    2.8  07:00   14.5    0.0    0.6   24.0   78.9  21:00    228
 11    2.9    4.3  11:50    1.6  08:40   15.5    0.0    3.2   21.3   64.4  02:10    230
 12    4.7    8.5  14:50    2.2  05:20   13.6    0.0    4.8   12.5   54.7  00:30    210
 13    5.2    8.5  13:40    1.8  07:50   13.1    0.0    7.0    6.0   51.5  00:30    260
 14    8.6   12.9  14:30    3.8  00:10    9.8    0.0    2.8    8.9   46.7  13:00    170
 15    9.2   12.3  15:00    6.2  00:10    9.1    0.0   13.4   13.9   59.5  10:40    179
 16    6.4   10.1  00:40    3.9  17:50   11.9    0.0    2.0   20.7   74.0  14:50    207
 17    6.1   10.4  14:10    4.1  23:30   12.3    0.0    0.6   17.0   59.5  18:50    224
 18    5.5    8.9  13:20    3.9  23:50   12.8    0.0    1.4   15.9   51.5  14:20    232
 19    7.5   11.0  20:10    3.5  04:10   10.8    0.0    2.4    8.0   40.2  01:00    191
 20    6.4   10.6  00:10    3.3  14:50   11.9    0.0    4.0   13.7   57.9  11:30    240
 21    9.9   13.7  14:30    5.4  00:10    8.4    0.0    3.6   14.8   62.8  19:20    200
 22    8.1   11.8  00:30    6.1  18:50   10.2    0.0    4.2   20.5   64.4  03:30    231
 23    6.3    8.4  15:00    4.6  23:40   12.0    0.0    7.8    6.0   41.8  07:30    258
 24    8.1   12.3  10:20    4.7  00:10   10.2    0.0   15.2   19.8   80.5  12:40    230
 25    4.0    6.5  14:50    1.9  19:40   14.4    0.0    0.8   18.4   61.2  21:50    240
 26    4.4    8.9  14:40    1.8  03:50   13.9    0.0    1.4   12.8   57.9  05:50    245
 27    4.7    9.6  14:50    1.1  06:40   13.6    0.0    0.0    7.7   40.2  10:50    263
 28    9.1   15.5  14:20    3.0  00:40    9.3    0.0    5.2    6.1   51.5  06:20    134
 29    5.1    9.9  00:10    2.6  07:20   13.2    0.0    6.6   22.1   83.7  21:00    214
---------------------------------------------------------------------------------------
       6.5   15.5     28   -2.3     06  343.8    0.0  130.4   14.0   83.7     01    222
    
Updated: 01/10/20 10:50:00