Loughlinstown, Co Dublin, Ireland

53° 14.91' N | 006° 08.15' W | 24 meter | Show on map

Climate Summary January 2020

23/02/20 02:10:00 GMT

Station: Vantage Vue
Software: WeeWX v3.9.2
Weewx uptime: 92 days, 12 hours, 21 minutes
Server uptime: 119 days, 13 hours, 46 minutes
                   MONTHLY CLIMATOLOGICAL SUMMARY for Jan 2020


NAME: Loughlinstown, Co Dublin, Ireland                  
ELEV: 24 meter    LAT: 53-14.91 N    LONG: 006-08.15 W


                   TEMPERATURE (°C), RAIN (mm), WIND SPEED (km/h)

                                         HEAT   COOL         AVG
      MEAN                               DEG    DEG          WIND                   DOM
DAY   TEMP   HIGH   TIME    LOW   TIME   DAYS   DAYS   RAIN  SPEED   HIGH   TIME    DIR
---------------------------------------------------------------------------------------
 01    5.8    8.7  13:49    1.1  09:02    6.8    0.0    0.0    2.7   35.4  23:40    143
 02   10.2   12.1  14:53    7.7  00:23    4.3    0.0    0.4   10.7   54.7  07:55    161
 03    6.7   10.3  00:04    4.8  09:08    6.3    0.0    0.0   11.6   43.5  02:44    259
 04    7.5    9.8  13:05    5.9  18:45    5.8    0.0    0.0    5.2   35.4  03:39    231
 05    9.5   11.9  12:10    7.7  00:00    4.7    0.0    0.0    5.9   37.0  18:01    170
 06    8.4   10.0  06:54    5.6  21:07    5.3    0.0    7.4   12.4   48.3  14:52    190
 07   12.0   17.6  14:01    6.7  00:45    3.3    0.0    0.4   11.6   61.2  15:48    186
 08    7.4   11.2  00:00    4.4  18:07    5.9    0.0    3.4    4.1   35.4  00:00    224
 09    3.7    5.8  13:35    1.7  21:38    7.9    0.0    9.2    6.0   32.2  01:17    298
 10    6.5   10.8  22:34    1.8  06:08    6.4    0.0    0.2    8.7   53.1  21:12    177
 11   10.5   14.1  11:39    4.1  23:59    4.2    0.0    2.6   13.3   70.8  09:55    187
 12    5.5    8.9  14:44    2.6  23:48    7.0    0.0    0.8    4.5   37.0  09:29    242
 13    6.6    9.1  11:25    1.3  00:42    6.3    0.0   10.4   15.4   77.2  12:27    172
 14    5.0    5.9  08:14    4.4  18:12    7.2    0.0    4.0    7.2   35.4  20:56    202
 15    6.4    8.7  13:52    4.7  01:15    6.5    0.0    0.0   14.0   49.9  04:29    203
 16    8.0   10.7  14:34    5.1  20:19    5.6    0.0    8.2    9.4   59.5  11:14    138
 17    5.2    7.7  13:54    3.5  23:34    7.1    0.0    0.0    7.2   35.4  20:11    257
 18    3.0    8.6  13:05   -2.9  07:07    8.3    0.0    0.0    2.4   22.5  00:10    269
 19    1.2    9.9  14:58   -3.1  07:01    9.3    0.0    0.0    0.3   16.1  13:10    168
 20    3.3   10.0  13:52   -2.6  03:23    8.2    0.0    0.2    1.0   25.7  18:30    248
 21    8.4   10.6  12:32    7.2  06:29    5.3    0.0    0.0    4.1   27.4  12:49    274
 22    9.4   13.8  13:13    6.0  23:56    4.8    0.0    0.0    1.5   20.9  00:02    290
 23    6.8    8.7  12:04    4.8  02:29    6.2    0.0    0.0    0.2   11.3  14:40    352
 24    6.7    9.9  14:15    3.4  06:17    6.3    0.0    0.0    1.0   17.7  08:15    269
 25    6.2    8.8  13:17    0.9  05:56    6.5    0.0    0.0    2.8   25.7  22:52    137
 26    6.1    9.2  05:21    1.9  17:40    6.6    0.0    2.0    7.6   48.3  08:07    194
 27    4.7    7.8  13:18    2.3  23:57    7.4    0.0    0.0    6.6   41.8  01:29    199
 28    4.0    6.8  13:35    2.2  00:02    7.8    0.0    0.0   18.0   57.9  07:09    240
 29    7.4   11.1  14:14    3.6  02:02    5.9    0.0    0.0    9.2   48.3  05:11    225
 30    9.6   14.7  13:46    3.7  03:58    4.6    0.0    0.0    5.7   43.5  15:18    229
 31   12.4   14.7  13:50    9.1  00:00    3.1    0.0    0.2   12.1   56.3  19:42    199
---------------------------------------------------------------------------------------
       6.9   17.6     07   -3.1     19  191.0    0.0   49.4    7.2   77.2     13    207
    
Updated: 01/02/20 00:00:00