Loughlinstown, Co Dublin, Ireland

53° 14.91' N | 006° 08.15' W | 24 meter | Show on map

Climate Summary 2019

17/10/19 20:40:00 IST

Station: Vantage Vue
Software: WeeWX v3.9.2
Weewx uptime: 5 days, 2 hours, 20 minutes
Server uptime: 5 days, 2 hours, 18 minutes
                     CLIMATOLOGICAL SUMMARY FOR 2019


NAME: Loughlinstown, Co Dublin, Ireland                  
ELEV: 24 meter    LAT: 53-14.91 N    LONG: 006-08.15 W


                                       TEMPERATURE (°C)

                              HEAT    COOL                              MAX    MAX    MIN    MIN
          MEAN   MEAN         DEG     DEG                                >=     <=     <=     <=
 YR  MO   MAX    MIN    MEAN  DAYS    DAYS      HI  DAY     LOW  DAY     25      0      0     -3
------------------------------------------------------------------------------------------------
2019 01    8.7    3.5    6.1  204.4    0.0    12.2   13    -5.3   31      0      0      4      2
2019 02   11.7    4.0    8.1  153.8    0.0    15.1   20    -3.3   03      0      0      5      1
2019 03   12.8    3.7    8.1  171.2    0.0    17.5   28     0.1   29      0      0      0      0
2019 04   12.8    4.9    8.9  152.0    0.0    22.1   21    -1.0   05      0      0      2      0
2019 05   16.8    6.8   11.6  110.3    0.0    21.2   31     0.6   05      0      0      0      0
2019 06   18.6    9.3   13.7   71.0    0.1    23.8   28     3.2   07      0      0      0      0
2019 07   22.9   12.7   17.4   18.4    7.5    28.9   22     6.6   03      7      0      0      0
2019 08   21.4   12.4   16.4   27.3    0.5    25.0   05     8.7   13      1      0      0      0
2019 09   19.1    9.4   14.2   64.1    0.0    23.7   14     4.9   18      0      0      0      0
2019 10   15.8    7.9   11.4   62.0    0.0    18.4   07     3.1   14      0      0      0      0
2019 11
2019 12
------------------------------------------------------------------------------------------------
          16.1    7.5   11.7 1034.5    8.1    28.9  Jul    -5.3  Jan      8      0     11      3


                  PRECIPITATION (mm)

                  MAX         ---DAYS OF RAIN---
                  OBS.               OVER
 YR  MO  TOTAL    DAY  DATE   0.30   3.00  20.00
------------------------------------------------
2019 01   24.0    5.2    31      9      4      0
2019 02   22.2    8.0    06      8      3      0
2019 03   78.4   19.6    03     16      8      0
2019 04   59.4   12.0    04     16      9      0
2019 05   34.8   10.8    27      9      3      0
2019 06   68.4   22.4    23     14      4      1
2019 07   24.4    6.8    19      9      4      0
2019 08   86.8   42.0    09     15      6      1
2019 09  105.4   22.4    30     19      9      1
2019 10   53.2   11.6    13     12      5      0
2019 11
2019 12
------------------------------------------------
         557.0   42.0   Aug    127     55      3


           WIND SPEED (km/h)

                                DOM
 YR  MO    AVG     HI   DATE    DIR
-----------------------------------
2019 01    7.5   61.2     13    268 
2019 02    8.5   74.0     09    191 
2019 03    9.8   80.5     13    250 
2019 04    5.7   69.2     27    106 
2019 05    4.6   46.7     30    277 
2019 06    4.7   49.9     02    259 
2019 07    4.4   46.7     22    246 
2019 08    5.8   56.3     10    214 
2019 09    5.5   57.9     04    244 
2019 10    6.6   53.1     03    214 
2019 11
2019 12
-----------------------------------
           6.3   80.5    Mar    239

Updated: 17/10/19 20:40:00