Loughlinstown, Co Dublin, Ireland

53° 14.91' N | 006° 08.15' W | 24 meter | Show on map

Climate Summary December 2019

27/02/20 19:20:00 GMT

Station: Vantage Vue
Software: WeeWX v3.9.2
Weewx uptime: 97 days, 5 hours, 31 minutes
Server uptime: 124 days, 6 hours, 56 minutes
                   MONTHLY CLIMATOLOGICAL SUMMARY for Dec 2019


NAME: Loughlinstown, Co Dublin, Ireland                  
ELEV: 24 meter    LAT: 53-14.91 N    LONG: 006-08.15 W


                   TEMPERATURE (°C), RAIN (mm), WIND SPEED (km/h)

                                         HEAT   COOL         AVG
      MEAN                               DEG    DEG          WIND                   DOM
DAY   TEMP   HIGH   TIME    LOW   TIME   DAYS   DAYS   RAIN  SPEED   HIGH   TIME    DIR
---------------------------------------------------------------------------------------
 01    3.5    6.4  13:50   -0.1  23:04    8.1    0.0    1.8    1.3   16.1  13:29    276
 02    2.8    7.9  12:23   -1.4  23:59    8.4    0.0    0.2    1.1   17.7  07:27    274
 03    2.5   10.4  13:36   -2.4  06:12    8.6    0.0    0.2    0.7   19.3  15:02    125
 04    8.1   11.9  13:33    5.9  22:42    5.5    0.0    0.0    4.6   29.0  12:43    196
 05   10.1   12.8  21:56    5.9  00:15    4.4    0.0    0.0   10.9   53.1  13:45    204
 06   10.2   12.7  02:45    7.6  22:32    4.3    0.0    0.0   12.6   57.9  11:21    249
 07   10.7   14.9  13:28    7.7  05:25    4.0    0.0    2.8   10.5   66.0  23:48    203
 08    6.9   12.6  00:00    5.1  09:01    6.2    0.0    9.0   24.1   75.6  00:01    234
 09    6.1    9.2  13:33    1.2  20:56    6.6    0.0    0.0    9.9   66.0  00:00    264
 10    9.1   14.2  12:47    5.4  20:19    5.0    0.0    4.8   18.1   59.5  13:50    197
 11    4.7    6.3  13:07    3.5  19:44    7.4    0.0    0.0   11.9   46.7  00:58    231
 12    6.2    8.8  14:31    3.9  02:51    6.5    0.0    7.2    6.2   48.3  23:20    248
 13    6.1    7.9  13:28    4.9  23:55    6.6    0.0    0.0   24.6   75.6  03:20    244
 14    4.1    5.8  15:01    2.7  08:44    7.7    0.0    0.2   15.2   61.2  02:40    220
 15    3.6    6.1  21:52    0.9  09:07    8.0    0.0    0.6    9.4   53.1  03:45    211
 16    3.9    7.6  13:26    0.0  23:40    7.8    0.0    0.0    4.7   46.7  02:55    217
 17    2.2    7.8  13:38   -2.6  23:47    8.8    0.0    0.0    2.3   25.7  04:38    233
 18    6.3   10.8  20:07   -2.8  01:54    6.5    0.0   31.0   13.5   66.0  13:00    124
 19    8.5    9.6  12:13    7.0  22:41    5.3    0.0   11.0    2.9   30.6  14:41    116
 20    4.8    8.2  13:44    0.8  21:31    7.3    0.0    0.0    1.9   25.7  02:17    253
 21    3.6    6.6  13:13    0.9  08:22    8.0    0.0    0.2    1.0   19.3  20:54    268
 22    6.5    8.3  14:36    3.2  02:49    6.4    0.0    0.0    5.7   43.5  22:31    237
 23    7.1    8.8  13:08    5.5  21:13    6.1    0.0    1.0    9.3   45.1  09:58    231
 24    6.8    8.9  11:01    5.2  23:39    6.2    0.0    0.0    6.7   43.5  20:50    249
 25    5.5    7.8  19:26    0.1  09:21    6.9    0.0    0.2    6.3   41.8  21:50    174
 26    7.9   10.6  13:42    6.3  17:38    5.6    0.0    4.8    4.4   38.6  00:00    108
 27   10.7   15.6  13:53    8.0  00:00    4.0    0.0    0.0    3.5   27.4  21:35     81
 28   11.1   12.2  13:16    9.7  05:27    3.8    0.0    0.0   14.3   53.1  12:12    146
 29   11.2   12.2  15:43    9.4  23:56    3.8    0.0    0.0    7.7   57.9  02:41    139
 30    9.5   12.6  14:18    6.2  04:57    4.7    0.0    0.2    2.8   25.7  13:07    306
 31    8.6    9.8  15:06    7.7  08:45    5.2    0.0    0.0    2.1   19.3  02:29     56
---------------------------------------------------------------------------------------
       6.7   15.6     27   -2.8     18  193.9    0.0   75.2    8.1   75.6     08    216
    
Updated: 01/01/20 00:00:00