Loughlinstown, Co Dublin, Ireland

53° 14.91' N | 006° 08.15' W | 24 meter | Show on map

Climate Summary November 2019

31/03/20 03:10:00 IST

Station: Vantage Vue
Software: WeeWX v3.9.2
Weewx uptime: 3 days, 16 hours, 55 minutes
Server uptime: 156 days, 13 hours, 46 minutes
                   MONTHLY CLIMATOLOGICAL SUMMARY for Nov 2019


NAME: Loughlinstown, Co Dublin, Ireland                  
ELEV: 24 meter    LAT: 53-14.91 N    LONG: 006-08.15 W


                   TEMPERATURE (°C), RAIN (mm), WIND SPEED (km/h)

                                         HEAT   COOL         AVG
      MEAN                               DEG    DEG          WIND                   DOM
DAY   TEMP   HIGH   TIME    LOW   TIME   DAYS   DAYS   RAIN  SPEED   HIGH   TIME    DIR
---------------------------------------------------------------------------------------
 01   12.9   15.4  11:52   10.1  23:53    2.8    0.0    2.6    4.3   33.8  22:48    164
 02    8.8   12.6  12:29    3.9  07:20    5.1    0.0   19.2    3.8   43.5  16:14    249
 03    8.0   12.7  14:18    4.5  06:31    5.6    0.0    0.8    1.9   20.9  09:40    277
 04    8.1    9.7  23:48    5.1  05:38    5.5    0.0   18.8    4.6   33.8  19:54    335
 05    8.6    9.8  13:09    7.3  23:59    5.2    0.0    1.2    6.4   33.8  01:45    305
 06    6.8   10.7  13:17    4.3  06:16    6.2    0.0    1.6    2.7   29.0  01:56    253
 07    6.7    8.4  23:15    4.9  07:11    6.3    0.0   18.2   10.9   43.5  18:20    334
 08    5.6   10.2  13:36    0.8  22:20    6.9    0.0    0.0    3.3   35.4  01:24    331
 09    6.3    9.5  14:41    2.8  00:10    6.5    0.0    9.8   11.1   53.1  14:00    273
 10    5.3    7.8  12:46    2.2  09:02    7.1    0.0    7.2    3.9   37.0  23:59    167
 11    6.1    8.3  13:49    4.2  22:36    6.6    0.0    0.0   20.4   57.9  08:03    249
 12    6.0    9.1  13:02    4.2  02:27    6.6    0.0    0.0   18.7   74.0  08:08    259
 13    5.5    7.4  13:03    3.8  06:06    7.0    0.0   15.6    6.9   45.1  23:23    109
 14    5.7    7.7  01:00    2.9  23:58    6.8    0.0    3.4   12.1   43.5  11:33    334
 15    5.0    7.1  13:38    2.7  05:32    7.2    0.0    0.6    8.4   35.4  20:33    298
 16    4.7    6.4  10:38    3.1  05:11    7.4    0.0    0.0    4.2   22.5  02:44    277
 17    5.1    8.9  12:53    2.6  07:19    7.1    0.0    0.0    4.7   27.4  22:16    283
 18    3.4    9.3  13:02   -0.9  06:05    8.1    0.0    0.2    0.3   12.9  00:00    193
 19    6.8   11.7  14:26    0.9  21:10    6.2    0.0    0.4    4.6   37.0  07:10    127
 20    8.4    9.6  03:28    5.1  00:00    5.4    0.0   19.8   13.6   56.3  12:10    124
 21    7.2    8.5  04:10    6.3  22:38    6.0    0.0    7.2   10.1   45.1  02:32     98
 22    7.1    8.6  12:22    6.0  16:59    6.1    0.0   18.2    4.1   37.0  11:46     78
 23    8.7    9.3  12:23    7.1  23:51    5.2    0.0    5.6    4.6   25.7  00:05     14
 24    8.4    9.6  22:15    7.1  07:46    5.3    0.0    1.2    1.8   25.7  23:13    115
 25    9.7   11.3  13:04    6.4  23:59    4.6    0.0    5.0    2.6   25.7  04:30    100
 26    8.8   10.8  11:55    5.8  00:47    5.1    0.0   12.0    7.0   43.5  17:30    108
 27    8.6   10.7  12:08    6.3  21:23    5.2    0.0    4.0    2.2   22.5  00:13    336
 28    7.3    9.1  12:54    6.2  02:32    5.9    0.0    2.4    5.3   24.1  15:27    330
 29    5.9    8.6  14:47    2.8  08:41    6.7    0.0    0.8    2.3   25.7  23:13     52
 30    6.5    8.2  12:51    1.6  23:04    6.4    0.0    0.0    5.0   30.6  04:15     85
---------------------------------------------------------------------------------------
       7.1   15.4     01   -0.9     18  182.2    0.0  175.8    6.4   74.0     12    287
    
Updated: 01/12/19 00:00:00