Loughlinstown, Co Dublin, Ireland

53° 14.91' N | 006° 08.15' W | 24 meter | Show on map

Climate Summary September 2019

24/09/20 09:10:00 IST

Station: Vantage Vue
Software: WeeWX v4.1.1
WeeWX uptime: 19 days, 21 hours, 23 minutes
Server uptime: 19 days, 21 hours, 19 minutes
                   MONTHLY CLIMATOLOGICAL SUMMARY for Sep 2019


NAME: Loughlinstown, Co Dublin, Ireland                  
ELEV: 24 meter    LAT: 53-14.91 N    LONG: 006-08.15 W


                   TEMPERATURE (°C), RAIN (mm), WIND SPEED (km/h)

                                         HEAT   COOL         AVG
      MEAN                               DEG    DEG          WIND                   DOM
DAY   TEMP   HIGH   TIME    LOW   TIME   DAYS   DAYS   RAIN  SPEED   HIGH   TIME    DIR
---------------------------------------------------------------------------------------
 01   14.0   19.2  15:20   10.2  03:40    4.4    0.0    0.0    9.7   37.0  12:50    254
 02   14.9   19.1  10:50   11.9  02:00    3.5    0.0    1.0    9.6   38.6  03:30    236
 03   17.4   22.8  13:30   12.6  02:20    0.9    0.0    0.4    6.0   35.4  22:00    230
 04   13.5   17.7  13:40    9.7  00:00    4.9    0.0    2.0   13.7   57.9  17:10    263
 05   14.1   20.8  16:40    8.7  02:20    4.3    0.0    0.0   11.6   41.8  10:50    261
 06   15.2   20.3  14:20   11.8  23:50    3.1    0.0    0.0   11.7   41.8  05:00    253
 07   13.5   18.2  17:00    7.6  23:00    4.9    0.0    0.0    4.5   32.2  01:20    291
 08   13.7   18.7  14:30    6.1  07:00    4.6    0.0    1.6    0.5   14.5  13:00    102
 09   13.9   18.4  15:10    9.7  23:40    4.4    0.0    9.2    4.7   33.8  09:10    300
 10   13.9   19.4  12:50    8.1  07:20    4.5    0.0    0.0    4.9   43.5  00:00    240
 11   17.3   20.3  13:40   14.1  00:00    1.0    0.0    0.4   10.4   43.5  00:10    240
 12   16.8   23.4  12:00    9.6  23:50    1.5    0.0    0.4    7.3   41.8  11:50    235
 13   13.1   20.8  14:50    7.6  00:00    5.3    0.0    0.2    2.0   20.9  08:30    284
 14   15.0   23.6  15:00    6.0  06:40    3.3    0.0    0.0    3.0   25.7  17:00    219
 15   14.5   17.2  00:10   12.4  19:00    3.8    0.0    7.8    1.8   32.2  03:40    298
 16   12.4   14.6  14:00    7.3  23:40    5.9    0.0    4.4    1.0   14.5  15:00    353
 17   11.6   18.0  15:00    6.1  07:20    6.7    0.0    0.0    1.4   19.3  15:40    336
 18   11.8   18.3  09:50    4.9  07:00    6.5    0.0    0.0    0.6   16.1  17:50     61
 19   12.9   18.6  14:10    6.7  07:20    5.4    0.0    0.0    1.3   19.3  16:00     78
 20   13.0   18.8  14:20    5.4  06:30    5.3    0.0    0.0    4.3   35.4  11:30    109
 21   15.7   20.6  14:00   12.4  06:40    2.6    0.0    3.6    4.4   29.0  12:20    113
 22   15.5   17.7  13:30   12.6  00:00    2.9    0.0   14.4    3.5   32.2  20:00    211
 23   13.5   15.9  18:00    9.3  06:30    4.9    0.0   11.0    5.7   43.5  15:30    132
 24   15.6   20.5  16:10   10.9  00:00    2.7    0.0    2.0    1.8   24.1  14:30    122
 25   16.0   20.9  15:00   10.7  00:20    2.4    0.0    1.4    4.0   24.1  10:00    234
 26   14.0   19.2  16:30   11.9  22:20    4.3    0.0    1.2    8.3   35.4  12:50    206
 27   13.2   17.9  16:30   11.2  05:00    5.1    0.0    1.2    7.7   35.4  15:40    231
 28   14.4   18.6  14:00   11.5  20:30    3.9    0.0   10.8    8.8   41.8  06:50    235
 29   13.3   18.6  16:30   11.1  00:00    5.1    0.0   10.0    8.5   35.4  02:20    302
 30   10.9   13.6  13:00    5.9  07:00    7.4    0.0   22.4    3.4   27.4  18:10     69
---------------------------------------------------------------------------------------
      14.2   23.6     14    4.9     18  125.4    0.0  105.4    5.5   57.9     04    244
    
Updated: 04/09/20 12:00:00