Loughlinstown, Co Dublin, Ireland

53° 14.91' N | 006° 08.15' W | 24 meter | Show on map

Climate Summary July 2019

29/09/20 17:40:00 IST

Station: Vantage Vue
Software: WeeWX v4.1.1
WeeWX uptime: 0 days, 8 hours, 58 minutes
Server uptime: 0 days, 8 hours, 58 minutes
                   MONTHLY CLIMATOLOGICAL SUMMARY for Jul 2019


NAME: Loughlinstown, Co Dublin, Ireland                  
ELEV: 24 meter    LAT: 53-14.91 N    LONG: 006-08.15 W


                   TEMPERATURE (°C), RAIN (mm), WIND SPEED (km/h)

                                         HEAT   COOL         AVG
      MEAN                               DEG    DEG          WIND                   DOM
DAY   TEMP   HIGH   TIME    LOW   TIME   DAYS   DAYS   RAIN  SPEED   HIGH   TIME    DIR
---------------------------------------------------------------------------------------
 01   16.2   20.4  14:10   11.8  00:00    2.1    0.0    0.2    8.7   43.5  08:50    266
 02   14.9   19.6  10:10    9.3  00:00    3.4    0.0    0.0    2.2   22.5  10:40    305
 03   14.3   19.9  12:30    6.6  03:50    4.0    0.0    0.0    1.9   19.3  13:20     12
 04   15.9   20.9  13:20    8.2  04:30    2.5    0.0    0.0    2.0   20.9  13:40     67
 05   18.4   23.2  12:10   11.0  04:40    0.0    0.1    0.0    5.0   29.0  10:00    265
 06   15.2   17.8  00:10   12.8  22:20    3.2    0.0    0.6    3.5   30.6  04:10    275
 07   16.1   21.3  11:30   11.7  23:10    2.3    0.0    0.0    1.7   19.3  09:10    344
 08   14.4   18.3  16:50    8.6  04:00    3.9    0.0    0.4    0.3   16.1  14:50     91
 09   17.5   23.4  19:20   13.3  01:50    0.9    0.0    0.0    0.5   16.1  08:40     46
 10   18.3   22.7  13:40   15.7  03:20    0.0    0.0    1.2    1.3   20.9  19:00    276
 11   19.4   26.1  15:30   15.4  01:40    0.0    1.0    0.0    4.4   30.6  10:30    258
 12   17.1   20.6  11:20   14.4  05:40    1.2    0.0    0.0    9.6   35.4  07:30    271
 13   17.1   23.8  14:30   10.9  00:00    1.2    0.0    0.0    4.7   27.4  00:40    306
 14   15.7   20.9  17:50   10.0  01:40    2.6    0.0    0.0    1.9   19.3  11:30    348
 15   17.8   26.2  17:50    9.1  04:10    0.5    0.0    0.0    2.2   25.7  17:50    171
 16   18.6   24.2  15:30   14.3  03:50    0.0    0.2    0.0    0.5   19.3  23:40     52
 17   16.9   21.2  18:50   13.9  00:00    1.4    0.0    3.2    3.4   37.0  16:20    198
 18   17.6   24.3  14:50   11.7  05:30    0.7    0.0    0.2    7.3   37.0  18:50    249
 19   17.1   24.2  17:00   13.2  00:40    1.3    0.0    6.8    2.6   29.0  18:20    141
 20   17.4   21.6  16:30   14.6  04:40    1.0    0.0    0.6    6.1   30.6  13:10    264
 21   17.4   21.5  15:50   12.2  04:30    0.9    0.0    4.2    7.2   38.6  17:20    149
 22   23.1   28.7  16:20   18.5  00:00    0.0    4.8    0.0    9.9   46.7  03:40    206
 23   18.9   22.8  14:10   16.6  05:40    0.0    0.6    0.0    5.7   30.6  15:20    114
 24   19.6   24.9  15:30   15.0  04:00    0.0    1.3    0.0    3.9   30.6  14:20    118
 25   19.0   23.6  12:20   16.4  01:50    0.0    0.7    0.0    9.1   41.8  20:50    117
 26   20.2   26.5  13:50   15.6  00:00    0.0    1.8    0.0    6.4   30.6  05:20    153
 27   17.3   25.5  15:00   12.5  23:50    1.0    0.0    0.0    4.0   27.4  11:10    284
 28   17.4   25.1  15:40   11.8  01:00    0.9    0.0    0.0    4.7   30.6  08:40    283
 29   16.1   22.1  08:40   12.3  06:30    2.2    0.0    1.0    1.2   14.5  03:40     67
 30   15.8   21.1  16:10   12.6  03:40    2.5    0.0    6.0    5.1   30.6  22:00    288
 31   17.6   24.2  19:30   13.0  03:30    0.7    0.0    0.0    8.9   40.2  06:40    268
---------------------------------------------------------------------------------------
      17.4   28.7     22    6.6     03   40.4   10.5   24.4    4.4   46.7     22    246
    
Updated: 29/09/20 08:50:00