Loughlinstown, Co Dublin, Ireland

53° 14.91' N | 006° 08.15' W | 24 meter | Show on map

Climate Summary June 2019

22/11/19 11:20:00 GMT

Station: Vantage Vue
Software: WeeWX v3.9.2
Weewx uptime: 0 days, 0 hours, 14 minutes
Server uptime: 26 days, 22 hours, 56 minutes
                   MONTHLY CLIMATOLOGICAL SUMMARY for Jun 2019


NAME: Loughlinstown, Co Dublin, Ireland                  
ELEV: 24 meter    LAT: 53-14.91 N    LONG: 006-08.15 W


                   TEMPERATURE (°C), RAIN (mm), WIND SPEED (km/h)

                                         HEAT   COOL         AVG
      MEAN                               DEG    DEG          WIND                   DOM
DAY   TEMP   HIGH   TIME    LOW   TIME   DAYS   DAYS   RAIN  SPEED   HIGH   TIME    DIR
---------------------------------------------------------------------------------------
 01   13.4   19.2  16:03    7.9  04:35    2.5    0.0    0.6    3.4   27.4  21:46    114
 02   16.0   20.6  11:57   11.4  23:52    1.1    0.0    0.4   11.0   49.9  17:50    192
 03   13.8   20.3  14:53    9.6  05:26    2.3    0.0    0.0    8.9   45.1  01:38    219
 04   11.2   12.5  12:49   10.0  01:04    3.8    0.0   15.4    2.7   25.7  10:14     89
 05   10.8   13.8  16:00    7.3  23:53    4.0    0.0    1.2    7.4   35.4  08:12    261
 06   11.6   17.5  14:21    5.7  05:42    3.6    0.0    0.0    4.2   27.4  17:02    202
 07   10.9   16.4  10:55    3.2  05:22    3.9    0.0    0.4    2.3   25.7  23:36    330
 08   13.4   18.8  15:55    9.1  06:05    2.6    0.0    0.6   11.5   43.5  04:51    261
 09   11.8   17.7  13:02    7.6  23:55    3.4    0.0    1.4    3.8   33.8  13:30    219
 10   13.5   18.7  15:22    7.6  04:54    2.5    0.0    0.0    3.4   20.9  23:40    352
 11   13.6   18.3  14:02    9.1  04:10    2.5    0.0    0.0    8.3   30.6  09:48    337
 12   10.9   12.4  00:00    9.8  10:07    3.9    0.0    5.0    7.9   35.4  12:00    335
 13   10.9   14.1  16:31    9.1  23:22    3.9    0.0    1.8    5.9   33.8  04:19    317
 14   10.9   16.1  18:19    5.3  05:05    3.9    0.0    1.4    3.6   27.4  16:10    130
 15   13.1   19.7  16:58    9.3  05:28    2.7    0.0   16.2    3.5   25.7  07:03    262
 16   12.6   17.8  16:19    7.1  02:19    3.0    0.0    0.6    2.4   35.4  16:50    124
 17   15.1   21.2  15:52   10.1  04:09    1.6    0.0    0.2    5.8   32.2  14:40    204
 18   14.1   19.8  10:34    7.3  05:25    2.2    0.0    0.0    2.8   24.1  08:01    116
 19   14.7   20.4  10:36   11.9  01:09    1.8    0.0    0.0    5.4   30.6  19:11    253
 20   13.6   18.9  13:20    9.5  04:42    2.5    0.0    0.4    3.3   29.0  13:30    257
 21   13.2   19.2  11:36    7.3  05:38    2.6    0.0    0.0    4.2   25.7  08:23    180
 22   12.7   17.9  13:56    4.9  04:50    3.0    0.0    0.0    2.1   22.5  13:05     86
 23   14.2   18.6  13:09   10.9  00:19    2.1    0.0   22.4    0.6   16.1  10:19     69
 24   15.7   20.2  16:39   12.1  23:44    1.3    0.0    0.2    1.2   27.4  00:42    343
 25   15.8   19.7  09:58   11.7  00:37    1.2    0.0    0.0    2.6   25.7  14:22    338
 26   15.3   19.9  15:47   12.4  00:54    1.5    0.0    0.0    5.3   25.7  10:07    357
 27   16.5   21.7  17:46   11.6  05:04    0.9    0.0    0.0    2.2   19.3  10:59      9
 28   17.3   23.8  16:53   10.9  05:25    0.4    0.0    0.2    2.4   29.0  18:29     79
 29   17.6   20.9  09:39   14.6  02:26    0.2    0.0    0.0    2.2   27.4  23:00    196
 30   18.2   23.1  15:34   14.0  23:22    0.0    0.1    0.0   11.1   43.5  11:19    236
---------------------------------------------------------------------------------------
      13.7   23.8     28    3.2     07   71.0    0.1   68.4    4.7   49.9     02    259
    
Updated: 26/10/19 13:20:00