Loughlinstown, Co Dublin, Ireland

53° 14.91' N | 006° 08.15' W | 24 meter | Show on map

Climate Summary March 2019

19/07/19 03:00:00 IST

Station: Vantage Vue
Software: WeeWX v3.8.2
Weewx uptime: 5 Days, 14 Hours, 0 Minutes
Server uptime: 5 Days, 14 Hours, 0 Minutes
                   MONTHLY CLIMATOLOGICAL SUMMARY for Mar 2019


NAME: Loughlinstown, Co Dublin, Ireland                  
ELEV: 24 meter    LAT: 53-14.91 N    LONG: 006-08.15 W


                   TEMPERATURE (°C), RAIN (mm), WIND SPEED (km/h)

                                         HEAT   COOL         AVG
      MEAN                               DEG    DEG          WIND                   DOM
DAY   TEMP   HIGH   TIME    LOW   TIME   DAYS   DAYS   RAIN  SPEED   HIGH   TIME    DIR
---------------------------------------------------------------------------------------
 01    9.0   14.2  13:25    2.8  07:37    5.0    0.0    3.4    3.3   29.0  16:35    149
 02    8.2   12.9  14:49    2.7  06:47    5.4    0.0    1.6   11.8   57.9  14:42    221
 03    4.8    7.3  08:12    0.7  17:35    7.3    0.0   19.6    8.4   41.8  00:00    258
 04    4.8    9.5  15:33    1.8  03:44    7.3    0.0    0.2    8.0   43.5  14:06    236
 05    8.1   11.9  12:30    3.9  00:23    5.5    0.0   17.8   11.4   56.3  06:20    206
 06    8.4   12.1  10:15    6.1  23:00    5.3    0.0    1.4   11.0   53.1  23:20    247
 07    6.8   11.3  14:42    4.9  23:04    6.2    0.0    0.4   17.8   62.8  06:02    275
 08    7.0   13.3  15:54    1.2  02:48    6.1    0.0    0.6    9.1   45.1  20:51    243
 09    7.6   10.6  12:29    4.3  23:38    5.8    0.0    3.4   14.3   59.5  08:33    248
 10    4.2    8.2  12:47    2.2  03:47    7.7    0.0   10.0   15.7   59.5  10:38    256
 11    6.8   10.8  23:55    2.6  01:34    6.2    0.0    0.6   12.8   56.3  00:00    218
 12    7.1   12.4  01:16    4.6  06:36    6.1    0.0    3.2   21.6   67.6  17:55    246
 13    8.2   11.2  14:07    5.5  01:48    5.5    0.0    1.0   22.2   80.5  00:49    264
 14   10.1   12.4  15:47    7.7  21:23    4.4    0.0    4.4   19.7   74.0  02:39    256
 15   10.1   12.6  12:54    5.9  23:56    4.4    0.0    2.4   18.4   70.8  03:35    251
 16    8.7   13.4  11:30    3.3  23:58    5.2    0.0    7.0   17.1   62.8  08:10    230
 17    6.3   12.7  14:45    2.2  04:55    6.5    0.0    0.2   15.5   56.3  11:08    262
 18    8.8   13.8  15:05    5.2  05:04    5.1    0.0    0.2   10.7   45.1  11:04    262
 19   10.3   16.1  17:15    6.7  23:58    4.3    0.0    0.6    3.6   29.0  00:41    252
 20   11.4   17.2  14:09    4.9  02:44    3.7    0.0    0.0    3.4   32.2  14:23    227
 21   12.1   15.6  11:33    8.7  22:52    3.3    0.0    0.0    4.8   20.9  04:08    186
 22   10.1   13.1  12:59    6.3  23:52    4.4    0.0    0.2    8.6   38.6  10:11    224
 23    6.8   12.2  12:05    2.7  23:59    6.2    0.0    0.0    2.2   20.9  00:04    292
 24    8.2   12.7  13:51    1.4  04:17    5.4    0.0    0.0    9.3   49.9  13:24    262
 25    8.9   13.8  12:26    4.9  23:59    5.0    0.0    0.0    5.2   32.2  03:47    291
 26    8.4   15.7  13:42    1.8  02:29    5.3    0.0    0.0    2.7   29.0  14:41    277
 27    8.5   15.7  13:12    2.4  23:58    5.3    0.0    0.0    2.7   22.5  10:56    273
 28    8.9   17.5  15:40    1.8  00:39    5.0    0.0    0.0    1.2   17.7  09:20     77
 29    6.3   12.8  17:12    0.1  06:18    6.5    0.0    0.0    1.1   19.3  13:23     67
 30    8.0   15.0  12:53    2.2  04:38    5.6    0.0    0.2    4.3   25.7  15:32    332
 31    6.9    9.1  19:10    4.2  00:58    6.2    0.0    0.0    0.6   11.3  00:00    341
---------------------------------------------------------------------------------------
       8.1   17.5     28    0.1     29  171.2    0.0   78.4    9.8   80.5     13    250
    
Updated: 13/07/19 13:00:00