Loughlinstown, Co Dublin, Ireland

53° 14.91' N | 006° 08.15' W | 24 meter | Show on map

Climate Summary February 2019

22/08/19 23:50:00 IST

Station: Vantage Vue
Software: WeeWX v3.9.2
Weewx uptime: 27 days, 12 hours, 11 minutes
Server uptime: 27 days, 12 hours, 11 minutes
                   MONTHLY CLIMATOLOGICAL SUMMARY for Feb 2019


NAME: Loughlinstown, Co Dublin, Ireland                  
ELEV: 24 meter    LAT: 53-14.91 N    LONG: 006-08.15 W


                   TEMPERATURE (°C), RAIN (mm), WIND SPEED (km/h)

                                         HEAT   COOL         AVG
      MEAN                               DEG    DEG          WIND                   DOM
DAY   TEMP   HIGH   TIME    LOW   TIME   DAYS   DAYS   RAIN  SPEED   HIGH   TIME    DIR
---------------------------------------------------------------------------------------
 01    3.0    5.9  12:05    0.5  23:41    8.3    0.0    0.0   10.0   33.8  13:45    359
 02    1.4    8.0  14:45   -2.7  23:59    9.2    0.0    0.0    6.8   32.2  04:34    284
 03    5.0    8.8  18:40   -3.3  01:36    7.2    0.0    0.0    8.1   43.5  13:24    193
 04    6.6   11.1  15:00   -1.5  23:35    6.3    0.0    0.2    6.2   48.3  06:11    263
 05    7.7   12.2  17:06   -1.5  00:00    5.7    0.0    1.2    8.2   38.6  08:33    163
 06    7.2   11.8  13:21    2.6  06:08    6.0    0.0    8.0    6.1   38.6  22:10    171
 07    6.2    9.4  13:32    2.3  02:17    6.5    0.0    3.2   11.5   56.3  02:49    247
 08    8.9   11.3  07:39    5.5  23:32    5.0    0.0    3.6   19.8   64.4  22:17    221
 09    6.9   10.4  13:22    3.7  21:04    6.2    0.0    0.4   15.9   74.0  04:38    243
 10    5.1    8.4  14:19    2.1  01:26    7.2    0.0    2.2   13.6   66.0  18:49    269
 11    6.9    9.6  14:03    4.7  07:57    6.2    0.0    0.0    5.5   38.6  01:14    285
 12   10.5   13.7  14:58    5.5  00:00    4.2    0.0    0.0    5.9   43.5  12:26    184
 13   10.3   12.4  12:56    9.3  06:04    4.3    0.0    0.0    6.9   30.6  07:01    163
 14    9.4   12.8  13:24    6.7  23:51    4.8    0.0    0.0    8.2   33.8  13:29    136
 15    9.9   13.9  13:52    6.2  01:32    4.5    0.0    0.0    9.9   48.3  10:21    143
 16   10.0   11.9  15:56    7.1  06:57    4.4    0.0    0.2    8.1   41.8  22:58    152
 17   10.1   12.9  14:04    8.2  19:19    4.4    0.0    2.6   11.8   41.8  03:40    170
 18    8.2   11.5  15:40    4.8  05:42    5.4    0.0    0.0   10.0   40.2  00:27    227
 19    7.8   11.1  23:40    4.1  07:45    5.7    0.0    0.6    8.2   40.2  22:02    178
 20   11.8   15.1  14:00   10.5  02:25    3.5    0.0    0.0   10.1   48.3  04:30    157
 21   11.4   13.3  12:09   10.1  23:58    3.7    0.0    0.0   10.2   38.6  12:27    141
 22   11.2   14.3  12:25    9.8  04:12    3.8    0.0    0.0   12.5   43.5  21:36    151
 23   10.1   14.8  16:27    3.1  23:45    4.4    0.0    0.0    5.8   32.2  03:25    141
 24    7.7   10.2  22:49    2.9  00:18    5.7    0.0    0.0    6.0   29.0  22:24    128
 25   10.1   14.3  12:18    7.6  04:51    4.4    0.0    0.0    5.5   29.0  20:32    113
 26    7.9   14.6  11:46   -0.1  07:38    5.6    0.0    0.0    2.8   27.4  18:06    115
 27    7.2   12.5  14:36    0.7  07:10    6.0    0.0    0.0    1.3   16.1  00:15     59
 28    8.4   11.9  15:24    4.3  02:40    5.3    0.0    0.0    3.3   27.4  16:12    285
---------------------------------------------------------------------------------------
       8.1   15.1     20   -3.3     03  153.8    0.0   22.2    8.5   74.0     09    191
    
Updated: 26/07/19 11:30:00