Loughlinstown, Co Dublin, Ireland

53° 14.91' N | 006° 08.15' W | 24 meter | Show on map

Climate Summary January 2019

19/07/19 03:30:00 IST

Station: Vantage Vue
Software: WeeWX v3.8.2
Weewx uptime: 5 Days, 14 Hours, 30 Minutes
Server uptime: 5 Days, 14 Hours, 30 Minutes
                   MONTHLY CLIMATOLOGICAL SUMMARY for Jan 2019


NAME: Loughlinstown, Co Dublin, Ireland                  
ELEV: 24 meter    LAT: 53-14.91 N    LONG: 006-08.15 W


                   TEMPERATURE (°C), RAIN (mm), WIND SPEED (km/h)

                                         HEAT   COOL         AVG
      MEAN                               DEG    DEG          WIND                   DOM
DAY   TEMP   HIGH   TIME    LOW   TIME   DAYS   DAYS   RAIN  SPEED   HIGH   TIME    DIR
---------------------------------------------------------------------------------------
 01    6.0    7.1  20:50    5.2  22:40    6.7    0.0    0.0    1.0   11.3  21:20     26
 02    6.6    7.9  14:30    4.9  16:50    6.3    0.0    0.0    1.5   19.3  04:50    114
 03    6.4    7.3  14:00    5.6  08:40    6.5    0.0    0.0    3.6   25.7  11:00    167
 04    5.7    6.6  00:17    4.8  23:58    6.8    0.0    0.0    1.6   17.7  11:35    181
 05    3.9    9.1  23:29   -2.1  07:57    7.8    0.0    0.0    1.5   19.3  21:52    219
 06    8.8   11.1  11:51    5.7  23:21    5.1    0.0    0.0    1.3   20.9  23:42    240
 07   10.4   11.9  07:08    7.1  23:59    4.2    0.0    0.0   11.7   49.9  10:22    263
 08    7.1    9.9  13:28    5.6  20:52    6.1    0.0    0.0    9.6   33.8  03:14    291
 09    6.0    9.1  13:48    2.4  08:56    6.6    0.0    0.2    2.6   19.3  00:44    314
 10    8.8   10.8  14:11    6.7  00:00    5.1    0.0    1.8    3.4   16.1  06:26    297
 11    9.1   10.5  14:51    8.1  04:52    5.0    0.0    0.0    5.6   32.2  20:34    276
 12    9.5   10.4  14:53    7.8  07:20    4.7    0.0    0.2   14.1   49.9  12:02    276
 13    9.7   12.2  13:48    7.1  23:53    4.6    0.0    0.0   19.2   61.2  11:40    278
 14    8.0   10.6  13:46    6.9  08:51    5.5    0.0    0.0    8.9   33.8  01:45    267
 15    9.4   10.2  14:18    8.1  08:07    4.8    0.0    0.0    7.5   30.6  03:22    220
 16    6.4    9.7  00:00    3.3  23:02    6.5    0.0    2.0    9.3   49.9  03:37    264
 17    2.5    4.7  12:44    0.4  19:57    8.6    0.0    0.0    7.1   33.8  00:46    284
 18    5.6    9.7  14:25    3.0  20:03    6.9    0.0    4.0    5.5   43.5  06:52    142
 19    5.9    9.6  14:50    3.5  00:00    6.7    0.0    0.4    2.4   17.7  20:13    296
 20    5.4    8.9  14:22    2.3  23:53    7.0    0.0    0.2    5.7   29.0  13:48    295
 21    2.7    6.4  15:54   -1.7  04:21    8.5    0.0    2.0    6.3   45.1  23:41    237
 22    3.2    5.4  13:27    2.1  02:49    8.2    0.0    0.0   13.6   45.1  00:00    266
 23    3.7    5.8  15:36    1.3  03:50    7.9    0.0    0.0    7.4   30.6  00:09    277
 24    7.6   10.3  23:35    4.3  01:02    5.8    0.0    3.0    5.2   33.8  19:33    288
 25   10.1   12.1  14:13    8.2  22:46    4.4    0.0    0.0   11.0   38.6  16:27    269
 26    8.4   10.9  11:15    4.6  23:50    5.3    0.0    3.4   11.1   53.1  22:55    244
 27    3.7    6.9  14:29    2.2  22:59    7.9    0.0    0.0   15.0   56.3  01:08    289
 28    3.8    7.6  14:18    1.6  07:52    7.9    0.0    0.0    6.8   25.7  14:30    270
 29    3.1    5.1  15:03    1.1  21:09    8.3    0.0    1.6   10.3   38.6  21:34    267
 30    0.8    5.6  15:02   -4.9  23:58    9.6    0.0    0.0    7.1   41.8  01:01    273
 31    1.7    4.7  10:41   -5.3  01:20    9.1    0.0    5.2   10.2   43.5  17:50    113
---------------------------------------------------------------------------------------
       6.1   12.2     13   -5.3     31  204.4    0.0   24.0    7.5   61.2     13    268
    
Updated: 13/07/19 13:00:00