Loughlinstown, Co Dublin, Ireland

53° 14.91' N | 006° 08.15' W | 24 meter | Show on map

Climate Summary 2018

11/12/18 23:30:00 GMT

Station: Vantage Vue
Software: WeeWX v3.8.2
Weewx uptime: 34 Days, 15 Hours, 14 Minutes
Server uptime: 34 Days, 15 Hours, 12 Minutes
                     CLIMATOLOGICAL SUMMARY FOR 2018


NAME: Loughlinstown, Co Dublin, Ireland                  
ELEV: 24 meter    LAT: 53-14.91 N    LONG: 006-08.15 W


                                       TEMPERATURE (°C)

                              HEAT    COOL                              MAX    MAX    MIN    MIN
          MEAN   MEAN         DEG     DEG                                >=     <=     <=     <=
 YR  MO   MAX    MIN    MEAN  DAYS    DAYS      HI  DAY     LOW  DAY     25      0      0     -3
------------------------------------------------------------------------------------------------
2018 01    9.2    3.6    6.4  200.0    0.0    14.0   23    -2.1   06      0      0      3      0
2018 02    7.6    1.6    4.6  208.8    0.0    14.2   19    -3.6   28      0      0      5      2
2018 03    8.9    1.7    5.3  219.0    0.0    13.8   25    -3.3   01      0      0     12      1
2018 04   12.7    5.3    8.7  154.3    0.0    18.8   19    -3.0   05      0      0      1      1
2018 05   17.7    7.4   12.5   94.1    0.0    23.3   05     1.0   12      0      0      0      0
2018 06   21.4   10.4   16.0   35.5    2.9    27.1   28     6.8   23      3      0      0      0
2018 07   22.5   12.5   17.4   16.6    6.8    29.1   08     9.2   10      5      0      0      0
2018 08   21.6   12.0   16.5   33.4    8.2    28.1   18     5.1   31      4      0      0      0
2018 09   18.8    9.4   13.7   72.3    1.1    24.8   02     0.9   29      0      0      0      0
2018 10   15.0    6.6   10.6  128.0    0.0    20.6   20    -3.1   30      0      0      2      1
2018 11   11.1    6.0    9.0  150.8    0.0    14.5   03    -0.8   02      0      0      2      0
2018 12   11.3    5.3    8.5   58.2    0.0    14.3   06    -0.9   04      0      0      1      0
------------------------------------------------------------------------------------------------
          15.1    6.9   10.9 1371.1   19.1    29.1  Jul    -3.6  Feb     12      0     26      5


                  PRECIPITATION (mm)

                  MAX         ---DAYS OF RAIN---
                  OBS.               OVER
 YR  MO  TOTAL    DAY  DATE   0.30   3.00  20.00
------------------------------------------------
2018 01   96.6   16.2    21     19     11      0
2018 02   23.6    4.4    10     11      4      0
2018 03  103.8   40.2    14     20     10      1
2018 04   77.6   15.8    02     19      7      0
2018 05   20.2    6.8    27      7      2      0
2018 06    3.4    1.8    16      4      0      0
2018 07   42.0   13.0    29      9      5      0
2018 08   23.6   11.8    26      9      1      0
2018 09   46.4   25.4    20     11      3      1
2018 10   51.2   18.2    13      7      4      0
2018 11  151.8   21.8    27     21     11      2
2018 12   39.8   13.2    05     10      5      0
------------------------------------------------
         680.0   40.2   Mar    147     63      4


           WIND SPEED (km/h)

                                DOM
 YR  MO    AVG     HI   DATE    DIR
-----------------------------------
2018 01   12.7   91.0     02    237 
2018 02    9.9   81.8     10    237 
2018 03    8.7   76.4     02     75 
2018 04    6.4   57.9     17    145 
2018 05    4.7   46.7     10     69 
2018 06    4.3   69.2     14    254 
2018 07    4.0   48.3     28    144 
2018 08    5.1   45.1     18    241 
2018 09    6.3   77.2     19    247 
2018 10    6.1   69.2     12    257 
2018 11    7.6   67.6     27    141 
2018 12    9.6   70.8     08    245 
-----------------------------------
           6.9   91.0    Jan    225

Updated: 11/12/18 23:30:00