Loughlinstown, Co Dublin, Ireland

53° 14.91' N | 006° 08.15' W | 24 meter | Show on map

Climate Summary December 2018

24/09/20 08:10:00 IST

Station: Vantage Vue
Software: WeeWX v4.1.1
WeeWX uptime: 19 days, 20 hours, 23 minutes
Server uptime: 19 days, 20 hours, 19 minutes
                   MONTHLY CLIMATOLOGICAL SUMMARY for Dec 2018


NAME: Loughlinstown, Co Dublin, Ireland                  
ELEV: 24 meter    LAT: 53-14.91 N    LONG: 006-08.15 W


                   TEMPERATURE (°C), RAIN (mm), WIND SPEED (km/h)

                                         HEAT   COOL         AVG
      MEAN                               DEG    DEG          WIND                   DOM
DAY   TEMP   HIGH   TIME    LOW   TIME   DAYS   DAYS   RAIN  SPEED   HIGH   TIME    DIR
---------------------------------------------------------------------------------------
 01    9.4   11.7  12:50    5.4  01:20    9.0    0.0    6.8    2.4   37.0  06:50    200
 02   11.2   13.8  13:00    7.8  01:40    7.1    0.0    1.0    9.5   53.1  16:50    236
 03    7.2    9.9  00:10    4.8  23:50   11.2    0.0    4.4    7.7   33.8  20:20    280
 04    4.0    6.3  00:00   -0.9  07:10   14.3    0.0    2.4    3.0   27.4  22:10    188
 05    9.1   11.8  14:40    6.3  00:10    9.2    0.0   13.2    3.5   30.6  01:20    129
 06   11.7   14.3  13:10    9.6  00:10    6.6    0.0    1.0    5.5   33.8  22:20    188
 07    8.3   14.2  01:00    5.1  12:50   10.0    0.0    3.0   21.0   66.0  23:40    247
 08    9.1   11.1  11:30    7.8  21:30    9.3    0.0    5.6   24.5   70.8  00:20    253
 09    8.2   10.6  13:40    6.6  00:00   10.1    0.0    0.6   16.6   61.2  01:00    270
 10    7.1    9.6  12:00    3.4  23:10   11.3    0.0    0.0    3.7   30.6  00:10    255
 11    8.0   10.6  13:40    2.3  02:20   10.3    0.0    1.8    8.1   38.6  15:10    137
 12    8.7    9.6  03:30    7.9  07:50    9.6    0.0    9.8    9.7   53.1  18:30    135
 13    6.5    8.0  00:10    5.4  18:20   11.8    0.0    1.4   17.3   56.3  08:20    136
 14    6.3    7.0  20:10    5.6  00:30   12.0    0.0    0.8   15.0   59.5  21:20    136
 15    7.3    9.9  16:00    5.8  19:20   11.0    0.0   28.0   20.3   77.2  19:50    158
 16    5.9    7.5  12:50    3.8  18:30   12.4    0.0    0.2    5.4   38.6  00:10    219
 17    8.5   11.4  18:30    4.2  04:30    9.8    0.0    4.6    9.7   41.8  15:00    155
 18    8.7   11.6  03:10    5.0  22:10    9.6    0.0   10.8    9.0   64.4  03:30    151
 19    6.7    8.8  13:10    3.3  02:40   11.6    0.0    0.2    6.7   32.2  23:50    195
 20    7.7    9.2  14:00    7.1  08:40   10.6    0.0    0.2    9.8   41.8  02:30    235
 21    7.4    9.6  14:50    5.9  03:10   10.9    0.0    5.0    4.3   41.8  21:30    245
 22    8.6   10.4  14:20    7.4  00:00    9.7    0.0    2.4    7.3   45.1  02:10    242
 23    7.1    8.2  12:00    4.7  22:40   11.2    0.0   14.2    2.7   25.7  03:40     38
 24    8.2    9.5  23:30    5.3  00:10   10.1    0.0    0.2    4.6   25.7  13:10    130
 25    9.1   11.6  13:50    4.7  07:40    9.2    0.0    0.0    2.9   20.9  11:30    137
 26    6.4   10.1  13:50    3.4  07:40   11.9    0.0    0.2    0.3    8.0  11:00    204
 27    8.7   10.8  14:20    7.5  04:40    9.6    0.0    0.0    0.4    9.7  13:10    249
 28   10.6   13.6  12:30    7.2  03:30    7.7    0.0    0.0    2.3   17.7  07:30    237
 29
 30
 31
---------------------------------------------------------------------------------------
       8.0   14.3     06   -0.9     04  287.5    0.0  117.8    8.4   77.2     15    201
    
Updated: 04/09/20 12:00:00