Loughlinstown, Co Dublin, Ireland

53° 14.91' N | 006° 08.15' W | 24 meter | Show on map

Climate Summary November 2018

11/12/18 23:00:00 GMT

Station: Vantage Vue
Software: WeeWX v3.8.2
Weewx uptime: 34 Days, 14 Hours, 44 Minutes
Server uptime: 34 Days, 14 Hours, 42 Minutes
                   MONTHLY CLIMATOLOGICAL SUMMARY for Nov 2018


NAME: Loughlinstown, Co Dublin, Ireland                  
ELEV: 24 meter    LAT: 53-14.91 N    LONG: 006-08.15 W


                   TEMPERATURE (°C), RAIN (mm), WIND SPEED (km/h)

                                         HEAT   COOL         AVG
      MEAN                               DEG    DEG          WIND                   DOM
DAY   TEMP   HIGH   TIME    LOW   TIME   DAYS   DAYS   RAIN  SPEED   HIGH   TIME    DIR
---------------------------------------------------------------------------------------
 01    5.2   10.1  14:16   -0.2  07:35    7.1    0.0    0.2    5.1   24.1  11:36    272
 02    6.8   11.6  23:59   -0.8  06:29    6.2    0.0    2.0    5.4   43.5  18:57    158
 03   13.4   14.5  12:40   11.2  23:59    2.5    0.0    0.8   10.2   51.5  07:43    148
 04   10.2   14.2  11:57    4.8  08:02    4.4    0.0    6.0    1.9   24.1  01:04    173
 05   10.9   12.0  22:51   10.2  05:34    3.9    0.0   11.4    7.4   29.0  18:06    136
 06   11.2   12.8  10:49    8.2  22:37    3.8    0.0   10.0    9.3   43.5  12:11    139
 07    8.2   10.8  14:08    3.2  22:59    5.5    0.0   17.2    6.5   38.6  18:26    263
 08    7.5   10.3  12:44    4.0  00:00    5.8    0.0    2.0    4.4   27.4  01:14    142
 09    9.2   12.1  11:56    6.9  22:50    4.9    0.0   21.6    9.0   59.5  13:07    144
 10    6.6    9.7  13:47    3.6  07:50    6.3    0.0    5.8    2.0   22.5  10:08    169
 11    7.7   11.6  13:15    3.6  02:11    5.7    0.0    2.0    4.1   29.0  14:52    146
 12    9.6   12.6  12:43    8.1  00:54    4.7    0.0    0.4    8.1   41.8  21:33    186
 13   10.6   13.2  13:59    8.3  06:11    4.1    0.0    0.4    8.9   41.8  21:14    201
 14   13.1   14.0  13:12   11.7  00:00    2.7    0.0    0.2   12.7   41.8  01:11    157
 15   11.5   13.6  11:41    5.5  23:10    3.6    0.0    0.8    8.1   43.5  00:33    147
 16   11.8   13.8  13:08    6.4  01:21    3.5    0.0    0.2    8.6   35.4  08:40    137
 17   10.3   12.4  11:53    5.3  19:10    4.3    0.0    0.0    5.4   29.0  02:33    128
 18    9.6   11.9  13:22    4.9  08:47    4.7    0.0    0.0    6.6   29.0  01:33    103
 19    9.0    9.5  18:23    7.5  22:11    5.0    0.0    0.8   11.0   43.5  23:22     72
 20    6.9    7.8  02:59    5.8  08:00    6.2    0.0   12.8   12.7   51.5  15:09     54
 21    5.3    7.4  23:32    3.9  19:43    7.1    0.0   17.4    6.4   37.0  22:36    109
 22    7.3    8.8  10:52    5.6  17:07    5.9    0.0    0.0    7.4   33.8  00:40    118
 23    7.7    9.3  20:05    6.3  04:38    5.7    0.0    0.6    5.4   27.4  00:03     91
 24    8.9    9.6  10:26    7.4  03:13    5.1    0.0    0.0    6.3   27.4  11:20     57
 25    8.1    8.9  11:05    7.1  04:35    5.5    0.0    0.0    6.7   30.6  13:15     69
 26    7.1    8.9  12:28    5.5  20:08    6.0    0.0    0.0    3.2   33.8  23:54    129
 27    8.3    9.9  12:53    6.4  18:34    5.4    0.0   21.8   12.6   67.6  10:30    141
 28   11.4   14.0  10:23    8.6  23:15    3.7    0.0    6.6   14.0   64.4  15:50    180
 29    8.5    9.9  14:17    6.3  09:02    5.3    0.0   10.2    8.1   41.8  14:36    212
 30    6.9    8.4  12:54    5.2  20:30    6.2    0.0    0.6    9.4   43.5  02:06    226
---------------------------------------------------------------------------------------
       9.0   14.5     03   -0.8     02  150.8    0.0  151.8    7.6   67.6     27    141
    
Updated: 01/12/18 00:00:00