Loughlinstown, Co Dublin, Ireland

53° 14.91' N | 006° 08.15' W | 24 meter | Show on map

Climate Summary October 2018

11/12/18 22:50:00 GMT

Station: Vantage Vue
Software: WeeWX v3.8.2
Weewx uptime: 34 Days, 14 Hours, 34 Minutes
Server uptime: 34 Days, 14 Hours, 32 Minutes
                   MONTHLY CLIMATOLOGICAL SUMMARY for Oct 2018


NAME: Loughlinstown, Co Dublin, Ireland                  
ELEV: 24 meter    LAT: 53-14.91 N    LONG: 006-08.15 W


                   TEMPERATURE (°C), RAIN (mm), WIND SPEED (km/h)

                                         HEAT   COOL         AVG
      MEAN                               DEG    DEG          WIND                   DOM
DAY   TEMP   HIGH   TIME    LOW   TIME   DAYS   DAYS   RAIN  SPEED   HIGH   TIME    DIR
---------------------------------------------------------------------------------------
 01   11.0   15.6  15:11    6.3  07:11    3.9    0.0    0.2   10.1   53.1  22:42    265
 02   14.9   17.3  17:01   11.9  23:47    1.7    0.0    0.0   11.6   49.9  01:30    272
 03   14.7   18.6  12:12   11.3  07:30    1.9    0.0    0.0    4.2   25.7  06:43    252
 04   15.6   20.6  17:07   12.9  23:44    1.3    0.0    1.8    3.4   27.4  13:46    199
 05   10.3   12.9  00:00    8.3  23:17    4.3    0.0    8.0    4.2   19.3  01:52    327
 06    9.1   14.2  14:09    4.2  23:59    5.0    0.0    0.0    5.6   29.0  12:54    317
 07    9.7   15.3  16:18    0.9  02:10    4.6    0.0    0.0    4.4   46.7  23:49    181
 08   14.9   16.6  15:21   13.7  07:39    1.7    0.0    0.0   10.0   45.1  01:49    224
 09   15.5   19.8  15:35   12.9  21:41    1.4    0.0    0.0    8.8   49.9  11:48    171
 10   15.2   19.1  12:19   12.8  07:42    1.6    0.0    0.0    6.1   33.8  06:20    127
 11   13.5   16.8  16:51   10.8  21:10    2.5    0.0    3.6    7.9   41.8  12:10    146
 12   13.6   16.3  10:56   11.9  03:05    2.4    0.0   16.2   11.2   69.2  03:20    158
 13   11.9   13.3  06:15    9.6  22:22    3.4    0.0   18.2    4.3   30.6  19:28    276
 14    8.8   14.5  14:03    2.7  23:06    5.1    0.0    0.0    3.6   29.0  00:41    286
 15    8.2   15.7  14:40    3.1  00:00    5.4    0.0    0.0    1.5   16.1  15:47     27
 16   11.8   16.1  15:08    7.7  00:01    3.5    0.0    0.0    4.7   27.4  12:11    175
 17   10.8   16.7  16:37    4.7  23:58    4.0    0.0    0.0    5.0   32.2  03:07    273
 18    6.6   13.8  14:29    1.1  06:01    6.4    0.0    0.2    0.9   16.1  16:33     92
 19    8.8   15.6  15:33    2.2  00:00    5.1    0.0    0.0    0.5   12.9  08:47    171
 20   14.0   20.6  14:54    7.8  00:00    2.2    0.0    0.0    0.0    4.8  00:19     90
 21   13.2   16.6  07:57    7.8  23:48    2.7    0.0    0.2    6.6   32.2  15:12    286
 22    9.6   14.4  15:42    6.0  06:40    4.7    0.0    0.0    8.1   35.4  23:35    273
 23   11.2   14.9  15:43    9.6  23:56    3.8    0.0    0.0   15.3   56.3  07:04    272
 24   10.3   14.6  15:01    7.6  07:42    4.3    0.0    0.0   10.0   37.0  00:43    281
 25   10.4   13.0  14:52    9.2  02:01    4.2    0.0    0.0    8.7   32.2  13:30    276
 26    7.1   11.3  15:08    4.1  23:53    6.1    0.0    0.2   11.1   56.3  17:11    285
 27    4.2    8.4  15:04    2.1  21:47    7.7    0.0    0.8    9.3   41.8  16:16    301
 28    5.5   11.5  14:27    2.1  21:57    6.9    0.0    0.2    3.5   22.5  11:03    347
 29    5.3    9.3  13:42   -0.1  08:13    7.1    0.0    0.2    4.7   27.4  11:18    125
 30    4.9   10.3  15:20   -3.1  06:47    7.3    0.0    0.0    0.9   24.1  23:55    126
 31    7.3   10.2  12:59    3.5  05:38    6.0    0.0    1.4    1.8   24.1  00:00    173
---------------------------------------------------------------------------------------
      10.6   20.6     20   -3.1     30  128.0    0.0   51.2    6.1   69.2     12    257
    
Updated: 07/11/18 08:10:00