Loughlinstown, Co Dublin, Ireland

53° 14.91' N | 006° 08.15' W | 24 meter | Show on map

Climate Summary September 2018

11/12/18 22:50:00 GMT

Station: Vantage Vue
Software: WeeWX v3.8.2
Weewx uptime: 34 Days, 14 Hours, 34 Minutes
Server uptime: 34 Days, 14 Hours, 32 Minutes
                   MONTHLY CLIMATOLOGICAL SUMMARY for Sep 2018


NAME: Loughlinstown, Co Dublin, Ireland                  
ELEV: 24 meter    LAT: 53-14.91 N    LONG: 006-08.15 W


                   TEMPERATURE (°C), RAIN (mm), WIND SPEED (km/h)

                                         HEAT   COOL         AVG
      MEAN                               DEG    DEG          WIND                   DOM
DAY   TEMP   HIGH   TIME    LOW   TIME   DAYS   DAYS   RAIN  SPEED   HIGH   TIME    DIR
---------------------------------------------------------------------------------------
 01   17.7   21.5  16:00   15.6  01:03    0.2    0.0    0.0    2.8   25.7  00:21    119
 02   18.9   24.8  13:43   14.8  06:10    0.0    0.5    2.6    4.8   25.7  11:16    139
 03   14.8   20.0  14:02    9.8  07:13    1.8    0.0    1.0    7.5   32.2  12:36    321
 04   13.2   19.7  12:15    7.4  04:51    2.7    0.0    0.0    4.0   22.5  10:09    341
 05   15.6   22.7  14:57    8.0  07:19    1.3    0.0    0.2    3.9   22.5  11:19    281
 06   13.3   18.0  16:52    9.2  23:57    2.6    0.0    3.2    4.3   22.5  18:11    289
 07   12.8   17.6  12:57    7.8  05:32    2.9    0.0    0.0    5.4   25.7  13:40    272
 08   15.6   18.7  14:09   12.6  00:15    1.3    0.0    1.4    2.9   22.5  18:52    173
 09   16.1   20.4  15:26   13.2  23:43    1.1    0.0    0.0    8.5   33.8  09:45    241
 10   15.0   17.4  21:51   12.8  01:46    1.7    0.0    0.2    8.0   33.8  13:43    211
 11   13.9   17.1  15:38   11.4  06:41    2.3    0.0    1.8    8.3   32.2  15:49    255
 12   13.1   19.6  16:46    6.7  07:46    2.7    0.0    0.2    4.1   25.7  12:43    255
 13   13.7   19.8  14:40    8.5  00:01    2.4    0.0    0.0    8.7   37.0  11:28    241
 14   14.1   19.8  15:55   12.1  08:13    2.2    0.0    0.2    9.7   37.0  03:08    248
 15   15.0   18.4  15:46   12.1  01:38    1.7    0.0    0.0    7.6   33.8  21:39    211
 16   16.6   22.5  17:00   12.6  23:53    0.8    0.0    0.8    6.4   41.8  00:07    218
 17   15.5   21.3  15:58   10.6  01:12    1.4    0.0    2.2    7.4   37.0  16:31    154
 18   17.7   22.9  15:01   14.9  23:58    0.2    0.0    5.2   10.4   41.8  23:16    207
 19   14.2   17.5  10:04   10.6  23:59    2.1    0.0    0.0   13.7   77.2  11:37    213
 20    9.7   12.3  11:19    6.4  23:05    4.6    0.0   25.4    4.8   32.2  21:09    275
 21   10.6   17.1  17:23    6.4  00:03    4.1    0.0    0.6   14.0   64.4  12:41    260
 22   10.1   13.6  15:42    6.7  23:44    4.4    0.0    0.0    1.5   14.5  16:08    329
 23   10.0   15.3  17:44    6.2  07:39    4.4    0.0    0.0    7.0   35.4  14:46    295
 24    9.9   17.6  16:10    4.1  23:56    4.5    0.0    0.0    3.3   20.9  09:24    267
 25   11.3   17.4  17:58    3.0  01:22    3.7    0.0    0.0    3.0   24.1  18:23    145
 26   19.1   24.4  16:17   16.6  02:55    0.0    0.6    0.0    5.3   33.8  07:22    228
 27   14.4   19.2  12:52    9.0  23:58    2.0    0.0    1.2    4.9   30.6  18:00    291
 28    9.4   15.6  12:53    3.6  23:52    4.8    0.0    0.2    3.2   20.9  12:44    345
 29    9.7   18.3  16:02    0.9  06:23    4.6    0.0    0.0    3.6   24.1  22:16    252
 30   10.9   14.7  17:03    7.7  23:47    3.9    0.0    0.0    9.6   41.8  16:07    279
---------------------------------------------------------------------------------------
      13.7   24.8     02    0.9     29   72.3    1.1   46.4    6.3   77.2     19    247
    
Updated: 07/11/18 08:10:00