Loughlinstown, Co Dublin, Ireland

53° 14.91' N | 006° 08.15' W | 24 meter | Show on map

Climate Summary August 2018

11/12/18 23:30:00 GMT

Station: Vantage Vue
Software: WeeWX v3.8.2
Weewx uptime: 34 Days, 15 Hours, 14 Minutes
Server uptime: 34 Days, 15 Hours, 12 Minutes
                   MONTHLY CLIMATOLOGICAL SUMMARY for Aug 2018


NAME: Loughlinstown, Co Dublin, Ireland                  
ELEV: 24 meter    LAT: 53-14.91 N    LONG: 006-08.15 W


                   TEMPERATURE (°C), RAIN (mm), WIND SPEED (km/h)

                                         HEAT   COOL         AVG
      MEAN                               DEG    DEG          WIND                   DOM
DAY   TEMP   HIGH   TIME    LOW   TIME   DAYS   DAYS   RAIN  SPEED   HIGH   TIME    DIR
---------------------------------------------------------------------------------------
 01   16.3   20.4  10:14   11.8  02:42    1.0    0.0    1.0    6.5   43.5  16:31    154
 02   20.2   24.3  14:57   16.7  00:19    0.0    1.2    0.0    2.0   20.9  00:26     80
 03   20.1   23.4  12:36   16.8  23:36    0.0    1.1    0.2    2.3   17.7  15:09     26
 04   17.7   21.2  16:02   14.5  23:57    0.2    0.0    0.0    1.8   17.7  15:44     86
 05   18.7   24.2  17:58   14.1  01:03    0.0    0.4    0.0    3.4   24.1  14:45    134
 06   18.5   25.3  18:32   13.4  05:05    0.0    0.3    0.2    2.3   17.7  15:12    254
 07   16.6   21.2  14:11   11.9  23:28    0.8    0.0    0.0    6.0   24.1  02:08    260
 08   15.9   21.9  13:52   11.7  23:58    1.2    0.0    0.0    6.3   29.0  17:33    258
 09   15.0   21.9  14:20    7.2  06:12    1.6    0.0    0.0    5.4   29.0  16:21    248
 10   14.0   20.8  15:06    7.8  05:04    2.2    0.0    0.2    4.2   35.4  10:40    273
 11   13.4   18.1  18:17    5.3  06:00    2.6    0.0    2.4    4.9   30.6  15:57    128
 12   17.3   20.7  10:24   16.2  06:17    0.4    0.0    1.4    1.7   16.1  08:24    354
 13   17.6   21.7  12:00   14.7  07:53    0.2    0.0    0.2    5.6   32.2  12:08    277
 14   18.8   24.8  14:39   14.1  02:01    0.0    0.4    0.0    5.9   35.4  15:33    239
 15   19.9   25.8  13:44   14.9  23:59    0.0    1.1    0.8    7.6   38.6  09:30    215
 16   15.4   20.9  16:20   11.1  04:35    1.4    0.0    1.0    8.9   37.0  09:58    251
 17   14.9   17.8  18:56   12.5  01:09    1.7    0.0    0.6    5.8   32.2  14:32    223
 18   20.9   28.1  16:05   16.1  00:32    0.0    1.6    0.0    8.2   45.1  01:34    224
 19   19.9   23.1  13:12   17.0  05:56    0.0    1.0    0.0    6.2   29.0  04:02    260
 20   17.7   20.2  09:37   16.2  23:43    0.2    0.0    0.8    0.9   11.3  09:37     46
 21   19.7   26.2  14:51   15.6  06:16    0.0    1.0    0.0    2.3   19.3  23:57    100
 22   18.0   21.3  16:36   11.6  23:52    0.0    0.0    0.0    3.7   27.4  04:40    254
 23   14.1   19.2  14:41   10.9  03:54    2.2    0.0    0.2    7.6   41.8  14:45    260
 24   12.6   18.9  13:50   10.0  04:10    3.0    0.0    2.8    8.7   35.4  13:58    265
 25   13.4   19.1  12:29    9.1  04:31    2.6    0.0    0.0    7.0   33.8  08:46    270
 26   14.7   19.6  14:16   11.1  04:34    1.8    0.0   11.8    8.0   37.0  14:29    221
 27   16.2   21.3  16:44   11.7  23:59    1.0    0.0    0.0    9.1   40.2  12:43    258
 28   14.1   18.7  16:06    7.3  04:30    2.2    0.0    0.0    3.2   25.7  12:08    204
 29   14.7   21.0  17:04    8.8  23:59    1.8    0.0    0.0    6.6   35.4  01:47    282
 30   12.5   18.3  11:22    6.9  02:46    3.0    0.0    0.0    1.1   12.9  13:30     62
 31   13.9   20.9  16:03    5.1  05:54    2.3    0.0    0.0    5.1   35.4  12:56    146
---------------------------------------------------------------------------------------
      16.5   28.1     18    5.1     31   33.4    8.2   23.6    5.1   45.1     18    241
    
Updated: 07/11/18 08:10:00