Loughlinstown, Co Dublin, Ireland

53° 14.91' N | 006° 08.15' W | 24 meter | Show on map

Climate Summary July 2018

11/12/18 22:50:00 GMT

Station: Vantage Vue
Software: WeeWX v3.8.2
Weewx uptime: 34 Days, 14 Hours, 34 Minutes
Server uptime: 34 Days, 14 Hours, 32 Minutes
                   MONTHLY CLIMATOLOGICAL SUMMARY for Jul 2018


NAME: Loughlinstown, Co Dublin, Ireland                  
ELEV: 24 meter    LAT: 53-14.91 N    LONG: 006-08.15 W


                   TEMPERATURE (°C), RAIN (mm), WIND SPEED (km/h)

                                         HEAT   COOL         AVG
      MEAN                               DEG    DEG          WIND                   DOM
DAY   TEMP   HIGH   TIME    LOW   TIME   DAYS   DAYS   RAIN  SPEED   HIGH   TIME    DIR
---------------------------------------------------------------------------------------
 01   18.4   24.7  10:42   10.9  05:27    0.0    0.2    0.0    4.7   29.0  23:23    357
 02   18.1   23.2  17:42   11.9  04:41    0.0    0.1    0.0    6.9   35.4  18:07    341
 03   17.3   21.4  17:15   11.3  05:37    0.4    0.0    0.0    2.8   19.3  15:35     46
 04   17.1   21.6  10:04    9.3  05:40    0.5    0.0    0.0    2.8   20.9  12:04     88
 05   17.6   22.6  11:13   13.8  06:38    0.2    0.0    0.0    6.3   40.2  04:42    311
 06   18.2   22.8  13:26   13.6  00:34    0.0    0.1    0.0    2.4   19.3  17:41     92
 07   19.6   25.7  09:41   15.1  23:58    0.0    0.9    0.0    4.2   22.5  00:58     86
 08   20.5   29.1  11:46   12.6  02:51    0.0    1.4    0.0    2.9   20.9  09:28    338
 09   17.2   22.4  10:19   11.1  23:43    0.4    0.0    0.0    2.5   19.3  12:52     53
 10   16.6   22.4  12:59    9.2  05:01    0.8    0.0    0.0    2.7   19.3  13:49     19
 11   16.9   20.6  08:41   12.7  05:50    0.6    0.0    0.0    2.8   17.7  12:14      9
 12   17.1   21.2  16:05   14.2  04:08    0.5    0.0    0.0    3.9   20.9  08:47    318
 13   16.3   19.6  12:46   12.6  23:45    0.9    0.0    1.0    2.1   17.7  14:00     84
 14   18.7   26.7  19:22   10.5  03:36    0.0    0.4    0.0    4.1   27.4  22:53    155
 15   18.6   20.4  13:03   17.2  04:07    0.0    0.3    1.4    3.3   20.9  23:58    181
 16   16.6   21.2  13:51   13.4  04:36    0.8    0.0    0.0    3.4   20.9  00:00    182
 17   16.9   20.7  10:43   13.5  04:46    0.6    0.0    0.0    4.0   19.3  00:22    226
 18   16.5   21.2  10:57   11.6  04:03    0.8    0.0    0.0    2.3   20.9  09:22    134
 19   16.2   22.7  10:48    9.2  06:03    1.0    0.0    0.0    3.0   22.5  15:36     90
 20   16.1   19.7  17:11   12.8  06:07    1.1    0.0    7.0    2.1   20.9  22:26    297
 21   16.9   22.7  14:23   12.7  06:04    0.6    0.0    0.0    3.7   19.3  11:26    288
 22   20.7   24.4  20:23   16.5  03:19    0.0    1.5    0.0    4.4   24.1  01:19    293
 23   20.7   27.5  17:45   17.0  23:59    0.0    1.5    4.8    3.2   27.4  23:45    247
 24   16.8   21.4  13:58   12.7  06:06    0.7    0.0    0.4    4.5   24.1  00:00    248
 25   17.9   24.0  18:27   10.4  06:07    0.0    0.0    0.0    4.8   30.6  14:31    131
 26   18.8   25.0  16:13   12.5  01:37    0.0    0.5    0.0    7.2   38.6  12:41    133
 27   18.0   21.3  10:40   15.7  23:59    0.0    0.0    3.6    6.6   32.2  10:53    131
 28   13.5   17.6  15:07   10.1  09:35    2.5    0.0   10.2    8.1   48.3  08:07    241
 29   14.9   20.8  18:18   10.9  00:34    1.7    0.0   13.0    4.1   24.1  13:42    260
 30   15.9   22.1  17:30   12.6  23:58    1.2    0.0    0.6    3.4   27.4  18:17    169
 31   15.7   21.2  15:58   10.3  01:11    1.3    0.0    0.0    4.9   32.2  13:02    183
---------------------------------------------------------------------------------------
      17.4   29.1     08    9.2     10   16.6    6.8   42.0    4.0   48.3     28    144
    
Updated: 07/11/18 08:10:00