Loughlinstown, Co Dublin, Ireland

53° 14.91' N | 006° 08.15' W | 24 meter | Show on map

Climate Summary June 2018

11/12/18 23:10:00 GMT

Station: Vantage Vue
Software: WeeWX v3.8.2
Weewx uptime: 34 Days, 14 Hours, 54 Minutes
Server uptime: 34 Days, 14 Hours, 52 Minutes
                   MONTHLY CLIMATOLOGICAL SUMMARY for Jun 2018


NAME: Loughlinstown, Co Dublin, Ireland                  
ELEV: 24 meter    LAT: 53-14.91 N    LONG: 006-08.15 W


                   TEMPERATURE (°C), RAIN (mm), WIND SPEED (km/h)

                                         HEAT   COOL         AVG
      MEAN                               DEG    DEG          WIND                   DOM
DAY   TEMP   HIGH   TIME    LOW   TIME   DAYS   DAYS   RAIN  SPEED   HIGH   TIME    DIR
---------------------------------------------------------------------------------------
 01   15.2   21.7  13:06   12.2  01:14    1.6    0.0    0.6    1.3   14.5  17:05     85
 02   16.4   21.0  18:34   12.8  05:22    0.9    0.0    0.0    2.5   20.9  14:42    121
 03   14.4   18.9  09:01    9.7  05:42    2.0    0.0    0.0    2.9   20.9  02:03    101
 04   15.8   22.8  14:22    7.3  04:18    1.2    0.0    0.0    2.6   19.3  12:26     10
 05   14.3   17.6  17:21    9.7  23:57    2.1    0.0    0.0    2.3   17.7  11:48     35
 06   14.7   21.6  13:14    7.7  03:14    1.8    0.0    0.0    2.1   16.1  13:58     39
 07   16.4   22.9  16:47    8.2  02:17    0.9    0.0    0.0    1.9   16.1  13:21     60
 08   16.6   21.1  16:07   11.3  05:10    0.8    0.0    0.0    1.8   16.1  16:08     55
 09   16.4   21.4  14:00    9.9  02:52    0.9    0.0    0.0    1.8   14.5  14:50     83
 10   16.2   21.3  11:36    9.7  02:42    1.0    0.0    0.0    2.4   17.7  12:54     42
 11   16.5   21.0  10:43   13.1  00:00    0.8    0.0    0.0    3.9   22.5  19:44      3
 12   14.8   20.1  13:16   10.9  05:19    1.8    0.0    0.0    4.5   22.5  07:35    325
 13   15.6   19.0  14:57   10.7  05:34    1.3    0.0    0.2    5.1   38.6  23:39    154
 14   16.7   20.6  13:37   11.9  23:24    0.7    0.0    0.0   16.6   69.2  09:20    249
 15   14.2   18.4  17:49   11.3  05:22    2.1    0.0    0.0    6.9   27.4  00:21    232
 16   14.7   19.0  14:28   11.3  04:07    1.8    0.0    1.8    9.4   40.2  10:25    238
 17   16.1   23.1  14:48   11.8  05:16    1.0    0.0    0.0    7.9   35.4  16:42    238
 18   16.6   23.0  14:01   12.2  03:04    0.8    0.0    0.4    7.9   33.8  14:35    248
 19   16.0   26.0  18:13    9.8  05:31    1.1    0.0    0.0    7.6   38.6  17:11    198
 20   15.9   18.8  00:00   11.4  23:28    1.2    0.0    0.4    9.6   40.2  05:02    267
 21   13.6   18.9  13:02    7.8  23:57    2.4    0.0    0.0    7.6   35.4  06:17    318
 22   13.7   18.2  18:18    7.2  05:03    2.4    0.0    0.0    3.4   20.9  08:07     40
 23   13.8   18.9  15:24    6.8  05:41    2.3    0.0    0.0    2.7   17.7  14:45     93
 24   16.3   22.2  19:28    8.0  04:16    0.9    0.0    0.0    2.4   20.9  15:24     96
 25   17.1   22.5  16:13   10.6  05:12    0.5    0.0    0.0    1.6   14.5  10:24     78
 26   16.7   21.9  18:25    9.9  04:46    0.7    0.0    0.0    1.3   16.1  14:39     74
 27   19.2   25.8  14:20   11.5  04:01    0.0    0.6    0.0    1.4   14.5  15:26     81
 28   20.5   27.1  19:24   10.9  05:00    0.0    1.4    0.0    1.8   17.7  12:56     45
 29   19.6   24.2  12:54   13.1  05:46    0.0    0.9    0.0    2.2   16.1  12:55     46
 30   17.4   22.2  11:59   11.8  05:22    0.3    0.0    0.0    2.2   20.9  12:26     41
---------------------------------------------------------------------------------------
      16.0   27.1     28    6.8     23   35.5    2.9    3.4    4.3   69.2     14    254
    
Updated: 07/11/18 08:10:00