Loughlinstown, Co Dublin, Ireland

53° 14.91' N | 006° 08.15' W | 24 meter | Show on map

Climate Summary May 2018

11/12/18 22:50:00 GMT

Station: Vantage Vue
Software: WeeWX v3.8.2
Weewx uptime: 34 Days, 14 Hours, 34 Minutes
Server uptime: 34 Days, 14 Hours, 32 Minutes
                   MONTHLY CLIMATOLOGICAL SUMMARY for May 2018


NAME: Loughlinstown, Co Dublin, Ireland                  
ELEV: 24 meter    LAT: 53-14.91 N    LONG: 006-08.15 W


                   TEMPERATURE (°C), RAIN (mm), WIND SPEED (km/h)

                                         HEAT   COOL         AVG
      MEAN                               DEG    DEG          WIND                   DOM
DAY   TEMP   HIGH   TIME    LOW   TIME   DAYS   DAYS   RAIN  SPEED   HIGH   TIME    DIR
---------------------------------------------------------------------------------------
 01    8.7   11.7  12:58    3.6  05:27    5.2    0.0    1.4    7.0   38.6  14:02    157
 02   10.2   14.6  14:27    6.6  22:45    4.3    0.0    1.0   10.9   45.1  14:58    276
 03   10.7   14.5  19:14    7.4  04:56    4.1    0.0    0.0    5.5   32.2  15:09    189
 04   12.2   17.7  14:02    5.7  06:07    3.2    0.0    0.2    2.5   17.7  13:52     84
 05   13.5   23.3  16:56    7.2  01:57    2.5    0.0    0.0    2.0   20.9  16:24     67
 06   12.4   17.2  16:25    6.4  05:56    3.1    0.0    0.0    3.2   22.5  11:26     59
 07   13.5   19.9  15:52    8.1  05:34    2.5    0.0    0.0    2.4   20.9  00:15     71
 08   13.2   18.9  15:06    7.5  23:59    2.7    0.0    0.2    6.6   33.8  14:07    257
 09    9.8   13.4  14:12    6.9  00:16    4.5    0.0    1.0    6.6   41.8  10:42    206
 10   11.2   17.7  15:12    6.4  06:21    3.8    0.0    0.0   10.2   46.7  09:10    238
 11    9.3   11.3  15:47    6.6  23:58    4.8    0.0    6.4   10.4   46.7  08:44    139
 12    9.5   15.9  15:49    1.0  05:18    4.7    0.0    0.0    3.8   30.6  13:22    122
 13   11.4   17.4  15:09    3.8  06:23    3.7    0.0    0.0    3.7   25.7  15:31    133
 14   11.8   16.7  17:48    6.5  01:35    3.4    0.0    0.0    1.6   14.5  10:17    132
 15   13.1   18.8  09:02    9.1  23:57    2.7    0.0    2.2    3.1   33.8  22:51    336
 16   10.3   14.7  14:40    5.3  05:56    4.3    0.0    0.0    8.2   33.8  09:28    353
 17   10.0   14.4  13:51    4.3  05:22    4.5    0.0    0.0    2.5   16.1  13:17     88
 18   10.8   16.0  14:07    2.8  03:08    4.0    0.0    0.0    2.3   19.3  12:59     89
 19   13.9   20.9  14:48    5.3  05:04    2.3    0.0    0.0    5.2   29.0  13:09    144
 20   14.2   17.2  14:53   11.5  22:31    2.1    0.0    0.6    7.5   32.2  12:53    141
 21   12.2   17.5  12:41    8.5  23:57    3.2    0.0    0.2    2.7   24.1  16:11    351
 22   11.7   17.7  15:25    6.9  05:28    3.5    0.0    0.0    5.6   24.1  03:47    327
 23   12.4   17.5  19:09    7.1  00:59    3.1    0.0    0.0    2.5   16.1  08:49     29
 24   11.9   17.1  12:21    6.4  03:16    3.4    0.0    0.2    2.1   12.9  11:29    332
 25   16.6   22.1  15:49   10.8  02:45    0.8    0.0    0.0    7.5   32.2  14:16    354
 26   15.3   21.1  15:25   12.2  04:44    1.5    0.0    0.0    5.5   25.7  10:18    359
 27   14.2   19.1  13:08   11.4  06:39    2.1    0.0    6.8    2.0   29.0  02:15    359
 28   16.8   22.2  17:08   10.1  03:47    0.7    0.0    0.0    2.7   20.9  12:10    344
 29   16.6   22.0  17:12   11.2  04:27    0.8    0.0    0.0    3.4   20.9  10:36      4
 30   15.5   21.4  15:49    9.7  04:15    1.4    0.0    0.0    2.8   19.3  13:36      1
 31   15.7   20.6  13:58   12.9  06:08    1.3    0.0    0.0    2.9   22.5  13:09     92
---------------------------------------------------------------------------------------
      12.5   23.3     05    1.0     12   94.1    0.0   20.2    4.7   46.7     10     69
    
Updated: 07/11/18 08:10:00