Loughlinstown, Co Dublin, Ireland

53° 14.91' N | 006° 08.15' W | 24 meter | Show on map

Climate Summary April 2018

11/12/18 23:00:00 GMT

Station: Vantage Vue
Software: WeeWX v3.8.2
Weewx uptime: 34 Days, 14 Hours, 44 Minutes
Server uptime: 34 Days, 14 Hours, 42 Minutes
                   MONTHLY CLIMATOLOGICAL SUMMARY for Apr 2018


NAME: Loughlinstown, Co Dublin, Ireland                  
ELEV: 24 meter    LAT: 53-14.91 N    LONG: 006-08.15 W


                   TEMPERATURE (°C), RAIN (mm), WIND SPEED (km/h)

                                         HEAT   COOL         AVG
      MEAN                               DEG    DEG          WIND                   DOM
DAY   TEMP   HIGH   TIME    LOW   TIME   DAYS   DAYS   RAIN  SPEED   HIGH   TIME    DIR
---------------------------------------------------------------------------------------
 01    5.5    7.8  15:10    4.0  03:20    6.9    0.0    2.6    7.9   40.0  20:20     78
 02    5.9    9.4  16:00    3.5  03:50    6.7    0.0   15.8    6.8   38.2  05:40     69
 03    9.2   13.8  14:50    6.1  23:40    4.9    0.0    2.6    5.3   40.0  15:50    180
 04    5.4    7.1  02:10    2.4  00:00    7.0    0.0   11.6    7.4   37.0  16:10    314
 05    4.7    8.4  12:40   -3.0  07:10    7.4    0.0    0.0    8.3   38.6  16:50    136
 06    8.6   13.2  17:20    6.4  02:40    5.2    0.0   11.0   11.1   43.5  12:20    141
 07    8.6   13.5  17:00    5.4  23:30    5.2    0.0    1.6    1.7   17.7  14:50    111
 08    8.0   12.8  12:50    2.1  07:00    5.6    0.0    2.4    1.4   16.1  12:10     69
 09    7.5   13.8  13:10    2.1  06:20    5.8    0.0    0.8    3.1   25.7  15:40    114
 10    7.3    7.9  13:00    6.8  00:10    5.9    0.0    4.2    6.0   25.7  10:20     26
 11    7.6    8.9  16:00    7.0  00:50    5.8    0.0    0.4    5.1   22.5  02:30     18
 12    7.4    8.5  14:20    6.6  05:50    5.9    0.0    0.8    3.4   18.2  04:00     27
 13    7.6   10.0  12:10    6.4  23:00    5.8    0.0    0.2    2.3   12.9  01:10    360
 14    9.3   12.6  16:00    5.9  01:10    4.8    0.0    0.2    6.3   30.6  13:00    132
 15    8.9    9.8  13:30    7.7  05:10    5.0    0.0    4.2    8.7   35.4  15:30    126
 16   10.1   12.8  10:30    7.3  06:40    4.4    0.0    1.2   11.7   51.5  17:40    148
 17   12.8   17.1  17:20   10.0  00:10    2.9    0.0    8.0   12.9   57.9  02:00    163
 18   12.7   17.8  15:30    9.1  03:30    3.0    0.0    0.0    9.3   49.9  15:20    130
 19   12.5   18.8  18:00    8.6  23:50    3.1    0.0    0.0    6.4   30.6  13:40    120
 20   10.7   17.1  10:10    5.5  00:00    4.1    0.0    0.0    2.8   19.3  01:50     76
 21    9.7   15.3  12:00    2.4  06:00    4.6    0.0    0.0    3.6   24.1  14:50     76
 22   11.7   16.9  14:00    7.7  02:20    3.5    0.0    1.2    8.1   43.5  14:10    245
 23   11.9   17.8  17:40    9.3  06:30    3.4    0.0    0.0    9.1   41.8  15:20    231
 24    9.8   11.4  11:30    7.9  23:10    4.6    0.0    4.4    5.2   29.0  21:20    248
 25    9.5   14.4  15:50    7.3  05:30    4.7    0.0    1.6   13.6   41.8  17:20    251
 26    9.0   14.2  13:40    5.3  23:40    5.0    0.0    1.2   10.8   43.5  11:50    252
 27    7.3   11.9  17:40    2.3  00:00    6.0    0.0    1.6    2.8   19.3  16:50     25
 28    7.5   12.7  12:00    1.6  06:30    5.9    0.0    0.0    3.0   19.3  12:50     17
 29    7.2   12.7  17:26    1.0  05:22    6.0    0.0    0.0    3.5   20.9  13:06     36
 30    8.4   13.6  16:08    3.0  05:33    5.3    0.0    0.0    3.6   20.9  09:20     32
---------------------------------------------------------------------------------------
       8.7   18.8     19   -3.0     05  154.3    0.0   77.6    6.4   57.9     17    145
    
Updated: 07/11/18 08:10:00