Loughlinstown, Co Dublin, Ireland

53° 14.91' N | 006° 08.15' W | 24 meter | Show on map

Climate Summary February 2018

11/12/18 22:50:00 GMT

Station: Vantage Vue
Software: WeeWX v3.8.2
Weewx uptime: 34 Days, 14 Hours, 34 Minutes
Server uptime: 34 Days, 14 Hours, 32 Minutes
                   MONTHLY CLIMATOLOGICAL SUMMARY for Feb 2018


NAME: Loughlinstown, Co Dublin, Ireland                  
ELEV: 24 meter    LAT: 53-14.91 N    LONG: 006-08.15 W


                   TEMPERATURE (°C), RAIN (mm), WIND SPEED (km/h)

                                         HEAT   COOL         AVG
      MEAN                               DEG    DEG          WIND                   DOM
DAY   TEMP   HIGH   TIME    LOW   TIME   DAYS   DAYS   RAIN  SPEED   HIGH   TIME    DIR
---------------------------------------------------------------------------------------
 01    4.7    7.5  14:10    3.3  07:00    7.4    0.0    0.0   16.5   56.4  11:20    280
 02    4.9    8.2  13:50    2.8  02:50    7.3    0.0    1.8   11.1   49.2  05:10    271
 03    4.5    6.8  15:20    3.2  21:30    7.5    0.0    1.2   12.8   43.6  06:20    285
 04    3.8    6.6  14:30    0.6  21:40    7.9    0.0    3.4    3.0   29.0  00:20    299
 05    2.5    6.1  13:50   -0.4  00:30    8.6    0.0    0.0    1.4   18.2  12:40    106
 06    1.9    5.0  13:30    0.3  01:50    8.9    0.0    1.0   11.5   45.4  14:40    290
 07    3.2    7.4  23:50   -0.6  03:50    8.2    0.0    0.2    6.1   36.4  00:40    261
 08    7.8   10.2  10:50    5.1  00:00    5.7    0.0    0.2    7.7   47.2  00:00    229
 09    3.0    6.9  15:40    0.9  05:30    8.3    0.0    0.4   13.6   63.6  00:40    265
 10    8.3   11.3  12:40    4.1  00:00    5.4    0.0    4.4   14.2   81.8  20:30    226
 11    2.6    5.1  13:10    1.4  07:50    8.5    0.0    0.0   18.2   60.0  09:00    267
 12    3.8    7.7  14:10    1.1  02:30    7.9    0.0    0.4   12.8   49.2  20:00    205
 13    3.8    6.8  14:10    0.3  21:40    7.9    0.0    4.0   11.3   54.6  01:30    254
 14    6.5   10.1  13:40    2.4  00:10    6.4    0.0    3.4   12.8   63.6  07:30    168
 15    4.4    6.9  14:00    2.4  07:50    7.5    0.0    0.0   17.2   56.4  09:40    236
 16    5.5    9.2  13:00    1.9  07:30    6.9    0.0    1.4    9.1   41.8  12:20    178
 17    6.7   11.8  14:00    3.1  03:50    6.3    0.0    0.0    4.5   25.4  08:20    225
 18    8.1   10.8  19:30    4.3  01:40    5.5    0.0    1.4    1.8   23.6  10:30    141
 19   10.6   14.2  13:30    6.2  00:00    4.1    0.0    0.2    7.7   38.2  20:10    278
 20    6.5   11.0  13:30    2.3  23:50    6.4    0.0    0.2    8.7   38.2  07:00    296
 21    5.3    9.7  13:50    0.1  03:10    7.0    0.0    0.0    2.0   20.0  15:20    109
 22    5.2    6.6  10:30    1.7  21:20    7.1    0.0    0.0    4.4   32.8  00:00    140
 23    4.3    5.5  12:10    3.1  07:40    7.6    0.0    0.0   11.9   43.6  10:40    135
 24    2.5    5.6  14:50   -3.2  21:50    8.6    0.0    0.0    8.8   40.0  04:00    130
 25    4.2    6.9  15:50    1.3  20:00    7.7    0.0    0.0    8.9   36.4  12:30    128
 26    2.4    3.8  00:20    1.5  04:00    8.7    0.0    0.0    9.9   34.6  20:10    101
 27    1.9    4.7  12:20   -0.5  00:00    8.9    0.0    0.0   11.3   60.0  15:10     34
 28   -0.8    1.2  11:30   -3.6  23:00   10.4    0.0    0.0   17.4   61.8  20:30     70
---------------------------------------------------------------------------------------
       4.6   14.2     19   -3.6     28  208.8    0.0   23.6    9.9   81.8     10    237
    
Updated: 07/11/18 08:10:00