Loughlinstown, Co Dublin, Ireland

53° 14.91' N | 006° 08.15' W | 24 meter | Show on map

Climate Summary November 2017

11/12/18 22:50:00 GMT

Station: Vantage Vue
Software: WeeWX v3.8.2
Weewx uptime: 34 Days, 14 Hours, 34 Minutes
Server uptime: 34 Days, 14 Hours, 32 Minutes
                   MONTHLY CLIMATOLOGICAL SUMMARY for Nov 2017


NAME: Loughlinstown, Co Dublin, Ireland                  
ELEV: 24 meter    LAT: 53-14.91 N    LONG: 006-08.15 W


                   TEMPERATURE (°C), RAIN (mm), WIND SPEED (km/h)

                                         HEAT   COOL         AVG
      MEAN                               DEG    DEG          WIND                   DOM
DAY   TEMP   HIGH   TIME    LOW   TIME   DAYS   DAYS   RAIN  SPEED   HIGH   TIME    DIR
---------------------------------------------------------------------------------------
 01   10.9   15.9  13:40    6.2  19:20    4.0    0.0    0.0    3.6   29.0  03:00    237
 02   10.2   12.1  00:10    8.3  23:40    4.3    0.0    0.0    2.9   21.8  01:40    297
 03    9.9   13.3  13:20    7.8  02:40    4.5    0.0    0.0    2.7   21.8  23:20    234
 04    8.0   10.4  12:10    4.9  19:10    5.6    0.0    0.0   13.0   51.0  22:00    269
 05    7.0   11.4  14:30    2.3  00:00    6.1    0.0    0.0   14.2   52.8  02:20    276
 06    8.6   12.3  12:20    1.6  00:40    5.2    0.0    0.0    7.8   47.2  23:00    154
 07    7.3   11.9  00:30    4.2  23:20    5.9    0.0    2.0    9.1   45.4  00:20    267
 08    7.8   12.2  12:30    1.6  08:30    5.6    0.0    0.8    4.7   31.0  21:50    253
 09   11.2   13.1  13:40    7.9  18:00    3.8    0.0    0.2   10.3   47.2  00:00    268
 10    9.2   12.7  00:10    7.4  08:20    4.9    0.0    5.6   11.1   51.0  02:20    276
 11    8.2   11.6  02:50    5.4  00:00    5.4    0.0    8.2    3.7   31.0  02:30    298
 12    5.7    9.0  14:00    3.8  23:30    6.8    0.0    0.0   12.8   47.2  12:40    291
 13    6.8   10.8  00:00    1.7  05:40    6.2    0.0    1.0    5.7   41.8  21:00    230
 14   11.5   14.3  12:20    8.6  00:00    3.6    0.0    0.4    6.7   45.4  01:10    251
 15    8.1   11.4  14:20    2.3  07:50    5.5    0.0    0.0    1.4   21.8  21:30    196
 16    7.5   11.2  05:30    1.4  23:30    5.8    0.0    1.4    6.6   43.6  04:30    272
 17    5.0    8.5  12:10   -0.3  04:40    7.2    0.0    0.0    5.2   29.0  13:50    231
 18    7.3    9.4  12:20    4.5  00:00    6.0    0.0    2.0    3.5   18.2  10:50    270
 19    6.8   11.4  00:00    1.7  02:00    6.2    0.0    0.4    2.1   32.8  23:30    148
 20   13.3   14.8  23:10   11.5  00:10    2.6    0.0    0.0    8.7   41.8  01:20    237
 21   13.7   14.8  05:30   11.7  09:10    2.4    0.0    0.2    6.1   40.0  17:00    214
 22   10.0   14.8  11:00    3.4  23:30    4.4    0.0   24.8    6.1   38.2  09:20    253
 23    5.0    7.8  12:50   -0.2  00:00    7.2    0.0    0.8   15.2   63.6  06:10    254
 24    2.1    6.7  12:40   -2.6  03:10    8.8    0.0    0.2    6.4   38.2  21:40    264
 25    3.3    5.8  12:50    1.3  02:40    8.1    0.0    0.0   16.9   52.8  07:20    273
 26    6.5   10.4  23:30    2.9  00:10    6.4    0.0    0.8   14.0   56.4  20:30    254
 27    7.1    9.1  00:10    5.1  23:50    6.0    0.0    0.0   17.6   58.2  20:30    270
 28    4.2    7.6  13:50    2.7  07:20    7.7    0.0    0.0   13.5   40.0  08:40    283
 29    2.9    6.1  13:40    1.7  06:00    8.4    0.0    0.0   10.2   34.6  08:40    292
 30    3.3    5.8  13:10    1.4  23:40    8.1    0.0    0.0   10.8   34.6  00:50    290
---------------------------------------------------------------------------------------
       7.6   15.9     01   -2.6     24  173.0    0.0   48.8    8.4   63.6     23    265
    
Updated: 07/11/18 08:10:00