Loughlinstown, Co Dublin, Ireland

53° 14.91' N | 006° 08.15' W | 24 meter | Show on map

Climate Summary July 2017

11/12/18 22:50:00 GMT

Station: Vantage Vue
Software: WeeWX v3.8.2
Weewx uptime: 34 Days, 14 Hours, 34 Minutes
Server uptime: 34 Days, 14 Hours, 32 Minutes
                   MONTHLY CLIMATOLOGICAL SUMMARY for Jul 2017


NAME: Loughlinstown, Co Dublin, Ireland                  
ELEV: 24 meter    LAT: 53-14.91 N    LONG: 006-08.15 W


                   TEMPERATURE (°C), RAIN (mm), WIND SPEED (km/h)

                                         HEAT   COOL         AVG
      MEAN                               DEG    DEG          WIND                   DOM
DAY   TEMP   HIGH   TIME    LOW   TIME   DAYS   DAYS   RAIN  SPEED   HIGH   TIME    DIR
---------------------------------------------------------------------------------------
 01   15.4   20.9  12:30    8.4  05:40    1.5    0.0    0.0    8.3   41.8  18:10    274
 02   16.5   22.8  19:20   10.7  05:00    0.8    0.0    0.0    8.3   29.0  03:00    260
 03   16.2   19.4  13:20   14.3  23:20    1.0    0.0    0.0    6.7   31.0  04:40    258
 04   17.8   22.2  16:30   14.4  00:10    0.1    0.0    0.0    6.3   38.2  13:10    233
 05   15.2   17.9  10:00   13.2  04:40    1.6    0.0    0.2    2.9   20.0  17:30     81
 06   17.2   21.1  09:00   12.8  05:40    0.4    0.0    0.0    2.1   23.6  19:30     44
 07   17.1   21.3  11:00   14.0  02:00    0.5    0.0    0.2    5.1   29.0  19:50    255
 08   15.9   19.8  20:00   10.9  04:00    1.2    0.0    0.0    2.9   21.8  13:20     89
 09   18.0   24.8  11:20   13.3  04:40    0.0    0.0    0.0    5.7   29.0  07:10    258
 10   15.2   18.9  13:20   13.6  06:30    1.6    0.0    0.8    5.1   27.2  00:40    275
 11   14.0   18.4  11:00   10.0  00:00    2.2    0.0    0.0    4.0   23.6  17:40     22
 12   14.9   20.1  12:00    9.3  01:10    1.7    0.0    0.2    4.3   20.0  13:40     82
 13   16.6   23.1  18:00    8.8  06:00    0.8    0.0    0.0    5.4   40.0  19:50    254
 14   16.6   23.6  14:40   12.5  05:20    0.8    0.0    0.0    7.4   34.6  09:10    274
 15   21.0   27.5  18:20   17.0  01:30    0.0    1.7    0.0    9.8   47.2  19:40    242
 16   18.7   24.1  17:40   13.8  23:10    0.0    0.4    0.0    6.6   31.0  15:00    282
 17   17.7   23.1  10:30   11.4  05:50    0.2    0.0    0.0    3.4   16.4  00:20     17
 18   17.0   22.3  16:30    8.5  05:20    0.6    0.0    0.0    1.5   16.4  11:40     82
 19   16.4   19.8  18:00   11.8  00:00    0.9    0.0    5.2    4.7   41.8  18:40    258
 20   14.1   21.2  13:20    9.8  06:50    2.1    0.0    3.4    7.1   40.0  14:30    244
 21   14.5   17.5  15:40   11.9  02:20    1.9    0.0    7.0   10.2   43.6  05:40    133
 22   15.2   20.4  14:20   11.4  22:40    1.5    0.0    1.2    3.8   21.8  02:40     88
 23   17.2   22.8  17:50   11.9  01:40    0.4    0.0    1.2    4.3   21.8  13:30    319
 24   19.9   26.2  16:50   13.9  05:30    0.0    1.1    0.0    8.9   34.6  12:30    290
 25   16.1   18.7  16:10   14.1  04:50    1.1    0.0    0.0    4.5   21.8  16:30     90
 26   17.3   21.4  15:00   11.6  23:50    0.4    0.0    6.2   11.0   49.2  19:20    248
 27   15.4   21.0  17:00   11.5  00:10    1.5    0.0    0.0   10.9   51.0  17:40    228
 28   16.5   20.4  19:00   13.4  02:40    0.8    0.0    0.0   12.2   40.0  03:30    227
 29   16.4   21.9  14:00   13.3  05:30    0.9    0.0    0.0    9.6   38.2  02:50    229
 30   15.1   21.4  14:20   12.3  22:30    1.6    0.0    3.6    7.9   40.0  13:20    225
 31   15.9   22.3  15:40   12.2  05:50    1.2    0.0    0.8    9.5   40.0  04:00    226
---------------------------------------------------------------------------------------
      16.5   27.5     15    8.4     01   29.3    3.2   30.0    6.5   51.0     27    245
    
Updated: 07/11/18 08:10:00