Loughlinstown, Co Dublin, Ireland

53° 14.91' N | 006° 08.15' W | 24 meter | Show on map

Climate Summary March 2017

11/12/18 23:40:00 GMT

Station: Vantage Vue
Software: WeeWX v3.8.2
Weewx uptime: 34 Days, 15 Hours, 24 Minutes
Server uptime: 34 Days, 15 Hours, 22 Minutes
                   MONTHLY CLIMATOLOGICAL SUMMARY for Mar 2017


NAME: Loughlinstown, Co Dublin, Ireland                  
ELEV: 24 meter    LAT: 53-14.91 N    LONG: 006-08.15 W


                   TEMPERATURE (°C), RAIN (mm), WIND SPEED (km/h)

                                         HEAT   COOL         AVG
      MEAN                               DEG    DEG          WIND                   DOM
DAY   TEMP   HIGH   TIME    LOW   TIME   DAYS   DAYS   RAIN  SPEED   HIGH   TIME    DIR
---------------------------------------------------------------------------------------
 01    5.9   11.1  12:00    3.0  06:50    6.7    0.0    2.2   11.1   76.4  23:00    248
 02    6.6    8.8  11:30    3.9  05:30    6.3    0.0    2.4   14.5   78.2  03:00    248
 03    7.3    9.1  16:00    5.8  02:50    6.0    0.0   15.2    6.7   32.8  12:00    101
 04    6.9    9.8  10:00    5.6  19:50    6.1    0.0    1.2    8.6   41.8  20:10    237
 05    5.7    8.0  12:40    4.1  07:50    6.8    0.0    2.4    8.3   40.0  16:40    267
 06    4.6    9.3  10:10   -0.4  06:20    7.5    0.0    4.8    5.6   38.2  22:00    273
 07    6.6   12.3  23:00    1.6  06:40    6.3    0.0    1.2    7.6   45.4  23:00    167
 08   10.6   15.0  16:20    7.9  06:30    4.1    0.0    0.0    7.2   49.2  00:10    247
 09    9.9   14.3  12:40    7.9  07:30    4.5    0.0    0.0   10.3   65.4  03:00    256
 10   10.5   12.9  11:20    8.2  02:00    4.1    0.0    0.0    8.2   49.2  22:20    154
 11    9.5   11.8  12:30    6.3  19:50    4.7    0.0    2.2    1.6   21.8  02:00    135
 12    8.5   13.4  13:40    4.4  23:30    5.3    0.0    2.4    7.6   47.2  10:10    278
 13   11.7   16.2  14:40    4.8  01:10    3.5    0.0    0.0    7.3   34.6  20:20    253
 14   12.7   16.3  13:10    9.7  00:00    2.9    0.0    0.0    9.2   36.4  13:20    258
 15   11.3   16.7  12:50    4.4  06:50    3.7    0.0    0.0    3.0   27.2  14:00    126
 16    9.4   14.4  10:10    4.7  21:30    4.8    0.0    0.6    8.5   47.2  13:30    253
 17    9.1   12.6  19:20    4.9  01:30    4.9    0.0    0.4   19.6   91.0  21:10    248
 18   12.9   16.6  13:40   10.9  06:40    2.8    0.0    0.0   15.2   56.4  00:10    261
 19   12.8   16.4  12:50   10.6  21:10    2.9    0.0    0.0   13.3   60.0  13:20    245
 20    8.6   12.1  13:10    2.9  00:00    5.2    0.0    0.6   14.4   51.0  20:10    248
 21    5.4   10.3  14:30    1.9  04:50    7.0    0.0    2.0   12.5   49.2  03:50    236
 22    4.7    5.6  23:10    3.6  00:30    7.4    0.0   21.4   13.6   45.4  20:10      3
 23    7.8   10.2  10:00    5.2  01:10    5.7    0.0    2.4   11.7   43.6  06:10     24
 24    7.4   11.4  13:00    1.5  00:00    5.9    0.0    0.0    5.4   25.4  02:20     41
 25    7.1   14.8  12:10   -0.5  06:30    6.1    0.0    0.0    2.4   16.4  09:20    329
 26    8.6   14.0  09:50    1.1  07:20    5.2    0.0    0.0    3.1   20.0  04:20     45
 27    8.9   13.1  12:20    3.4  00:00    5.1    0.0    0.0    2.6   18.2  15:30     71
 28    8.7   12.4  17:40    2.9  00:30    5.2    0.0    1.4    5.2   34.6  23:00    133
 29   11.7   16.3  15:20    8.6  03:40    3.5    0.0    0.2    7.0   38.2  10:00    141
 30   11.8   15.1  13:20   10.4  05:20    3.4    0.0    1.0    7.3   29.0  13:10    129
 31   11.7   14.4  14:30    8.5  23:10    3.5    0.0    1.0    8.5   43.6  18:20    171
---------------------------------------------------------------------------------------
       8.9   16.7     15   -0.5     25  157.3    0.0   65.0    8.6   91.0     17    244
    
Updated: 07/11/18 08:10:00