Loughlinstown, Co Dublin, Ireland

53° 14.91' N | 006° 08.15' W | 24 meter | Show on map

Climate Summary February 2017

11/12/18 22:50:00 GMT

Station: Vantage Vue
Software: WeeWX v3.8.2
Weewx uptime: 34 Days, 14 Hours, 34 Minutes
Server uptime: 34 Days, 14 Hours, 32 Minutes
                   MONTHLY CLIMATOLOGICAL SUMMARY for Feb 2017


NAME: Loughlinstown, Co Dublin, Ireland                  
ELEV: 24 meter    LAT: 53-14.91 N    LONG: 006-08.15 W


                   TEMPERATURE (°C), RAIN (mm), WIND SPEED (km/h)

                                         HEAT   COOL         AVG
      MEAN                               DEG    DEG          WIND                   DOM
DAY   TEMP   HIGH   TIME    LOW   TIME   DAYS   DAYS   RAIN  SPEED   HIGH   TIME    DIR
---------------------------------------------------------------------------------------
 01    7.5   10.3  00:00    3.1  06:20    5.8    0.0    3.2    9.5   49.2  13:50    139
 02   10.0   10.7  12:50    9.2  00:00    4.4    0.0   18.6   20.2   83.6  16:00    142
 03    5.3    9.2  00:10    2.4  00:00    7.1    0.0   12.0    5.9   49.2  01:40    208
 04    3.6    7.3  10:20   -1.0  23:50    8.0    0.0    0.0    4.5   29.0  02:00    204
 05    2.4    8.6  14:00   -3.2  05:20    8.7    0.0    0.2    3.1   31.0  14:40    261
 06    5.2    8.6  19:20   -1.3  02:10    7.1    0.0    5.8   11.1   69.2  13:10    144
 07    5.3    9.1  15:20    1.6  07:50    7.0    0.0    0.0    6.1   31.0  16:50    282
 08    4.5    9.0  12:00   -0.6  07:20    7.5    0.0    0.0    4.3   34.6  22:50    164
 09    4.8    6.6  00:10    3.1  19:00    7.3    0.0    0.0   12.4   40.0  08:20    126
 10    3.8    4.6  20:40    3.2  01:00    7.9    0.0    0.0    8.7   36.4  23:00     75
 11    3.9    5.5  16:10    1.4  07:50    7.8    0.0    2.6   14.2   51.0  16:30      9
 12    4.8    5.6  00:10    3.9  16:10    7.3    0.0    2.6   18.7   51.0  03:30     57
 13    7.5    9.7  14:10    5.5  00:40    5.8    0.0    0.0   11.7   38.2  03:20     73
 14    7.0    8.2  23:00    5.5  02:00    6.1    0.0    2.6    6.8   32.8  07:10    129
 15    9.8   14.3  13:50    7.8  23:40    4.5    0.0    0.2    8.2   38.2  00:00    177
 16    8.9   10.3  14:30    5.5  04:30    5.1    0.0    0.0    8.7   40.0  11:10    230
 17    9.1   11.2  13:50    5.6  08:00    5.0    0.0    0.0    6.3   38.2  13:10    145
 18   10.8   13.8  16:20    8.6  23:00    4.0    0.0    0.0    7.8   32.8  00:10    183
 19   11.8   14.3  15:40    7.4  01:50    3.5    0.0    0.0    7.4   40.0  23:40    254
 20   12.4   14.7  15:00   10.1  23:30    3.1    0.0    0.2   11.9   58.2  08:30    268
 21   11.6   14.3  13:00    8.5  04:10    3.6    0.0    0.4   12.0   67.2  23:30    244
 22   10.2   12.7  15:00    8.5  05:30    4.4    0.0    5.4   12.8   78.2  01:10    267
 23    6.7   11.4  03:00    3.6  23:30    6.3    0.0    5.8   23.8  102.0  07:30    266
 24    6.9   10.1  12:00    3.3  05:20    6.2    0.0    0.2    8.0   41.8  00:30    247
 25   10.3   14.3  14:10    7.5  00:00    4.3    0.0    1.4   11.1   54.6  05:40    206
 26    8.4   12.1  14:00    4.8  21:50    5.3    0.0    2.4   14.6   65.4  11:20    208
 27    4.8    9.8  15:20    1.6  07:40    7.3    0.0    0.2    7.0   32.8  00:30    239
 28    5.1    8.9  12:30    1.4  02:40    7.1    0.0   12.4   17.7   71.0  12:40    272
---------------------------------------------------------------------------------------
       7.2   14.7     20   -3.2     05  167.4    0.0   76.2   10.5  102.0     23    206
    
Updated: 07/11/18 08:10:00