Loughlinstown, Co Dublin, Ireland

53° 14.91' N | 006° 08.15' W | 24 meter | Show on map

Climate Summary November 2016

11/12/18 22:50:00 GMT

Station: Vantage Vue
Software: WeeWX v3.8.2
Weewx uptime: 34 Days, 14 Hours, 34 Minutes
Server uptime: 34 Days, 14 Hours, 32 Minutes
                   MONTHLY CLIMATOLOGICAL SUMMARY for Nov 2016


NAME: Loughlinstown, Co Dublin, Ireland                  
ELEV: 24 meter    LAT: 53-14.91 N    LONG: 006-08.15 W


                   TEMPERATURE (°C), RAIN (mm), WIND SPEED (km/h)

                                         HEAT   COOL         AVG
      MEAN                               DEG    DEG          WIND                   DOM
DAY   TEMP   HIGH   TIME    LOW   TIME   DAYS   DAYS   RAIN  SPEED   HIGH   TIME    DIR
---------------------------------------------------------------------------------------
 01    9.2   12.6  12:30    4.6  22:30    4.9    0.0    0.0    7.9   38.2  08:10    349
 02    7.0   11.6  13:10    3.9  22:10    6.1    0.0    0.0    4.2   25.4  11:40    282
 03    8.7   11.8  15:30    6.4  00:10    5.2    0.0    0.2    4.5   32.8  19:30    234
 04    7.8   10.6  13:00    5.8  04:40    5.7    0.0    0.2   10.5   36.4  17:50    273
 05    6.1    9.5  11:50    3.1  23:40    6.6    0.0    0.0    9.9   34.6  13:10    298
 06    5.4    9.1  12:10    2.3  06:40    7.0    0.0    0.0   10.8   38.2  14:50    301
 07    5.5    9.3  13:10    2.3  07:30    7.0    0.0    0.0    6.0   25.4  00:30    289
 08    6.0    9.8  19:00    1.8  06:10    6.6    0.0    8.8    5.2   41.8  22:50    254
 09    7.5   10.8  14:30    4.8  01:50    5.8    0.0    0.0   12.5   43.6  02:10    272
 10    8.0   10.6  13:40    6.1  00:00    5.6    0.0    0.0   13.2   41.8  06:50    276
 11    7.2   12.2  23:30   -0.4  06:30    6.0    0.0    2.6    7.9   47.2  19:40    160
 12   10.7   13.2  15:10    7.0  00:00    4.1    0.0    0.2   10.3   38.2  00:10    274
 13   10.4   13.8  13:10    6.8  02:00    4.2    0.0    0.2    2.8   32.8  20:00    257
 14   14.8   17.1  11:40   11.7  03:40    1.8    0.0    0.0    5.2   38.2  23:10    240
 15   11.9   16.0  00:40    6.6  19:20    3.4    0.0    0.0    7.3   49.2  00:50    265
 16    9.2   11.2  04:50    6.3  21:30    4.9    0.0    0.2   15.1   60.0  05:30    249
 17    5.0    6.6  00:40    3.1  22:40    7.2    0.0    5.4   16.9   58.2  20:50    247
 18    4.0    7.3  14:00    1.3  07:10    7.8    0.0    0.0   14.2   60.0  22:00    267
 19    2.8    6.2  12:10    0.0  20:00    8.5    0.0    0.0    4.8   36.4  00:10    248
 20    1.9    5.6  15:00   -0.4  22:40    9.0    0.0    1.2    4.3   25.4  07:10    294
 21    5.2    7.5  13:30    0.7  00:10    7.1    0.0    3.6   14.1   58.2  20:10    359
 22    5.2    7.8  13:50    2.9  23:30    7.1    0.0    5.8   12.5   58.2  01:30    310
 23    5.6    8.3  14:30    2.4  04:50    6.9    0.0    4.0    5.7   27.2  00:10    328
 24    7.9    9.4  12:40    7.0  22:50    5.6    0.0    0.0    8.0   29.0  06:50     46
 25    7.6    9.3  11:10    5.3  23:50    5.8    0.0    0.0    4.8   21.8  11:50     30
 26    6.2    9.2  13:00    3.4  02:30    6.6    0.0    0.0    1.2   12.8  13:20    322
 27    8.4    9.9  14:20    7.3  00:10    5.4    0.0    0.0    4.2   29.0  14:10     79
 28    7.5    8.5  00:10    5.4  00:00    5.8    0.0    0.0    5.2   29.0  06:20    108
 29    2.3    9.2  14:30   -1.8  23:40    8.7    0.0    0.0    0.1    7.2  11:20    340
 30    2.4   10.3  12:50   -2.2  02:00    8.6    0.0    0.0    0.4   11.0  12:50    325
---------------------------------------------------------------------------------------
       6.9   17.1     14   -2.2     30  184.8    0.0   32.4    7.7   60.0     16    284
    
Updated: 07/11/18 08:10:00