Loughlinstown, Co Dublin, Ireland

53° 14.91' N | 006° 08.15' W | 24 meter | Show on map

Climate Summary June 2016

11/12/18 23:00:00 GMT

Station: Vantage Vue
Software: WeeWX v3.8.2
Weewx uptime: 34 Days, 14 Hours, 44 Minutes
Server uptime: 34 Days, 14 Hours, 42 Minutes
                   MONTHLY CLIMATOLOGICAL SUMMARY for Jun 2016


NAME: Loughlinstown, Co Dublin, Ireland                  
ELEV: 24 meter    LAT: 53-14.91 N    LONG: 006-08.15 W


                   TEMPERATURE (°C), RAIN (mm), WIND SPEED (km/h)

                                         HEAT   COOL         AVG
      MEAN                               DEG    DEG          WIND                   DOM
DAY   TEMP   HIGH   TIME    LOW   TIME   DAYS   DAYS   RAIN  SPEED   HIGH   TIME    DIR
---------------------------------------------------------------------------------------
 01   14.8   20.0  16:30    9.8  05:40    1.8    0.0    0.0    6.5   29.0  12:10    350
 02   13.8   18.2  14:20    7.0  00:00    2.3    0.0    0.0    4.7   29.0  10:30     13
 03   12.5   17.3  14:00    4.9  04:10    3.0    0.0    0.0    2.9   23.6  14:30     81
 04   14.6   23.1  14:30    6.5  04:00    1.9    0.0    0.0    2.4   16.4  09:20     22
 05   16.8   19.9  13:20   13.4  05:40    0.7    0.0    0.0    2.0   18.2  11:00     82
 06   16.1   21.1  14:30   11.0  04:50    1.1    0.0    4.0    1.5   18.2  22:10     87
 07   16.4   20.6  13:20   11.9  00:00    0.9    0.0    0.2    0.8   12.8  15:00     75
 08   15.7   22.2  10:50   11.9  00:10    1.3    0.0    0.0    2.0   18.2  12:20     71
 09   15.1   21.0  17:50   11.3  03:30    1.6    0.0    0.0    2.9   23.6  12:40     92
 10   16.3   20.1  09:40   13.6  23:40    1.0    0.0    1.4    1.4   20.0  14:40     77
 11   16.0   20.2  12:50   13.4  04:30    1.1    0.0    7.8    1.6   18.2  20:00    107
 12   14.8   19.2  18:00   12.7  05:10    1.8    0.0    3.8    2.5   21.8  03:40    106
 13   13.9   16.2  17:20   12.0  05:50    2.3    0.0    4.6    3.1   20.0  00:40    139
 14   14.4   17.5  13:30   12.8  00:10    2.0    0.0    1.6    1.9   16.4  15:30     57
 15   14.5   18.6  11:00   10.7  00:00    1.9    0.0    2.0    4.2   27.2  11:10    323
 16   12.6   14.3  10:40   10.6  00:10    3.0    0.0    1.6    7.4   31.0  18:10    309
 17   12.8   16.2  15:30    9.9  06:30    2.9    0.0    1.6   10.0   34.6  14:00    293
 18   14.2   18.9  13:30    9.5  04:40    2.1    0.0    0.0    7.9   32.8  02:20    279
 19   16.6   20.1  18:50   13.2  03:50    0.8    0.0    2.4    4.7   40.0  17:40    202
 20   17.1   22.1  15:10   14.2  23:50    0.5    0.0    0.0    8.5   38.2  13:30    262
 21   16.6   22.1  14:40   13.3  05:40    0.8    0.0    0.2    7.0   32.8  17:10    189
 22   16.7   20.9  12:00   12.8  04:00    0.7    0.0    0.0    3.4   23.6  09:20    217
 23   15.8   22.6  17:00    8.8  04:30    1.2    0.0    0.0    4.2   29.0  18:40    175
 24   14.5   17.3  16:10   12.6  03:30    2.0    0.0    6.2    4.9   36.4  18:30    266
 25   15.2   19.0  15:30   12.5  03:50    1.6    0.0    0.0   10.3   36.4  18:10    287
 26   15.3   20.1  17:50   12.1  03:20    1.5    0.0    1.8    5.8   41.8  22:20    273
 27   15.9   20.2  15:50   11.8  04:20    1.2    0.0    0.0   10.9   36.4  16:20    270
 28   12.4   16.7  10:50    8.1  03:00    3.1    0.0    3.0    2.2   25.4  20:00    146
 29   13.8   18.5  13:50   10.4  00:40    2.3    0.0    9.8    7.4   34.6  18:00    260
 30   13.6   18.3  14:10    7.8  04:30    2.4    0.0    0.0    6.0   31.0  20:10    211
---------------------------------------------------------------------------------------
      15.0   23.1     04    4.9     03   50.7    0.0   52.0    4.7   41.8     26    277
    
Updated: 07/11/18 08:10:00