Loughlinstown, Co Dublin, Ireland

53° 14.91' N | 006° 08.15' W | 24 meter | Show on map

Climate Summary May 2016

11/12/18 22:50:00 GMT

Station: Vantage Vue
Software: WeeWX v3.8.2
Weewx uptime: 34 Days, 14 Hours, 34 Minutes
Server uptime: 34 Days, 14 Hours, 32 Minutes
                   MONTHLY CLIMATOLOGICAL SUMMARY for May 2016


NAME: Loughlinstown, Co Dublin, Ireland                  
ELEV: 24 meter    LAT: 53-14.91 N    LONG: 006-08.15 W


                   TEMPERATURE (°C), RAIN (mm), WIND SPEED (km/h)

                                         HEAT   COOL         AVG
      MEAN                               DEG    DEG          WIND                   DOM
DAY   TEMP   HIGH   TIME    LOW   TIME   DAYS   DAYS   RAIN  SPEED   HIGH   TIME    DIR
---------------------------------------------------------------------------------------
 01   12.9   18.6  17:50    6.6  00:10    2.8    0.0    0.0    7.4   36.4  17:40    192
 02   11.6   14.8  13:20    7.7  22:50    3.5    0.0    1.8   14.5   58.2  15:20    251
 03   10.7   15.6  15:50    5.7  05:00    4.0    0.0    0.0   10.0   43.6  00:10    244
 04   11.6   16.9  14:10    7.2  04:10    3.6    0.0    0.0    9.0   41.8  16:30    165
 05   11.6   17.8  10:30    8.3  23:20    3.6    0.0    0.0    4.3   29.0  00:30    130
 06   11.1   15.9  14:00    5.9  04:00    3.9    0.0    0.0    6.4   32.8  17:30    350
 07   11.1   14.3  14:40    9.2  07:00    3.9    0.0    4.8    3.8   23.6  09:10    319
 08   13.7   17.9  13:30   10.7  00:00    2.4    0.0    1.0    1.7   25.4  19:40     78
 09   13.5   17.8  13:10    9.1  03:40    2.5    0.0    0.4    2.3   21.8  11:50     52
 10   12.5   18.3  16:00   10.9  05:40    3.0    0.0   12.0    4.7   31.0  19:20     15
 11   12.3   15.8  17:00   10.5  04:00    3.1    0.0    0.6    4.4   32.8  00:10     11
 12   14.2   19.2  17:50   10.8  06:40    2.1    0.0    1.4    5.6   27.2  00:10    314
 13   13.3   17.1  13:10    9.1  06:10    2.6    0.0    0.0    6.0   23.6  11:30    346
 14   10.7   13.9  15:10    6.4  06:00    4.0    0.0    0.0    3.8   21.8  08:20     58
 15   10.5   15.4  12:50    4.8  03:40    4.2    0.0    0.0    3.9   25.4  13:10     37
 16    9.6   13.7  11:30    3.2  05:00    4.6    0.0    0.0    4.1   29.0  16:50    101
 17   13.0   18.9  11:00    6.4  03:20    2.8    0.0    0.0    4.6   31.0  21:20    149
 18   12.4   17.4  15:20    8.9  04:20    3.1    0.0    0.2    7.7   34.6  00:50    285
 19   12.9   20.9  16:20    7.7  02:30    2.8    0.0    2.8    6.8   38.2  16:10    226
 20   12.9   15.9  12:50   10.6  05:00    2.8    0.0    0.2    9.1   36.4  14:30    193
 21   13.9   20.4  13:00    9.3  23:50    2.3    0.0    5.0    6.0   38.2  14:30    198
 22   11.9   18.3  16:20    7.9  04:00    3.4    0.0    1.0    4.9   31.0  16:50    271
 23   11.3   16.1  10:40    6.1  23:40    3.7    0.0    0.0    5.5   29.0  05:50    300
 24   11.2   16.4  12:30    3.5  04:40    3.8    0.0    0.0    2.9   20.0  13:30     50
 25   11.1   14.1  14:10    9.1  05:20    3.8    0.0    0.0    7.5   34.6  15:20     30
 26   10.7   13.5  16:30    8.0  23:20    4.1    0.0    0.4    3.0   20.0  03:10     22
 27   11.5   16.8  16:30    4.9  05:10    3.6    0.0    0.0    1.8   16.4  12:10     52
 28   13.6   18.8  11:10    8.8  01:30    2.5    0.0    0.0    2.5   18.2  12:50     61
 29   14.4   21.3  12:30    7.9  03:20    2.0    0.0    0.0    2.7   18.2  14:50     21
 30   15.3   21.6  16:40    8.3  04:00    1.5    0.0    0.0    4.9   27.2  10:10    359
 31   16.6   22.3  13:40    9.5  04:30    0.8    0.0    0.0    7.5   32.8  18:30    352
---------------------------------------------------------------------------------------
      12.4   22.3     31    3.2     16   96.7    0.0   31.6    5.5   58.2     02    305
    
Updated: 07/11/18 08:10:00