Loughlinstown, Co Dublin, Ireland

53° 14.91' N | 006° 08.15' W | 24 meter | Show on map

Climate Summary April 2016

11/12/18 22:50:00 GMT

Station: Vantage Vue
Software: WeeWX v3.8.2
Weewx uptime: 34 Days, 14 Hours, 34 Minutes
Server uptime: 34 Days, 14 Hours, 32 Minutes
                   MONTHLY CLIMATOLOGICAL SUMMARY for Apr 2016


NAME: Loughlinstown, Co Dublin, Ireland                  
ELEV: 24 meter    LAT: 53-14.91 N    LONG: 006-08.15 W


                   TEMPERATURE (°C), RAIN (mm), WIND SPEED (km/h)

                                         HEAT   COOL         AVG
      MEAN                               DEG    DEG          WIND                   DOM
DAY   TEMP   HIGH   TIME    LOW   TIME   DAYS   DAYS   RAIN  SPEED   HIGH   TIME    DIR
---------------------------------------------------------------------------------------
 01    8.2   10.3  17:10    3.6  00:30    5.4    0.0    2.4   10.8   63.6  10:00    157
 02    7.9    9.4  16:20    6.3  06:40    5.6    0.0    7.8    5.7   41.8  22:40    136
 03    7.7    9.7  18:10    6.2  01:20    5.7    0.0    2.6    8.7   34.6  01:00    137
 04    8.7   10.5  13:30    7.2  01:20    5.1    0.0    2.2    1.8   20.0  17:30    292
 05    8.8   13.8  16:30    5.0  06:30    5.1    0.0    0.4    8.1   32.8  16:10    262
 06    7.2    9.9  11:20    4.0  14:30    6.0    0.0    6.8   20.0   72.8  15:40    260
 07    8.5   13.4  14:10    5.1  04:30    5.3    0.0    0.4   17.9   56.4  04:30    277
 08    7.4   10.1  10:50    3.9  00:00    5.9    0.0    1.4    9.1   43.6  18:50    241
 09    4.6    9.7  10:30   -0.6  00:00    7.5    0.0    0.0    4.2   29.0  00:50    144
 10    6.2   11.0  14:30   -1.6  03:50    6.5    0.0    0.6   10.9   43.6  11:30     76
 11    7.9    8.6  18:10    7.2  05:30    5.6    0.0   23.4    9.1   45.4  04:20     65
 12    9.3   14.9  17:10    4.0  23:50    4.8    0.0    0.0    1.4   18.2  15:50     71
 13    7.3   11.7  16:10    2.2  02:40    5.9    0.0    0.2    1.6   14.6  12:30     65
 14    8.8   11.8  15:00    7.1  22:50    5.1    0.0    0.8    5.2   27.2  17:20     21
 15    7.5   11.0  13:10    2.4  23:30    5.8    0.0    5.2    8.3   36.4  19:30    319
 16    5.5   11.4  12:20    0.9  05:50    6.9    0.0    0.2    8.4   34.6  19:30    305
 17    7.4   14.3  14:20    1.7  03:20    5.9    0.0    0.0    6.6   25.4  11:50    263
 18   10.4   15.1  16:10    7.4  04:30    4.2    0.0    0.0    8.9   38.2  10:20    265
 19    9.0   12.9  14:50    2.2  00:00    5.0    0.0    0.0    2.7   18.2  15:20     66
 20    8.0   14.1  15:30    1.0  04:50    5.6    0.0    0.0    3.0   20.0  19:20     54
 21    9.3   14.3  16:00    2.4  05:20    4.8    0.0    0.0    4.0   23.6  11:10     10
 22    9.5   13.1  13:50    6.7  00:00    4.7    0.0    0.0    5.7   32.8  15:40     27
 23    8.3   14.1  11:30    3.7  06:30    5.4    0.0    0.0    4.7   29.0  13:00    349
 24    9.3   14.1  16:00    3.8  05:10    4.9    0.0    0.0    9.9   38.2  13:10    285
 25    8.8   14.3  13:30    4.1  00:00    5.1    0.0    0.0   13.8   45.4  17:40    310
 26    6.2   11.2  14:20    1.8  05:50    6.6    0.0    0.2   13.2   43.6  14:20    307
 27    5.3    9.7  12:30    1.4  06:50    7.1    0.0    1.6    7.9   32.8  16:10    298
 28    5.5   11.1  12:10    1.8  04:10    6.9    0.0    2.4   13.1   61.8  19:00    262
 29    6.6   12.8  17:10    2.5  04:20    6.3    0.0    0.2   13.0   54.6  04:00    282
 30    8.2   13.6  13:20    4.8  01:20    5.4    0.0    0.0    8.4   32.8  12:00    256
---------------------------------------------------------------------------------------
       7.8   15.1     18   -1.6     10  170.4    0.0   58.8    8.2   72.8     06    287
    
Updated: 07/11/18 08:10:00