Loughlinstown, Co Dublin, Ireland

53° 14.91' N | 006° 08.15' W | 24 meter | Show on map

Climate Summary February 2016

11/12/18 22:50:00 GMT

Station: Vantage Vue
Software: WeeWX v3.8.2
Weewx uptime: 34 Days, 14 Hours, 34 Minutes
Server uptime: 34 Days, 14 Hours, 32 Minutes
                   MONTHLY CLIMATOLOGICAL SUMMARY for Feb 2016


NAME: Loughlinstown, Co Dublin, Ireland                  
ELEV: 24 meter    LAT: 53-14.91 N    LONG: 006-08.15 W


                   TEMPERATURE (°C), RAIN (mm), WIND SPEED (km/h)

                                         HEAT   COOL         AVG
      MEAN                               DEG    DEG          WIND                   DOM
DAY   TEMP   HIGH   TIME    LOW   TIME   DAYS   DAYS   RAIN  SPEED   HIGH   TIME    DIR
---------------------------------------------------------------------------------------
 01   10.1   12.7  08:40    6.2  22:40    4.4    0.0    0.0   29.1   96.4  11:40    250
 02    5.4    7.7  14:20    2.7  00:00    7.0    0.0    0.8   21.7   72.8  05:20    255
 03    5.9    8.6  00:00    2.8  00:10    6.7    0.0    0.2   18.7   74.6  04:30    258
 04   11.0   13.2  15:20    8.5  00:10    3.9    0.0    0.0   13.6   60.0  01:50    258
 05    8.1   10.7  00:10    2.9  21:40    5.5    0.0    3.2    8.9   38.2  01:10    184
 06    6.2    9.7  13:20    3.9  00:20    6.6    0.0    5.0   10.8   58.2  16:10    177
 07    5.5    9.4  18:00    2.8  03:50    6.9    0.0    3.4   17.0   81.8  19:40    227
 08    6.2    9.0  13:00    4.1  22:50    6.5    0.0    3.6   26.7   78.2  18:20    248
 09    3.7    5.0  11:50    2.6  19:40    8.0    0.0    3.0   20.4   81.8  14:40    260
 10    4.2    8.7  15:20   -0.6  23:10    7.7    0.0    0.0    7.0   36.4  00:50    276
 11    2.5    8.3  12:30   -1.9  05:50    8.6    0.0    7.4    0.7   12.8  14:30    358
 12    4.3    7.3  13:00   -0.6  00:10    7.6    0.0    4.0    5.1   41.8  23:50    117
 13    6.1    6.9  12:40    5.6  16:30    6.6    0.0    0.2   11.7   49.2  00:50     87
 14    4.8    7.3  13:20    2.1  23:30    7.3    0.0    0.2   11.1   40.0  06:50     34
 15    3.0    7.4  12:10   -0.4  20:10    8.3    0.0    0.0    4.7   25.4  00:20    298
 16    7.2    9.2  22:40    3.1  00:10    6.0    0.0    3.8   14.9   65.4  10:40    161
 17    3.3    6.9  00:10   -2.2  22:00    8.2    0.0    6.2    4.1   31.0  12:00    285
 18    4.2    8.5  14:50   -1.3  00:10    7.7    0.0    0.0    7.4   29.0  13:40    241
 19    7.9   11.7  14:50    2.3  01:40    5.6    0.0    0.0   11.9   67.2  18:50    231
 20    9.0   11.1  12:10    7.3  09:30    5.0    0.0    1.8   18.0   67.2  02:30    265
 21   11.1   14.3  12:40    5.5  00:00    3.8    0.0    0.6   17.8   74.6  08:20    256
 22    5.8    9.5  14:20    2.4  07:00    6.8    0.0    0.0    8.8   40.0  10:20    272
 23    4.0    8.8  13:20   -2.1  00:00    7.8    0.0    0.0    5.5   21.8  01:10    313
 24    2.7    9.3  15:00   -3.6  07:30    8.5    0.0    0.0    4.1   25.4  11:50    294
 25    3.2    6.3  12:00   -0.7  02:10    8.2    0.0    0.0    1.4   21.8  23:20    158
 26    5.7    8.5  14:30    3.2  03:40    6.8    0.0    0.6    6.1   34.6  12:00    123
 27    6.0    7.3  12:10    4.3  18:50    6.7    0.0    0.0    5.5   25.4  00:10     57
 28    5.3    9.1  14:00   -1.0  23:20    7.0    0.0    0.0    3.3   20.0  00:40     55
 29    5.5   11.6  23:20   -0.9  00:10    6.9    0.0    5.8    8.1   52.8  13:40    162
---------------------------------------------------------------------------------------
       5.8   14.3     21   -3.6     24  196.7    0.0   49.8   11.2   96.4     01    244
    
Updated: 07/11/18 08:10:00