Loughlinstown, Co Dublin, Ireland

53° 14.91' N | 006° 08.15' W | 24 meter | Show on map

Climate Summary April 2015

11/12/18 22:50:00 GMT

Station: Vantage Vue
Software: WeeWX v3.8.2
Weewx uptime: 34 Days, 14 Hours, 34 Minutes
Server uptime: 34 Days, 14 Hours, 32 Minutes
                   MONTHLY CLIMATOLOGICAL SUMMARY for Apr 2015


NAME: Loughlinstown, Co Dublin, Ireland                  
ELEV: 24 meter    LAT: 53-14.91 N    LONG: 006-08.15 W


                   TEMPERATURE (°C), RAIN (mm), WIND SPEED (km/h)

                                         HEAT   COOL         AVG
      MEAN                               DEG    DEG          WIND                   DOM
DAY   TEMP   HIGH   TIME    LOW   TIME   DAYS   DAYS   RAIN  SPEED   HIGH   TIME    DIR
---------------------------------------------------------------------------------------
 01    8.1   11.5  20:20    4.3  01:10    5.5    0.0    0.0   17.3   54.6  19:30    267
 02    7.0    8.6  18:30    5.3  06:00    6.1    0.0    7.4    4.4   27.2  14:10    101
 03    9.6   12.5  16:00    7.6  23:10    4.7    0.0    2.0   12.9   49.2  11:10    300
 04   10.4   17.0  17:20    6.6  22:20    4.2    0.0    0.0    6.9   38.2  04:10    301
 05    9.1   11.7  13:50    6.4  05:20    4.9    0.0    0.0    2.3   16.4  09:50     98
 06    8.2   15.1  17:50    1.3  07:00    5.5    0.0    0.0    1.6   14.6  10:00     81
 07    9.7   15.5  09:50    4.4  01:30    4.6    0.0    0.0    2.3   16.4  15:30     74
 08    8.9   14.3  17:00    3.6  06:40    5.1    0.0    0.2    2.9   25.4  13:30    107
 09    9.7   16.2  17:00    3.1  07:20    4.6    0.0    0.0    3.1   29.1  15:40    112
 10    9.7   15.8  13:20    1.7  04:00    4.6    0.0    0.0    7.6   45.4  15:20    157
 11    8.1   12.3  14:40    4.1  05:00    5.5    0.0    2.4   13.4   49.2  02:40    247
 12    7.8   12.3  09:30    3.9  21:40    5.7    0.0    4.8    9.5   61.8  08:50    234
 13   10.9   17.2  15:30    3.6  03:20    4.0    0.0    0.0    7.0   38.2  14:10    185
 14   13.4   19.5  17:50    9.4  23:40    2.6    0.0    0.0    6.2   40.0  05:30    227
 15    9.3   12.2  17:20    5.9  23:00    4.8    0.0    0.2    4.4   38.2  08:40    275
 16    8.1   12.4  13:00    3.3  23:40    5.5    0.0    0.0    3.1   21.8  13:20     63
 17    8.6   15.2  13:40    2.1  03:20    5.2    0.0    0.0    3.3   21.8  12:30      3
 18    9.1   11.8  13:10    6.3  23:50    4.9    0.0    0.0    7.0   31.0  05:10     71
 19    7.9   12.1  14:00    3.2  04:20    5.6    0.0    0.0    5.4   29.0  16:30     34
 20    9.3   13.1  13:20    4.7  00:00    4.9    0.0    0.0    3.0   20.0  12:30     93
 21    9.5   15.5  12:20    1.5  05:40    4.7    0.0    0.0    2.4   18.2  14:50     58
 22   10.0   16.2  13:10    3.3  06:10    4.4    0.0    0.0    2.4   20.0  13:40     47
 23   10.9   17.4  16:30    3.2  05:10    4.0    0.0    0.0    3.2   23.6  17:30    102
 24   10.0   15.7  13:40    3.4  05:50    4.4    0.0    0.0    3.5   29.0  16:20    127
 25    8.7   12.9  09:00    4.6  00:00    5.2    0.0    7.0    6.1   36.4  10:40    320
 26    6.5   12.1  12:00    1.6  04:40    6.4    0.0    0.0    5.2   34.6  17:50    325
 27    5.5   12.3  13:20   -2.0  06:00    6.9    0.0    1.2   10.8   60.0  19:50    257
 28    7.6   12.4  12:40    3.1  03:50    5.8    0.0    0.8   14.9   49.2  13:40    243
 29    7.9   13.4  14:20    3.9  06:10    5.6    0.0    2.8   14.4   54.6  21:50    251
 30    8.5   13.8  11:50    3.2  23:50    5.3    0.0    0.0    8.3   38.2  02:00    308
---------------------------------------------------------------------------------------
       8.9   19.5     14   -2.0     27  151.1    0.0   28.8    6.5   61.8     12    258
    
Updated: 07/11/18 08:10:00