Loughlinstown, Co Dublin, Ireland

53° 14.91' N | 006° 08.15' W | 24 meter | Show on map

Climate Summary February 2015

11/12/18 22:50:00 GMT

Station: Vantage Vue
Software: WeeWX v3.8.2
Weewx uptime: 34 Days, 14 Hours, 34 Minutes
Server uptime: 34 Days, 14 Hours, 32 Minutes
                   MONTHLY CLIMATOLOGICAL SUMMARY for Feb 2015


NAME: Loughlinstown, Co Dublin, Ireland                  
ELEV: 24 meter    LAT: 53-14.91 N    LONG: 006-08.15 W


                   TEMPERATURE (°C), RAIN (mm), WIND SPEED (km/h)

                                         HEAT   COOL         AVG
      MEAN                               DEG    DEG          WIND                   DOM
DAY   TEMP   HIGH   TIME    LOW   TIME   DAYS   DAYS   RAIN  SPEED   HIGH   TIME    DIR
---------------------------------------------------------------------------------------
 01    2.0    5.2  13:40    0.0  07:10    8.9    0.0    0.0   11.9   43.6  01:30    282
 02    1.9    5.3  12:10   -0.4  22:20    8.9    0.0    0.0    5.8   25.4  13:20    297
 03    1.0    5.7  14:20   -3.2  07:20    9.4    0.0    0.0    4.6   23.6  15:10    297
 04    2.2    5.8  13:50   -0.7  06:40    8.8    0.0    0.0    6.5   27.2  13:00    302
 05    5.4    8.3  12:50    2.8  00:10    7.0    0.0    0.0    6.9   31.0  09:40    307
 06    5.5    7.0  14:20    2.7  08:20    6.9    0.0    0.0    2.2   20.0  04:20     16
 07    6.0    7.6  16:50    4.2  00:00    6.7    0.0    0.0    5.2   23.6  12:30    319
 08    3.0    8.2  15:30   -0.4  23:20    8.3    0.0    0.2    1.9   20.0  20:20    325
 09    2.6    6.6  14:30   -2.5  06:50    8.5    0.0    0.0    5.3   34.6  13:40    299
 10    3.5    4.9  14:00    2.1  07:40    8.1    0.0    0.0    3.4   23.6  15:40    157
 11    4.7    6.1  12:50    3.1  02:30    7.4    0.0    0.0    0.6   11.0  00:10    223
 12    5.7    7.6  12:30    4.7  00:10    6.8    0.0    0.8    3.5   32.8  23:20    161
 13    6.8    8.9  10:30    5.3  18:30    6.2    0.0   11.2    9.8   51.0  08:20    150
 14    6.4    9.3  13:20    1.8  00:00    6.4    0.0    0.2    3.5   23.6  03:40    348
 15    5.4    9.5  13:10    0.0  06:00    7.0    0.0    5.2    6.9   43.6  14:20    151
 16    5.8    8.5  13:40    2.6  00:00    6.8    0.0    0.2   11.2   41.8  12:00    278
 17    6.0   10.1  13:50    1.4  03:40    6.7    0.0    0.0    6.5   32.8  13:20    229
 18   10.5   12.9  13:30    8.2  03:30    4.1    0.0    0.0    8.3   47.2  19:10    170
 19    7.6   10.6  00:50    3.7  23:50    5.8    0.0    1.0    8.6   45.4  13:00    239
 20    4.3    8.1  15:50    2.3  23:00    7.6    0.0    0.8   10.2   41.8  22:40    263
 21    3.8    7.7  16:00    1.8  03:50    7.9    0.0    0.0   15.5   49.2  09:20    275
 22    6.1   12.1  15:00    1.8  03:00    6.6    0.0    3.0   18.7   81.8  19:30    240
 23    4.2    7.1  13:00    1.9  05:50    7.7    0.0    4.4   24.6   83.6  21:10    244
 24    6.1    8.7  13:10    3.8  07:30    6.6    0.0    0.8   20.4   61.8  09:00    262
 25   10.1   14.8  15:20    6.9  04:20    4.4    0.0    0.2    5.6   43.6  16:10    241
 26    7.6   13.3  01:50    3.0  23:40    5.8    0.0    1.8   14.8   56.4  05:50    260
 27    6.1    9.4  14:30    1.8  05:10    6.6    0.0    0.0   12.6   51.0  20:40    210
 28    9.4   12.6  17:40    6.9  00:00    4.8    0.0    0.4   17.0   83.6  21:30    234
---------------------------------------------------------------------------------------
       5.4   14.8     25   -3.2     03  196.7    0.0   30.2    9.0   83.6     23    254
    
Updated: 07/11/18 08:10:00