Loughlinstown, Co Dublin, Ireland

53° 14.91' N | 006° 08.15' W | 24 meter | Show on map

Climate Summary June 2014

11/12/18 22:50:00 GMT

Station: Vantage Vue
Software: WeeWX v3.8.2
Weewx uptime: 34 Days, 14 Hours, 34 Minutes
Server uptime: 34 Days, 14 Hours, 32 Minutes
                   MONTHLY CLIMATOLOGICAL SUMMARY for Jun 2014


NAME: Loughlinstown, Co Dublin, Ireland                  
ELEV: 24 meter    LAT: 53-14.91 N    LONG: 006-08.15 W


                   TEMPERATURE (°C), RAIN (mm), WIND SPEED (km/h)

                                         HEAT   COOL         AVG
      MEAN                               DEG    DEG          WIND                   DOM
DAY   TEMP   HIGH   TIME    LOW   TIME   DAYS   DAYS   RAIN  SPEED   HIGH   TIME    DIR
---------------------------------------------------------------------------------------
 01   15.8   20.4  13:50   12.5  05:40    1.2    0.0    0.0    5.9   31.0  19:40    159
 02   15.2   19.2  12:30   12.8  00:00    1.6    0.0    0.0    4.6   23.6  07:20    254
 03   13.0   18.4  15:00    9.7  00:00    2.8    0.0   14.8    4.9   29.0  06:30    257
 04   11.6   17.5  17:30    8.3  06:00    3.5    0.0    4.8    9.6   31.0  12:40    295
 05   12.9   18.7  13:50    7.8  05:20    2.8    0.0    0.0    7.2   31.0  02:20    249
 06   12.9   16.8  22:20    5.8  02:10    2.9    0.0    0.0    4.8   31.0  13:50    131
 07   15.2   19.8  16:30   13.1  05:10    1.5    0.0    3.4    5.2   40.0  18:20    139
 08   14.4   18.7  18:20   11.7  03:30    2.0    0.0   16.2    8.2   38.2  08:00    148
 09   14.3   16.9  12:10   11.4  05:00    2.0    0.0    0.2    7.2   36.4  10:30    135
 10   13.6   18.6  14:50   10.3  23:50    2.4    0.0    4.2    4.8   31.0  12:00    153
 11   14.8   19.6  09:10    9.2  01:30    1.8    0.0    0.0    1.9   21.8  10:00    199
 12   15.6   20.4  17:30    8.4  05:20    1.3    0.0    0.0    1.5   16.4  17:30     95
 13   15.9   20.7  09:50   11.3  04:20    1.2    0.0    0.0    1.2   14.6  14:30     97
 14   16.6   20.7  14:50   11.4  01:00    0.8    0.0    0.0    3.4   20.0  03:50    319
 15   17.1   21.6  13:40   13.4  23:30    0.5    0.0    0.0    5.1   23.6  12:40    348
 16   15.5   19.9  18:30   11.3  02:50    1.4    0.0    0.0    4.4   21.8  11:00      9
 17   16.3   21.7  18:40   10.1  05:00    1.0    0.0    0.0    2.3   16.4  14:30     85
 18   17.3   23.9  09:10   11.3  04:40    0.4    0.0    0.0    2.3   18.2  13:40     87
 19   16.7   20.8  16:10   13.3  00:00    0.7    0.0    0.0    7.9   31.0  15:00    351
 20   15.3   19.8  11:20    9.1  05:00    1.5    0.0    0.0    4.5   25.4  01:20      8
 21   16.1   20.7  10:40   10.4  04:40    1.1    0.0    0.0    4.4   25.4  09:20      8
 22   16.3   21.4  15:10   10.8  04:50    0.9    0.0    0.0    5.4   23.6  09:30     15
 23   17.2   21.7  11:20   11.6  01:10    0.5    0.0    0.0    3.7   21.8  08:50     31
 24   17.2   22.5  10:50   11.8  05:40    0.4    0.0    0.0    2.3   21.8  10:20     62
 25   16.0   18.5  11:50   14.2  05:30    1.1    0.0    0.6    3.1   23.6  13:10    120
 26   15.3   18.8  13:10   12.9  23:20    1.5    0.0    7.0    2.9   25.4  00:00    109
 27   14.8   17.6  16:20   11.1  05:10    1.8    0.0    0.2    6.3   32.8  00:50     74
 28   14.9   18.1  11:40    9.9  23:50    1.7    0.0    0.0    6.7   29.0  13:20     38
 29   13.5   18.4  15:20    8.4  02:00    2.5    0.0    0.8    3.6   20.0  11:00     72
 30   14.4   19.4  13:50    6.4  05:20    2.0    0.0    0.0    3.4   21.8  17:10     72
---------------------------------------------------------------------------------------
      15.2   23.9     18    5.8     06   46.7    0.0   52.2    4.6   40.0     07     78
    
Updated: 07/11/18 08:10:00