Loughlinstown, Co Dublin, Ireland

53° 14.91' N | 006° 08.15' W | 24 meter | Show on map

Climate Summary May 2014

11/12/18 23:30:00 GMT

Station: Vantage Vue
Software: WeeWX v3.8.2
Weewx uptime: 34 Days, 15 Hours, 14 Minutes
Server uptime: 34 Days, 15 Hours, 12 Minutes
                   MONTHLY CLIMATOLOGICAL SUMMARY for May 2014


NAME: Loughlinstown, Co Dublin, Ireland                  
ELEV: 24 meter    LAT: 53-14.91 N    LONG: 006-08.15 W


                   TEMPERATURE (°C), RAIN (mm), WIND SPEED (km/h)

                                         HEAT   COOL         AVG
      MEAN                               DEG    DEG          WIND                   DOM
DAY   TEMP   HIGH   TIME    LOW   TIME   DAYS   DAYS   RAIN  SPEED   HIGH   TIME    DIR
---------------------------------------------------------------------------------------
 01   11.1   13.7  10:50    9.6  23:40    3.8    0.0    7.6    3.3   25.4  00:10     52
 02   10.4   12.6  15:10    8.9  05:10    4.2    0.0    0.0    3.1   18.2  13:40     76
 03   11.8   14.7  11:20    9.9  00:10    3.5    0.0    0.0    5.1   27.2  10:50    144
 04   12.4   16.7  12:30    9.5  23:40    3.1    0.0    0.2    4.8   32.8  12:40    164
 05   11.3   13.7  15:50    9.4  00:10    3.7    0.0    1.0   10.0   47.2  15:50    150
 06   12.1   16.6  11:10    7.7  06:40    3.3    0.0    1.4    8.3   38.2  19:30    208
 07   11.9   16.9  16:00    8.6  04:20    3.4    0.0    0.2   13.1   56.4  14:40    245
 08   12.4   17.9  16:00    9.3  07:00    3.1    0.0    4.4    7.4   54.6  17:00    251
 09   12.5   17.1  15:10    9.1  04:40    3.1    0.0    4.4   15.8   56.4  05:20    255
 10   11.6   16.3  13:30    8.6  18:20    3.5    0.0   14.0   11.5   49.2  18:10    242
 11   11.0   14.8  12:40    9.1  23:00    3.9    0.0    1.4   17.0   51.0  10:00    269
 12   10.5   15.2  11:10    7.9  21:30    4.2    0.0    4.8    7.2   34.6  00:20    271
 13   12.5   18.0  13:40    7.7  05:00    3.1    0.0    0.2    9.5   32.8  09:50    285
 14   12.8   17.7  17:40    9.1  04:40    2.9    0.0    0.0    3.1   21.8  17:50    273
 15   13.8   17.3  14:00   10.6  23:50    2.3    0.0    0.0    2.7   18.2  13:20     83
 16   15.3   21.9  15:10    8.8  05:40    1.5    0.0    0.0    3.2   23.6  16:10    255
 17   15.4   22.2  14:20    7.9  04:00    1.4    0.0    0.0    5.3   31.0  13:10    200
 18   13.2   15.6  10:30   10.6  23:50    2.7    0.0   10.0    7.4   34.6  02:30    165
 19   12.1   16.7  15:10   10.5  06:50    3.3    0.0    3.6    1.6   16.4  14:30     35
 20   13.0   17.1  13:30    9.6  23:00    2.8    0.0    6.2    2.4   21.8  19:10    123
 21   12.6   17.3  15:10    6.7  05:40    3.0    0.0    0.2    4.8   31.0  13:30    132
 22   11.0   14.9  10:40    6.9  01:30    3.9    0.0    1.0    6.1   27.2  13:30      5
 23    9.9   11.3  10:40    9.3  12:50    4.5    0.0    4.8   13.1   43.6  11:00     10
 24   11.4   13.9  12:20    9.4  00:30    3.7    0.0   18.8    9.9   32.8  01:20     12
 25   12.6   17.9  15:40    8.1  00:00    3.0    0.0    0.2    5.1   31.0  01:30      8
 26   11.1   15.2  10:30    6.2  04:40    3.8    0.0   11.8    1.8   16.4  12:40    130
 27   11.6   16.6  10:50    4.4  05:30    3.6    0.0    0.0    2.4   23.6  12:50    102
 28   13.3   19.1  13:40    6.9  05:40    2.6    0.0    0.0    4.7   25.4  15:20      3
 29   12.3   14.2  16:20   11.2  09:20    3.1    0.0    2.2    7.0   23.6  06:40     21
 30   13.0   17.1  12:50    9.1  23:40    2.8    0.0    0.2    3.7   20.0  14:00     34
 31   15.0   20.1  16:10    9.1  00:10    1.7    0.0    0.0    2.5   23.6  13:10    113
---------------------------------------------------------------------------------------
      12.3   22.2     17    4.4     27   98.3    0.0   98.6    6.5   56.4     07    263
    
Updated: 07/11/18 08:10:00