Loughlinstown, Co Dublin, Ireland

53° 14.91' N | 006° 08.15' W | 24 meter | Show on map

Climate Summary April 2014

11/12/18 22:50:00 GMT

Station: Vantage Vue
Software: WeeWX v3.8.2
Weewx uptime: 34 Days, 14 Hours, 34 Minutes
Server uptime: 34 Days, 14 Hours, 32 Minutes
                   MONTHLY CLIMATOLOGICAL SUMMARY for Apr 2014


NAME: Loughlinstown, Co Dublin, Ireland                  
ELEV: 24 meter    LAT: 53-14.91 N    LONG: 006-08.15 W


                   TEMPERATURE (°C), RAIN (mm), WIND SPEED (km/h)

                                         HEAT   COOL         AVG
      MEAN                               DEG    DEG          WIND                   DOM
DAY   TEMP   HIGH   TIME    LOW   TIME   DAYS   DAYS   RAIN  SPEED   HIGH   TIME    DIR
---------------------------------------------------------------------------------------
 01    8.5   12.7  12:20    3.5  07:30    5.3    0.0    0.2    2.6   25.4  13:50     99
 02    9.3   10.7  12:40    7.6  00:10    4.8    0.0   18.6    1.6   21.8  12:50    121
 03   10.1   12.6  15:20    7.2  00:00    4.4    0.0    1.0    2.4   18.2  11:50    113
 04   10.2   16.2  15:00    4.3  04:20    4.3    0.0    0.2    4.5   36.4  22:10    150
 05   12.6   17.7  15:40    9.5  00:10    3.0    0.0    3.6    9.2   38.2  18:30    152
 06   13.3   17.9  16:20    7.7  23:40    2.6    0.0    0.8   11.4   51.0  10:30    195
 07    9.5   14.4  13:00    6.1  23:50    4.7    0.0    2.4    5.6   40.0  23:40    260
 08    9.3   13.9  16:40    5.1  05:20    4.8    0.0    0.0   13.2   45.4  00:10    261
 09   11.6   14.9  12:50    9.2  01:10    3.5    0.0    0.0   10.0   45.4  05:30    246
 10   11.0   15.9  13:50    6.2  06:10    3.9    0.0    0.0    5.4   27.2  17:50    267
 11    8.9   13.9  11:30    3.2  07:00    5.1    0.0    0.0    4.0   27.2  11:40    278
 12   10.5   15.2  17:20    6.3  01:40    4.2    0.0    0.0   10.9   41.8  08:50    261
 13   10.1   14.3  16:30    7.2  03:10    4.4    0.0    0.0   12.4   51.0  18:00    274
 14    9.7   14.0  11:30    4.3  00:00    4.6    0.0    0.0    6.7   32.8  07:40    315
 15    9.2   15.4  17:00    1.7  03:50    4.9    0.0    0.0    5.6   32.8  11:50    138
 16   11.5   16.3  15:30    6.3  03:20    3.6    0.0    0.0    8.1   36.4  10:00    159
 17   11.5   14.2  14:00   10.1  23:50    3.6    0.0    0.0   11.7   43.6  15:20    277
 18    8.7   13.1  10:20    3.1  06:40    5.2    0.0    0.0    3.2   20.0  12:30     82
 19    8.0   13.3  12:50    1.2  05:20    5.6    0.0    0.0    3.5   25.4  19:20    119
 20    7.9   11.8  12:00    2.3  03:00    5.6    0.0    1.2    7.7   40.0  22:50    359
 21   11.9   15.2  13:50    9.3  05:30    3.4    0.0    0.6    7.8   38.2  01:10     63
 22   10.4   12.3  15:10    8.5  06:10    4.2    0.0    0.4    2.9   20.0  10:00     87
 23   12.4   16.9  12:10    8.4  23:10    3.1    0.0    3.4    8.6   41.8  07:10    149
 24    9.3   13.6  15:50    3.3  05:30    4.8    0.0    0.0    4.7   34.6  13:40    118
 25   10.0   14.6  15:40    3.5  06:30    4.4    0.0    0.2    4.9   38.2  23:20    106
 26   10.1   11.9  09:40    7.6  06:40    4.4    0.0    9.6   11.7   51.0  03:40    105
 27   11.9   15.9  17:00    9.4  06:20    3.4    0.0    0.0    7.4   32.8  08:50     23
 28   12.1   16.3  11:00   10.0  22:10    3.3    0.0    0.0    2.7   14.6  12:10     90
 29   11.4   15.6  13:50    4.6  06:20    3.6    0.0    0.0    2.6   16.4  11:30    105
 30   10.3   15.2  11:20    4.8  06:00    4.3    0.0    0.6    6.3   38.2  15:10    148
---------------------------------------------------------------------------------------
      10.4   17.9     06    1.2     19  127.0    0.0   42.8    6.6   51.0     06    188
    
Updated: 07/11/18 08:10:00