Loughlinstown, Co Dublin, Ireland

53° 14.91' N | 006° 08.15' W | 24 meter | Show on map

Climate Summary March 2014

11/12/18 23:10:00 GMT

Station: Vantage Vue
Software: WeeWX v3.8.2
Weewx uptime: 34 Days, 14 Hours, 54 Minutes
Server uptime: 34 Days, 14 Hours, 52 Minutes
                   MONTHLY CLIMATOLOGICAL SUMMARY for Mar 2014


NAME: Loughlinstown, Co Dublin, Ireland                  
ELEV: 24 meter    LAT: 53-14.91 N    LONG: 006-08.15 W


                   TEMPERATURE (°C), RAIN (mm), WIND SPEED (km/h)

                                         HEAT   COOL         AVG
      MEAN                               DEG    DEG          WIND                   DOM
DAY   TEMP   HIGH   TIME    LOW   TIME   DAYS   DAYS   RAIN  SPEED   HIGH   TIME    DIR
---------------------------------------------------------------------------------------
 01    6.2   10.4  13:00    1.8  00:20    6.5    0.0    0.2    4.8   32.2  19:40    181
 02    6.1    9.9  15:10    1.6  23:10    6.6    0.0    2.8    4.4   33.8  15:50    216
 03    5.0    9.8  15:30   -1.4  03:00    7.2    0.0    0.4    7.0   60.0  23:50    291
 04    6.8   11.6  14:30    2.8  20:10    6.2    0.0    0.2    6.9   56.4  00:40    265
 05    8.1   10.6  15:20    4.7  00:10    5.5    0.0    0.0    5.9   43.6  19:50    173
 06   11.1   14.6  14:20    8.8  00:10    3.8    0.0    0.8    7.1   41.8  15:10    146
 07    8.9   11.3  04:30    4.8  20:20    5.0    0.0    3.2   10.7   60.0  10:40    259
 08   10.0   12.8  12:20    7.4  00:10    4.4    0.0    0.0   15.4   63.6  09:20    158
 09   10.1   15.0  13:20    6.4  00:00    4.4    0.0    0.2    6.8   29.0  00:30    181
 10    6.5   12.2  11:50    0.7  23:40    6.4    0.0    0.2    3.7   20.0  06:20    330
 11    4.7   11.2  11:00   -0.4  04:10    7.4    0.0    0.0    1.7   20.0  14:20    102
 12    4.3    9.7  10:10   -0.9  05:30    7.6    0.0    0.2    1.3   14.6  12:00     99
 13    5.6    9.1  13:20    0.9  04:50    6.9    0.0    0.0    2.4   23.6  09:40    331
 14    8.0   12.7  16:20    3.4  03:10    5.5    0.0    0.0   10.1   56.4  20:40    271
 15   11.4   16.2  16:20    7.9  02:50    3.7    0.0    0.0   18.6   60.0  19:40    281
 16   10.5   14.3  09:10    8.4  04:40    4.1    0.0    0.0   12.4   56.4  00:20    276
 17    9.6   12.5  10:10    6.3  00:00    4.7    0.0    0.0    7.0   32.8  12:10    258
 18   10.6   14.1  15:40    5.9  00:20    4.1    0.0    0.2   16.2   69.2  14:40    261
 19   12.1   17.7  14:10    8.9  00:10    3.3    0.0    0.0   15.7   60.0  08:40    228
 20    8.3   11.0  16:10    4.6  23:40    5.4    0.0    7.8   16.1   51.0  17:00    214
 21    6.3   12.3  12:30    2.4  00:00    6.5    0.0    3.4   11.7   51.0  14:30    215
 22    5.0   10.8  13:10    1.8  05:30    7.2    0.0    1.8   14.6   58.2  21:50    260
 23    6.3   11.9  15:20    0.8  23:50    6.5    0.0    0.0   11.2   49.2  00:50    281
 24    6.0    8.2  20:40   -0.4  03:00    6.7    0.0   11.8   15.9   65.4  11:50    146
 25    7.5   12.3  12:50    0.7  06:50    5.8    0.0    2.4    7.7   38.2  00:30    304
 26    6.6    9.2  13:50    4.2  00:00    6.3    0.0    0.6    8.3   38.2  03:40    313
 27    5.7    7.3  13:10    3.7  00:30    6.8    0.0    4.0    6.7   32.8  03:50     62
 28    7.4   10.1  13:50    5.4  00:50    5.9    0.0    1.0    9.7   38.2  23:20     61
 29    8.4   10.7  22:20    5.5  03:30    5.3    0.0    6.0    6.2   49.2  22:10    113
 30   10.3   12.8  14:20    7.3  00:00    4.3    0.0    0.4    5.0   36.4  02:40    128
 31    9.4   13.7  12:40    5.0  02:20    4.8    0.0    1.8    3.0   25.4  13:00    114
---------------------------------------------------------------------------------------
       7.8   17.7     19   -1.4     03  175.0    0.0   49.4    8.9   69.2     18    237
    
Updated: 07/11/18 08:10:00