Loughlinstown, Co Dublin, Ireland

53° 14.91' N | 006° 08.15' W | 24 meter | Show on map

Climate Summary February 2014

11/12/18 22:50:00 GMT

Station: Vantage Vue
Software: WeeWX v3.8.2
Weewx uptime: 34 Days, 14 Hours, 34 Minutes
Server uptime: 34 Days, 14 Hours, 32 Minutes
                   MONTHLY CLIMATOLOGICAL SUMMARY for Feb 2014


NAME: Loughlinstown, Co Dublin, Ireland                  
ELEV: 24 meter    LAT: 53-14.91 N    LONG: 006-08.15 W


                   TEMPERATURE (°C), RAIN (mm), WIND SPEED (km/h)

                                         HEAT   COOL         AVG
      MEAN                               DEG    DEG          WIND                   DOM
DAY   TEMP   HIGH   TIME    LOW   TIME   DAYS   DAYS   RAIN  SPEED   HIGH   TIME    DIR
---------------------------------------------------------------------------------------
 01    5.4    8.3  16:50    2.1  00:10    7.0    0.0    6.2   19.9   69.2  14:20    223
 02    7.1    9.9  14:40    4.3  07:10    6.1    0.0    1.0   13.5   59.5  01:50    213
 03    7.0    8.9  00:50    3.9  23:40    6.1    0.0   16.6   14.0   67.6  10:20    145
 04    5.2    7.7  23:20    1.1  07:20    7.1    0.0    9.4   10.6   61.2  19:10    131
 05    7.8   10.0  13:40    6.7  10:10    5.7    0.0    8.2   15.1   57.9  00:10    153
 06    6.3    8.4  11:30    3.8  23:20    6.5    0.0    0.0    6.3   45.1  01:50    246
 07    5.7    8.4  12:40    3.3  08:40    6.8    0.0   11.6   10.8   46.7  19:30    200
 08    7.1   10.3  14:00    4.9  04:40    6.1    0.0    2.4   16.1   59.5  22:10    211
 09    5.4    7.3  13:00   -0.1  23:40    7.0    0.0    1.4   15.0   56.3  00:30    253
 10    3.8    7.0  11:50    1.3  01:50    7.9    0.0    0.2    5.8   35.4  12:10    268
 11    3.6    6.1  00:20    1.3  17:00    8.0    0.0    3.6   14.3   48.3  14:40    238
 12    4.7    8.7  11:40    2.6  00:40    7.4    0.0   17.2   20.6   96.6  17:00    226
 13    4.4    7.5  14:30    2.4  07:40    7.6    0.0    0.0   19.0   64.4  09:50    244
 14    6.1    8.6  15:10    3.4  05:40    6.6    0.0   22.4    8.9   53.1  13:50    146
 15    5.7    9.3  13:40    3.9  02:10    6.8    0.0    6.2   16.4   61.2  05:00    274
 16    5.7    8.5  13:10    1.4  05:00    6.8    0.0    1.6    6.4   33.8  23:50    176
 17    8.0   10.2  14:10    6.3  22:00    5.5    0.0   11.0    9.9   38.6  08:40    148
 18    7.9   10.8  13:40    5.1  07:50    5.6    0.0    0.0    4.3   25.7  11:20    243
 19    9.5   12.7  11:40    6.2  08:10    4.7    0.0    0.0    7.9   43.5  19:20    181
 20    7.9   11.1  02:00    3.7  23:20    5.6    0.0    1.0   14.0   53.1  05:50    239
 21    6.3    9.9  13:00    3.7  00:10    6.5    0.0    0.4   16.9   62.8  18:20    237
 22    8.2   10.7  21:50    5.7  07:10    5.5    0.0    0.0   12.2   45.1  12:50    208
 23   10.1   12.0  14:30    5.7  23:30    4.4    0.0    6.8   13.6   59.5  05:00    189
 24    7.1   11.2  13:20    4.8  08:10    6.0    0.0    8.8    8.3   51.5  18:30    163
 25    7.3   10.8  14:20    5.2  01:20    6.0    0.0    1.4   11.6   46.7  06:30    199
 26    7.7   10.8  15:00    5.5  04:20    5.7    0.0    3.0   14.8   56.3  03:00    227
 27    6.7   10.4  14:00    3.2  20:10    6.3    0.0    0.6   11.0   49.9  01:50    252
 28    6.0   10.4  14:30    2.3  00:00    6.7    0.0    6.2    7.8   30.6  16:20    298
---------------------------------------------------------------------------------------
       6.6   12.7     19   -0.1     09  178.0    0.0  147.2   12.3   96.6     12    217
    
Updated: 07/11/18 08:10:00