Loughlinstown, Co Dublin, Ireland

53° 14.91' N | 006° 08.15' W | 24 meter | Show on map

Climate Summary August 2013

11/12/18 22:50:00 GMT

Station: Vantage Vue
Software: WeeWX v3.8.2
Weewx uptime: 34 Days, 14 Hours, 34 Minutes
Server uptime: 34 Days, 14 Hours, 32 Minutes
                   MONTHLY CLIMATOLOGICAL SUMMARY for Aug 2013


NAME: Loughlinstown, Co Dublin, Ireland                  
ELEV: 24 meter    LAT: 53-14.91 N    LONG: 006-08.15 W


                   TEMPERATURE (°C), RAIN (mm), WIND SPEED (km/h)

                                         HEAT   COOL         AVG
      MEAN                               DEG    DEG          WIND                   DOM
DAY   TEMP   HIGH   TIME    LOW   TIME   DAYS   DAYS   RAIN  SPEED   HIGH   TIME    DIR
---------------------------------------------------------------------------------------
 01   18.2   20.1  14:30   17.2  21:40    0.0    0.1    1.4    8.2   35.4  14:40    145
 02   19.0   23.2  16:50   15.1  23:30    0.0    0.5    0.2    8.1   37.0  13:40    186
 03   17.1   23.3  14:20   13.9  05:50    0.5    0.0    0.8    9.1   33.8  11:10    235
 04   16.0   20.2  14:10   11.5  05:00    1.1    0.0    2.8    3.2   25.7  13:10    133
 05   16.8   21.8  15:00   13.4  22:20    0.7    0.0    0.8    6.4   30.6  13:10    301
 06   16.2   20.2  13:30   11.7  00:00    1.0    0.0    0.0    3.4   25.7  17:00    165
 07   15.9   21.5  10:00   10.1  04:50    1.1    0.0    0.0    2.1   16.1  12:30     73
 08   18.0   24.1  14:40   13.3  00:10    0.0    0.0    0.0    4.8   30.6  23:40    177
 09   16.4   18.9  12:50   14.2  05:50    0.9    0.0    0.0    8.3   38.6  02:00    279
 10   17.7   23.7  16:50   13.5  05:20    0.2    0.0    0.4    5.8   29.0  20:20    256
 11   16.3   21.5  15:10   12.2  05:10    0.9    0.0    0.0    9.5   35.4  17:10    266
 12   15.7   20.8  15:20   12.3  06:20    1.3    0.0    0.6   10.8   35.4  07:30    282
 13   16.0   21.1  13:10   12.9  06:20    1.1    0.0    0.4    5.1   25.7  02:10    280
 14   18.3   24.2  15:20   12.3  02:10    0.0    0.1    0.4    3.1   20.9  16:30    179
 15   19.0   22.1  11:40   17.2  00:00    0.0    0.6    8.2    3.9   27.4  17:30    192
 16   17.7   23.1  17:40   12.4  04:40    0.2    0.0    0.4    6.1   29.0  16:00    268
 17   18.1   24.1  16:10   14.3  00:00    0.0    0.1    1.8    9.0   40.2  08:50    222
 18   15.8   20.0  15:00   13.2  01:50    1.2    0.0    0.2    8.6   32.2  11:50    261
 19   16.5   22.7  16:10   11.4  05:00    0.8    0.0    0.0    6.4   29.0  15:50    259
 20   18.0   21.9  10:30   13.6  05:20    0.0    0.0    0.0    4.6   29.0  00:00    200
 21   19.0   22.7  15:00   16.4  23:50    0.0    0.6    0.0    6.6   29.0  00:10    239
 22   15.8   18.8  15:50   14.1  02:40    1.2    0.0    0.0    3.9   24.1  14:50    106
 23   15.7   17.4  11:10   13.5  23:30    1.3    0.0    4.4    3.1   25.7  22:40    166
 24   14.6   18.3  13:10   10.6  06:30    1.9    0.0    0.6    5.4   24.1  00:20    278
 25   16.8   22.3  15:10   13.8  04:30    0.7    0.0    0.4    3.3   19.3  15:50    353
 26   16.2   21.4  12:40   12.4  00:00    1.0    0.0    0.0    2.9   17.7  21:30    340
 27   16.4   22.6  12:40   11.9  01:10    0.9    0.0    0.4    2.8   20.9  21:10    321
 28   15.5   19.7  18:00   11.9  07:40    1.4    0.0    0.0    2.5   22.5  14:10    102
 29   19.2   25.4  16:40   14.8  01:40    0.0    0.6    0.0    4.6   32.2  11:00    255
 30   17.1   23.6  10:50   11.1  05:10    0.5    0.0    0.0    7.2   48.3  16:20    270
 31   14.0   19.4  13:30    9.4  06:40    2.2    0.0    0.0    7.6   32.2  11:10    289
---------------------------------------------------------------------------------------
      16.9   25.4     29    9.4     31   22.0    2.6   24.2    5.7   48.3     30    252
    
Updated: 07/11/18 08:10:00