Loughlinstown, Co Dublin, Ireland

53° 14.91' N | 006° 08.15' W | 24 meter | Show on map

Climate Summary July 2013

11/12/18 22:50:00 GMT

Station: Vantage Vue
Software: WeeWX v3.8.2
Weewx uptime: 34 Days, 14 Hours, 34 Minutes
Server uptime: 34 Days, 14 Hours, 32 Minutes
                   MONTHLY CLIMATOLOGICAL SUMMARY for Jul 2013


NAME: Loughlinstown, Co Dublin, Ireland                  
ELEV: 24 meter    LAT: 53-14.91 N    LONG: 006-08.15 W


                   TEMPERATURE (°C), RAIN (mm), WIND SPEED (km/h)

                                         HEAT   COOL         AVG
      MEAN                               DEG    DEG          WIND                   DOM
DAY   TEMP   HIGH   TIME    LOW   TIME   DAYS   DAYS   RAIN  SPEED   HIGH   TIME    DIR
---------------------------------------------------------------------------------------
 01   14.9   18.9  14:40   11.4  03:00    1.7    0.0    0.0    5.9   27.4  00:30    263
 02   14.4   18.4  17:20   12.1  04:40    2.0    0.0    5.8    5.3   30.6  06:10    164
 03   16.2   22.4  16:00   11.9  05:50    1.0    0.0    0.2    6.7   32.2  07:40    269
 04   17.6   21.2  13:50   12.8  00:00    0.2    0.0    0.0    9.5   37.0  16:50    256
 05   15.9   21.3  19:00    9.8  05:10    1.2    0.0    0.0    4.0   22.5  16:40    115
 06   15.0   20.2  16:40    7.3  05:20    1.7    0.0    0.0    3.1   20.9  13:20    107
 07   18.2   21.7  14:20   14.0  00:40    0.0    0.1    0.0    2.6   16.1  09:10     18
 08   18.7   25.3  13:00   12.6  05:20    0.0    0.4    0.0    1.6   14.5  14:30     63
 09   20.0   25.6  11:00   13.0  04:20    0.0    1.1    0.0    1.8   12.9  13:50     83
 10   18.8   22.8  15:30   13.9  04:10    0.0    0.4    0.0    2.9   19.3  09:40      1
 11   17.7   21.6  09:30   12.3  05:10    0.2    0.0    0.0    2.0   17.7  12:50     92
 12   18.3   24.2  14:40   10.6  05:30    0.0    0.1    0.0    1.9   14.5  13:50     84
 13   18.7   23.8  10:10   13.9  23:30    0.0    0.4    0.0    3.5   25.7  06:50     48
 14   16.9   22.1  15:40   12.9  03:00    0.6    0.0    0.0    2.6   19.3  14:30     94
 15   17.1   21.8  13:30   13.1  00:00    0.5    0.0    0.0    3.7   20.9  03:30    321
 16   18.0   23.8  12:00   12.1  01:30    0.0    0.0    0.0    2.7   22.5  12:20    197
 17   19.5   23.8  17:10   14.9  00:00    0.0    0.8    0.0    1.7   14.5  14:10     88
 18   19.8   24.8  15:40   12.4  05:10    0.0    1.0    0.0    2.3   14.5  11:10     72
 19   20.4   25.7  18:50   15.4  03:10    0.0    1.3    0.0    2.3   17.7  14:00     70
 20   19.0   22.4  17:00   14.6  06:10    0.0    0.5    0.0    3.1   24.1  11:20     86
 21   17.0   20.5  16:50   13.3  05:50    0.6    0.0    0.0    2.3   19.3  18:10     82
 22   17.9   20.7  18:20   14.4  01:30    0.1    0.0    0.0    3.3   24.1  16:30    106
 23   19.1   25.0  14:40   15.6  04:30    0.0    0.6    0.0    4.4   25.7  14:20    137
 24   18.2   22.9  17:00   15.7  03:20    0.0    0.1    5.2    5.0   30.6  17:40    131
 25   17.6   21.4  14:00   14.8  00:00    0.2    0.0    5.6    2.3   25.7  00:50    110
 26   17.4   21.7  17:50   12.3  06:10    0.3    0.0    0.2    3.9   27.4  14:40    135
 27   16.1   20.8  14:30   11.1  04:30    1.0    0.0    0.0    3.7   22.5  11:50    118
 28   16.0   22.4  11:10   10.6  04:20    1.1    0.0    8.8    3.0   29.0  16:20    132
 29   18.1   24.3  13:10   13.9  02:10    0.0    0.1    1.0    4.1   32.2  14:00    245
 30   18.4   24.1  13:50   13.1  04:50    0.0    0.2    0.0    6.9   32.2  18:20    249
 31   15.8   21.9  18:30   14.2  05:40    1.2    0.0    3.6    4.1   25.7  19:50    148
---------------------------------------------------------------------------------------
      17.6   25.7     19    7.3     06   13.6    7.2   30.4    3.6   37.0     04    136
    
Updated: 07/11/18 08:10:00