Loughlinstown, Co Dublin, Ireland

53° 14.91' N | 006° 08.15' W | 24 meter | Show on map

Climate Summary June 2013

11/12/18 22:50:00 GMT

Station: Vantage Vue
Software: WeeWX v3.8.2
Weewx uptime: 34 Days, 14 Hours, 34 Minutes
Server uptime: 34 Days, 14 Hours, 32 Minutes
                   MONTHLY CLIMATOLOGICAL SUMMARY for Jun 2013


NAME: Loughlinstown, Co Dublin, Ireland                  
ELEV: 24 meter    LAT: 53-14.91 N    LONG: 006-08.15 W


                   TEMPERATURE (°C), RAIN (mm), WIND SPEED (km/h)

                                         HEAT   COOL         AVG
      MEAN                               DEG    DEG          WIND                   DOM
DAY   TEMP   HIGH   TIME    LOW   TIME   DAYS   DAYS   RAIN  SPEED   HIGH   TIME    DIR
---------------------------------------------------------------------------------------
 01   12.3   16.5  16:30    7.7  02:40    3.2    0.0    0.2    6.2   29.0  12:40    284
 02   13.2   15.9  10:30   10.2  03:40    2.7    0.0    0.0    2.8   22.5  14:50    160
 03   14.9   18.8  15:10    9.4  00:00    1.7    0.0    0.0    2.3   16.1  13:00     93
 04   13.6   18.4  14:30    7.4  04:30    2.4    0.0    0.0    2.0   12.9  10:00     84
 05   13.6   18.1  13:00    7.5  05:10    2.4    0.0    0.0    2.6   20.9  15:50     71
 06   13.4   17.6  09:10    6.8  04:30    2.6    0.0    0.0    2.7   17.7  12:30     56
 07   15.4   20.5  17:30    8.5  05:00    1.4    0.0    0.0    2.6   17.7  14:20     23
 08   15.2   20.9  14:50    8.7  05:20    1.5    0.0    0.0    2.7   17.7  12:10      7
 09   14.1   20.1  10:10    7.0  04:40    2.2    0.0    0.0    3.3   20.9  13:10    114
 10   13.8   18.5  13:20    8.4  01:20    2.4    0.0    0.0    7.7   40.2  17:00    145
 11   13.6   19.1  14:40   10.7  05:10    2.5    0.0    5.4    8.3   32.2  07:50    138
 12   13.8   18.3  11:20   11.8  21:50    2.4    0.0    0.6    4.6   22.5  16:30    150
 13   13.5   18.1  18:30    9.9  08:20    2.5    0.0    5.0    7.2   35.4  17:10    274
 14   12.5   17.6  12:30    9.8  19:40    3.0    0.0    9.0    8.0   48.3  18:50    165
 15   13.7   19.4  15:50    8.7  05:10    2.4    0.0    0.0   11.5   37.0  00:10    242
 16   13.0   16.8  14:20   10.9  04:20    2.8    0.0    4.8    6.4   33.8  02:10    166
 17   13.6   18.0  16:40   10.7  03:00    2.5    0.0    3.8    3.9   16.1  00:40     39
 18   15.5   21.7  11:10    9.3  02:30    1.4    0.0    0.0    3.4   20.9  09:40     12
 19   15.5   21.4  13:50   11.5  00:00    1.4    0.0    0.0    5.0   25.7  13:20    292
 20   14.4   18.7  13:30    9.6  02:10    2.0    0.0    0.0    2.5   17.7  10:10    101
 21   15.6   20.8  14:00   12.5  23:50    1.3    0.0    1.4    6.8   27.4  15:30    232
 22   15.0   19.2  13:50   11.6  06:30    1.7    0.0    3.8   11.4   40.2  12:50    243
 23   13.3   15.9  16:20   11.2  23:50    2.6    0.0    0.6   16.0   51.5  15:40    285
 24   13.7   19.1  15:10    9.9  01:40    2.4    0.0    0.0    6.9   35.4  07:20    277
 25   14.4   17.7  16:30    8.9  05:50    2.0    0.0    0.0    1.4   16.1  00:00     90
 26   15.6   17.9  11:40   12.2  06:00    1.3    0.0    0.0    4.6   19.3  11:10      4
 27   15.3   20.2  17:10   11.1  02:20    1.5    0.0    3.2    6.3   37.0  14:50    291
 28   17.0   20.7  10:00   13.1  23:50    0.6    0.0    0.0   11.6   45.1  03:00    279
 29   16.7   23.7  17:40   11.7  02:40    0.7    0.0    0.0    7.3   37.0  14:20    274
 30   16.5   21.4  15:30   12.6  23:00    0.8    0.0    0.2    9.5   35.4  15:20    247
---------------------------------------------------------------------------------------
      14.4   23.7     29    6.8     06   60.1    0.0   38.0    5.9   51.5     23    254
    
Updated: 07/11/18 08:10:00