Loughlinstown, Co Dublin, Ireland

53° 14.91' N | 006° 08.15' W | 24 meter | Show on map

Climate Summary May 2013

11/12/18 23:20:00 GMT

Station: Vantage Vue
Software: WeeWX v3.8.2
Weewx uptime: 34 Days, 15 Hours, 4 Minutes
Server uptime: 34 Days, 15 Hours, 2 Minutes
                   MONTHLY CLIMATOLOGICAL SUMMARY for May 2013


NAME: Loughlinstown, Co Dublin, Ireland                  
ELEV: 24 meter    LAT: 53-14.91 N    LONG: 006-08.15 W


                   TEMPERATURE (°C), RAIN (mm), WIND SPEED (km/h)

                                         HEAT   COOL         AVG
      MEAN                               DEG    DEG          WIND                   DOM
DAY   TEMP   HIGH   TIME    LOW   TIME   DAYS   DAYS   RAIN  SPEED   HIGH   TIME    DIR
---------------------------------------------------------------------------------------
 01   10.6   16.3  14:30    5.5  00:00    4.1    0.0    0.0    5.3   25.7  13:10    268
 02   10.8   17.6  13:20    2.5  05:10    4.0    0.0    0.0    3.9   22.5  17:20    213
 03   13.2   16.0  15:40   10.3  00:00    2.7    0.0    0.0   10.3   38.6  14:30    225
 04   12.4   17.3  17:40    8.2  04:50    3.1    0.0    0.0    9.9   41.8  08:30    253
 05   14.8   20.3  15:20   10.9  23:30    1.8    0.0    0.0    6.3   30.6  05:50    225
 06   13.8   18.3  10:30    9.3  00:00    2.3    0.0    0.0    3.9   29.0  12:40    139
 07   12.2   15.0  13:10    8.8  00:50    3.2    0.0    0.2    3.3   24.1  02:00     99
 08   12.0   17.4  14:20    8.1  00:00    3.3    0.0   15.2   10.4   43.5  16:50    179
 09    9.9   15.0  13:50    7.4  05:00    4.5    0.0    2.8   15.1   53.1  09:40    230
 10   11.6   16.6  12:30    7.8  00:00    3.6    0.0    0.4   11.3   48.3  09:40    256
 11    9.4   12.8  12:50    6.9  00:00    4.8    0.0    5.0   12.5   49.9  20:00    274
 12   10.9   16.7  16:50    6.8  00:10    3.9    0.0    0.6    9.3   41.8  21:10    255
 13    8.6   12.6  13:00    6.4  23:50    5.2    0.0    2.2   14.7   51.5  15:50    259
 14    8.7   13.1  13:10    5.6  04:50    5.2    0.0    6.8    8.4   37.0  03:00    242
 15    8.7   13.3  13:40    5.5  03:40    5.1    0.0    0.2   11.4   40.2  12:40    301
 16    6.7   10.7  08:50    1.6  04:10    6.3    0.0   16.8    2.2   22.5  11:10    131
 17    8.9   14.0  18:30    2.0  02:40    5.0    0.0    0.0    4.3   24.1  12:10      1
 18   10.5   13.8  11:00    7.7  05:40    4.2    0.0    0.0    7.3   27.4  12:40    289
 19   12.1   15.5  13:20    9.0  05:50    3.3    0.0    0.0    2.2   22.5  15:20    101
 20   13.5   17.1  15:40   11.2  00:00    2.5    0.0    0.0    8.5   32.2  19:20    300
 21   12.8   19.7  16:50    9.1  06:40    2.9    0.0    0.0   10.1   41.8  01:30    302
 22   11.7   16.1  15:50    8.9  23:30    3.5    0.0    0.0   10.5   40.2  15:30    301
 23    8.7   12.6  13:10    5.6  05:20    5.2    0.0    0.4   13.0   53.1  14:10    310
 24   10.1   14.7  16:10    6.2  04:30    4.4    0.0    0.0   10.8   35.4  02:50    332
 25   10.3   14.5  15:40    3.6  05:00    4.3    0.0    0.0    3.7   27.4  14:00    119
 26   13.6   19.1  15:10    9.2  00:10    2.4    0.0    0.0    5.9   30.6  19:30    163
 27   10.9   14.1  14:10    7.6  00:00    3.9    0.0    7.8    5.9   33.8  05:10    176
 28   10.5   13.7  15:10    5.2  05:40    4.1    0.0    2.4    4.1   27.4  22:20     49
 29   14.2   20.0  16:20    9.3  05:00    2.1    0.0    7.4    9.6   29.0  08:00    353
 30   15.7   21.4  14:30   10.9  05:20    1.3    0.0    0.0   10.7   40.2  12:40    317
 31   13.5   17.0  09:30    8.9  23:50    2.5    0.0    0.0    6.5   25.7  13:20    293
---------------------------------------------------------------------------------------
      11.3   21.4     30    1.6     16  114.7    0.0   68.2    8.1   53.1     09    272
    
Updated: 07/11/18 08:10:00