Loughlinstown, Co Dublin, Ireland

53° 14.91' N | 006° 08.15' W | 24 meter | Show on map

Climate Summary April 2013

11/12/18 22:50:00 GMT

Station: Vantage Vue
Software: WeeWX v3.8.2
Weewx uptime: 34 Days, 14 Hours, 34 Minutes
Server uptime: 34 Days, 14 Hours, 32 Minutes
                   MONTHLY CLIMATOLOGICAL SUMMARY for Apr 2013


NAME: Loughlinstown, Co Dublin, Ireland                  
ELEV: 24 meter    LAT: 53-14.91 N    LONG: 006-08.15 W


                   TEMPERATURE (°C), RAIN (mm), WIND SPEED (km/h)

                                         HEAT   COOL         AVG
      MEAN                               DEG    DEG          WIND                   DOM
DAY   TEMP   HIGH   TIME    LOW   TIME   DAYS   DAYS   RAIN  SPEED   HIGH   TIME    DIR
---------------------------------------------------------------------------------------
 01    3.7    4.7  16:30    2.8  04:50    7.9    0.0    0.0   12.3   40.2  03:00    111
 02    4.6    7.7  15:10    1.6  06:30    7.4    0.0    0.0    9.0   30.6  22:40     90
 03    5.6    8.4  14:40    2.4  07:20    6.9    0.0    0.0    9.8   30.6  15:20     58
 04    5.8    8.6  14:50    3.1  05:30    6.8    0.0    0.0   10.0   35.4  17:30     37
 05    5.4    8.3  11:50   -0.3  00:00    7.0    0.0    0.0    8.2   29.0  12:50     20
 06    3.7    8.8  13:40   -2.3  06:00    8.0    0.0    0.0    3.3   24.1  17:10    104
 07    4.3    8.0  12:40   -1.4  01:30    7.6    0.0    0.0    4.9   30.6  15:30    114
 08    6.4    8.7  14:40    4.7  02:40    6.4    0.0    0.0   12.3   38.6  16:40     86
 09    5.4    8.6  16:20    3.4  06:00    7.0    0.0    0.0   10.0   37.0  01:10     69
 10    6.2    8.9  13:30    3.4  04:50    6.6    0.0    0.6    2.6   20.9  16:10    109
 11    6.6    8.4  15:00    3.9  23:10    6.3    0.0   15.8    3.6   25.7  11:50    130
 12    7.9   12.8  16:00    4.1  01:40    5.6    0.0    1.0    4.8   35.4  10:40    292
 13    7.1   12.2  23:40    0.7  06:40    6.1    0.0    6.4    7.5   37.0  23:20    142
 14   12.5   15.2  14:40   10.0  09:10    3.1    0.0    4.6   14.8   51.5  14:10    184
 15   12.3   17.1  14:30    9.3  21:50    3.1    0.0    3.4   14.2   56.3  02:50    192
 16   11.7   15.8  14:40    7.8  22:50    3.5    0.0    0.2   12.6   48.3  10:00    227
 17   11.0   14.5  11:20    7.6  00:20    3.9    0.0    3.2   15.5   72.4  23:10    186
 18    9.3   13.3  17:10    6.9  23:40    4.8    0.0    6.6   19.5   66.0  03:40    257
 19    8.6   12.8  12:40    4.8  00:00    5.2    0.0    0.0    7.5   38.6  00:10    278
 20    9.1   15.1  12:10    1.4  06:10    4.9    0.0    0.0    4.3   27.4  14:00    165
 21    9.9   15.4  14:20    6.8  23:10    4.5    0.0    1.2    7.8   51.5  14:40    234
 22   11.2   15.8  18:10    7.1  00:10    3.8    0.0    0.0   10.3   41.8  19:00    247
 23   13.1   18.7  16:40    8.9  01:00    2.7    0.0    0.0    8.4   37.0  02:10    261
 24   11.8   16.7  10:20    7.7  21:40    3.4    0.0    2.4    5.6   35.4  05:00    240
 25    9.5   14.4  16:50    6.7  23:50    4.7    0.0    3.0    5.2   30.6  12:50    298
 26    7.8   11.8  13:20    4.1  05:20    5.7    0.0    0.0   13.4   46.7  11:40    288
 27    8.0   11.8  13:50    4.5  06:30    5.6    0.0    0.0    8.0   35.4  00:50    330
 28    9.3   13.2  15:40    5.8  23:10    4.8    0.0    0.8    9.7   37.0  15:30    264
 29    9.3   14.4  16:50    5.3  05:00    4.8    0.0    0.0   13.9   46.7  07:40    278
 30    8.7   12.9  11:20    4.0  06:10    5.2    0.0    0.0    5.5   20.9  01:30    330
---------------------------------------------------------------------------------------
       8.2   18.7     23   -2.3     06  163.5    0.0   49.2    9.2   72.4     17    214
    
Updated: 07/11/18 08:10:00