Loughlinstown, Co Dublin, Ireland

53° 14.91' N | 006° 08.15' W | 24 meter | Show on map

Climate Summary March 2013

11/12/18 23:00:00 GMT

Station: Vantage Vue
Software: WeeWX v3.8.2
Weewx uptime: 34 Days, 14 Hours, 44 Minutes
Server uptime: 34 Days, 14 Hours, 42 Minutes
                   MONTHLY CLIMATOLOGICAL SUMMARY for Mar 2013


NAME: Loughlinstown, Co Dublin, Ireland                  
ELEV: 24 meter    LAT: 53-14.91 N    LONG: 006-08.15 W


                   TEMPERATURE (°C), RAIN (mm), WIND SPEED (km/h)

                                         HEAT   COOL         AVG
      MEAN                               DEG    DEG          WIND                   DOM
DAY   TEMP   HIGH   TIME    LOW   TIME   DAYS   DAYS   RAIN  SPEED   HIGH   TIME    DIR
---------------------------------------------------------------------------------------
 01    6.1    9.1  12:10    2.4  21:10    6.6    0.0    0.0    2.3   22.5  11:00     51
 02    5.2    9.3  12:30   -0.4  07:40    7.1    0.0    0.0    1.8   17.7  10:50    339
 03    5.7    8.2  12:40    3.1  19:30    6.9    0.0    0.0    3.0   19.3  13:50    138
 04    4.2    6.2  10:40   -1.3  00:00    7.7    0.0    0.0    4.7   25.7  09:40    144
 05    3.7    9.4  14:20   -2.1  03:10    8.0    0.0    0.0    1.2   12.9  11:00     98
 06    6.5    8.7  11:40    4.4  05:30    6.4    0.0    3.6    0.2    8.0  11:30    106
 07    7.4    7.8  10:20    6.8  02:30    5.9    0.0   18.6    2.9   22.5  20:00    116
 08    7.9    8.6  14:40    7.2  02:20    5.6    0.0    7.6    5.5   27.4  12:50    126
 09    6.5    7.6  00:10    4.7  23:30    6.4    0.0    7.8    6.0   27.4  15:40     72
 10    3.7    4.6  00:10    1.4  23:50    7.9    0.0    0.6   17.7   56.3  21:20     68
 11    0.9    2.2  10:40   -0.5  17:10    9.5    0.0    0.0   17.5   53.1  17:20     46
 12    2.8    6.1  13:00    0.7  00:10    8.4    0.0    0.0    8.7   41.8  01:20    356
 13    3.7    8.5  12:00    0.9  23:50    7.9    0.0    0.4    7.7   30.6  02:40    304
 14    5.0    9.8  13:20    0.2  05:10    7.2    0.0    0.6    6.0   35.4  15:40    262
 15    6.8   10.8  13:20    1.6  00:00    6.2    0.0    0.6    7.4   37.0  13:50    232
 16    4.0    8.8  13:20   -0.2  04:00    7.8    0.0    0.6    3.4   24.1  22:20    323
 17    3.7    7.1  14:10    2.3  23:40    8.0    0.0    2.8    5.5   27.4  08:50    276
 18    4.1    7.0  15:20    2.4  00:10    7.7    0.0    5.6    7.1   30.6  18:00     20
 19    2.5    4.2  13:30    0.4  06:30    8.6    0.0    8.2    3.5   20.9  00:10    338
 20    3.9    7.2  13:40    1.7  00:10    7.8    0.0    3.6    3.4   29.0  23:50    120
 21    5.0    6.3  10:40    4.2  13:20    7.2    0.0   18.0   16.6   54.7  20:40    113
 22    4.9    5.3  06:50    3.6  23:30    7.3    0.0   67.2   14.5   54.7  09:10    125
 23    3.6    4.3  13:10    2.8  23:20    8.0    0.0    2.4   10.9   33.8  22:10    103
 24    2.3    2.8  00:10    1.8  08:20    8.7    0.0    0.0   15.7   41.8  15:40     80
 25    2.9    4.2  14:20    1.9  00:10    8.4    0.0    0.0   16.7   43.5  07:50     79
 26    2.5    4.1  13:00    1.1  08:00    8.6    0.0    0.0   12.7   40.2  19:10     73
 27    1.8    4.1  14:50    0.3  03:20    9.0    0.0    1.2    8.6   35.4  00:20     73
 28    3.0    5.9  15:20    0.7  05:30    8.3    0.0    1.8    9.0   30.6  21:20     95
 29    3.3    5.1  16:30    1.6  07:40    8.2    0.0    0.0    9.5   32.2  00:10    102
 30    4.2    6.4  11:30    2.1  03:30    7.7    0.0    0.0    7.7   29.0  23:20    112
 31    4.7    6.6  13:50    3.7  08:20    7.4    0.0    0.0   12.6   40.2  08:00    121
---------------------------------------------------------------------------------------
       4.3   10.8     15   -2.1     05  236.4    0.0  151.2    8.1   56.3     10     86
    
Updated: 07/11/18 08:10:00