Loughlinstown, Co Dublin, Ireland

53° 14.91' N | 006° 08.15' W | 24 meter | Show on map

Climate Summary February 2013

11/12/18 22:50:00 GMT

Station: Vantage Vue
Software: WeeWX v3.8.2
Weewx uptime: 34 Days, 14 Hours, 34 Minutes
Server uptime: 34 Days, 14 Hours, 32 Minutes
                   MONTHLY CLIMATOLOGICAL SUMMARY for Feb 2013


NAME: Loughlinstown, Co Dublin, Ireland                  
ELEV: 24 meter    LAT: 53-14.91 N    LONG: 006-08.15 W


                   TEMPERATURE (°C), RAIN (mm), WIND SPEED (km/h)

                                         HEAT   COOL         AVG
      MEAN                               DEG    DEG          WIND                   DOM
DAY   TEMP   HIGH   TIME    LOW   TIME   DAYS   DAYS   RAIN  SPEED   HIGH   TIME    DIR
---------------------------------------------------------------------------------------
 01
 02
 03
 04
 05
 06    3.3    5.7  16:50    2.2  22:30    8.2    0.0    0.0    8.8   29.0  19:20    288
 07    4.3    7.2  15:00    2.6  00:10    7.6    0.0    3.8    8.4   35.4  15:00    282
 08    6.2    8.2  15:00    4.4  06:30    6.5    0.0    0.2   10.5   33.8  00:20    280
 09    7.8   10.7  13:50    6.5  00:10    5.6    0.0    1.8    6.2   32.2  02:30    275
 10    6.1    7.5  10:00    4.7  19:10    6.6    0.0   22.4    5.6   32.2  14:50    290
 11    4.2    5.2  01:10    3.7  20:00    7.7    0.0    5.8    2.7   20.9  01:50     31
 12    4.1    5.3  00:00    3.6  01:40    7.7    0.0    2.0    4.7   29.0  22:20    143
 13    8.8   13.1  15:30    5.4  00:10    5.1    0.0    5.4    9.5   35.4  05:40    173
 14    8.0   10.8  12:50    6.3  21:50    5.5    0.0    0.0   11.3   35.4  03:40    273
 15    6.5   10.9  15:00    2.1  07:30    6.4    0.0    0.0    2.8   29.0  01:00    267
 16    8.4   12.1  13:20    4.4  00:10    5.3    0.0    0.0    6.9   35.4  23:30    144
 17    7.5    9.0  13:00    6.2  23:30    5.8    0.0    0.0   12.5   43.5  10:20    137
 18    6.1    7.9  15:10    3.1  21:20    6.6    0.0    0.0    8.5   38.6  10:30    135
 19    3.7    8.2  13:00   -1.4  07:50    7.9    0.0    0.0    2.2   19.3  13:40    124
 20    4.0    6.9  10:20   -2.4  03:00    7.8    0.0    0.2    8.6   40.2  22:00    131
 21    3.0    4.2  00:10    2.3  06:50    8.4    0.0    0.0   12.2   41.8  09:40    130
 22    2.3    2.9  19:20    1.2  07:00    8.7    0.0    0.0    6.9   27.4  00:30    103
 23    1.9    2.9  00:10    0.6  17:30    8.9    0.0    1.6    3.4   20.9  02:40    337
 24    3.1    6.0  15:20    1.8  00:30    8.3    0.0  135.0    3.0   20.9  19:40     42
 25    3.5    8.1  12:40   -0.4  07:10    8.0    0.0    0.0    2.8   17.7  13:30      7
 26    5.1    6.3  13:50    2.5  00:30    7.2    0.0    0.0    3.0   19.3  11:10     58
 27    5.4    7.2  12:30    4.4  21:10    7.0    0.0    0.0    3.4   16.1  12:20     12
 28    5.1    7.2  15:10    3.6  19:50    7.2    0.0    0.0    3.1   19.3  15:40    327
---------------------------------------------------------------------------------------
       5.2   13.1     13   -2.4     20  164.2    0.0  178.2    6.3   43.5     17    168
    
Updated: 07/11/18 08:10:00