Loughlinstown, Co Dublin, Ireland

53° 14.91' N | 006° 08.15' W | 24 meter | Show on map

Climate Summary January 2013

11/12/18 22:50:00 GMT

Station: Vantage Vue
Software: WeeWX v3.8.2
Weewx uptime: 34 Days, 14 Hours, 34 Minutes
Server uptime: 34 Days, 14 Hours, 32 Minutes
                   MONTHLY CLIMATOLOGICAL SUMMARY for Jan 2013


NAME: Loughlinstown, Co Dublin, Ireland                  
ELEV: 24 meter    LAT: 53-14.91 N    LONG: 006-08.15 W


                   TEMPERATURE (°C), RAIN (mm), WIND SPEED (km/h)

                                         HEAT   COOL         AVG
      MEAN                               DEG    DEG          WIND                   DOM
DAY   TEMP   HIGH   TIME    LOW   TIME   DAYS   DAYS   RAIN  SPEED   HIGH   TIME    DIR
---------------------------------------------------------------------------------------
 01    5.9    7.4  23:40    4.3  03:10    6.7    0.0    0.0   13.6   51.5  05:10    268
 02   11.5   14.6  14:30    6.9  01:10    3.6    0.0    0.0    9.7   48.3  10:00    260
 03   12.4   15.1  12:20    7.8  00:00    3.1    0.0    0.0    6.2   29.0  12:30    249
 04    8.4   11.1  13:40    4.9  08:40    5.3    0.0    0.0    2.2   25.7  22:30    203
 05    9.5   12.4  17:30    4.6  06:10    4.7    0.0    0.0    3.5   25.7  13:40    171
 06    9.1   10.8  14:00    5.2  03:00    4.9    0.0    0.0    4.3   40.2  12:20    127
 07   11.0   12.9  13:30    8.9  05:40    3.9    0.0    1.2    7.3   35.4  11:10    162
 08    9.1   12.8  06:30    1.8  00:00    4.9    0.0    0.0    5.4   35.4  10:30    261
 09    2.1    7.8  13:40   -1.5  07:20    8.8    0.0    0.2    0.6   12.9  14:50    122
 10    4.8    7.4  15:10   -0.2  04:20    7.3    0.0    1.8    2.7   25.7  19:40    262
 11    4.4    7.9  15:10   -0.9  06:50    7.6    0.0    0.4    1.4   16.1  12:00    142
 12    6.6    7.9  02:00    4.6  23:40    6.3    0.0    0.6    7.5   27.4  02:50     88
 13    3.0    5.4  23:50   -0.7  08:10    8.3    0.0    0.8    3.4   24.1  19:20    279
 14    5.0    6.7  04:10    2.6  22:50    7.2    0.0    1.0   12.0   38.6  04:30    279
 15    3.3    6.7  12:30   -0.3  18:50    8.2    0.0    0.0    6.1   33.8  01:50    278
 16    4.9    5.8  01:40    4.3  07:20    7.3    0.0    5.2    6.7   35.4  02:20    143
 17    6.4    7.4  11:00    5.4  23:30    6.4    0.0   10.0   10.3   57.9  20:50    139
 18    3.4    5.4  00:10    2.4  16:20    8.1    0.0   57.0   17.5   67.6  02:40    135
 19    2.8    4.0  00:30    1.6  07:00    8.5    0.0    4.4    7.0   32.2  00:20    116
 20    3.0    3.4  20:20    2.3  13:30    8.3    0.0    0.2    9.7   32.2  11:30     96
 21    1.9    3.7  04:50   -1.3  00:00    8.9    0.0   30.0    3.3   22.5  00:10      6
 22    0.0    2.7  15:00   -2.9  07:20   10.0    0.0    0.4    0.9    9.7  12:30    295
 23    2.5    4.1  12:30   -1.4  02:20    8.6    0.0    0.0    3.4   25.7  10:30    112
 24    4.1    5.6  23:20    2.4  01:50    7.7    0.0    0.2    3.9   24.1  21:00    154
 25    6.8    8.3  20:00    5.3  00:10    6.2    0.0   18.6   12.5   51.5  13:30    167
 26    7.7   12.7  21:10    2.8  08:50    5.7    0.0    1.0   10.3   43.5  16:10    202
 27    5.9   12.7  00:30    3.7  14:10    6.7    0.0    3.2   20.3   66.0  14:10    244
 28    7.4   10.9  15:10    3.4  06:50    5.9    0.0    6.0   19.4   67.6  22:20    232
 29    9.9   15.1  12:20    7.4  07:30    4.5    0.0    1.2   16.8   67.6  14:40    229
 30    7.9    9.7  10:50    6.6  22:00    5.6    0.0    3.4   19.3   66.0  11:10    246
 31    7.6    9.3  00:30    5.4  07:50    5.8    0.0    3.4   21.2   53.1  03:40    236
---------------------------------------------------------------------------------------
       6.0   15.1     03   -2.9     22  205.4    0.0  150.2    8.4   67.6     18    212
    
Updated: 07/11/18 08:10:00