Loughlinstown, Co Dublin, Ireland

53° 14.91' N | 006° 08.15' W | 24 meter | Show on map

Climate Summary November 2012

11/12/18 22:50:00 GMT

Station: Vantage Vue
Software: WeeWX v3.8.2
Weewx uptime: 34 Days, 14 Hours, 34 Minutes
Server uptime: 34 Days, 14 Hours, 32 Minutes
                   MONTHLY CLIMATOLOGICAL SUMMARY for Nov 2012


NAME: Loughlinstown, Co Dublin, Ireland                  
ELEV: 24 meter    LAT: 53-14.91 N    LONG: 006-08.15 W


                   TEMPERATURE (°C), RAIN (mm), WIND SPEED (km/h)

                                         HEAT   COOL         AVG
      MEAN                               DEG    DEG          WIND                   DOM
DAY   TEMP   HIGH   TIME    LOW   TIME   DAYS   DAYS   RAIN  SPEED   HIGH   TIME    DIR
---------------------------------------------------------------------------------------
 01    5.0    8.8  14:50    0.7  02:00    7.2    0.0    0.2    2.6   14.3  21:00    259
 02    6.1    9.8  12:30    3.2  19:10    6.6    0.0    0.2    5.6   40.2  14:50    260
 03    5.7    8.8  12:40    2.7  06:30    6.8    0.0    0.0    7.0   32.2  14:00    222
 04    7.2    8.8  16:20    5.1  00:10    6.0    0.0    5.2    8.2   35.4  16:40    106
 05    7.3   10.4  13:50    4.1  07:30    5.9    0.0    0.0    7.3   29.0  00:40    306
 06    8.9   11.8  12:10    5.7  00:10    5.1    0.0    0.0   13.4   46.7  13:30    278
 07   10.3   12.5  14:10    8.6  00:10    4.3    0.0    0.2    9.2   37.0  14:20    244
 08    9.2   12.9  14:00    5.3  20:10    4.9    0.0    0.0    7.0   33.8  04:00    270
 09    8.9   10.5  11:30    6.6  23:40    5.1    0.0    1.6    7.0   40.2  03:50    224
 10    6.2    9.6  14:40    3.3  18:00    6.6    0.0    0.0    6.9   30.6  12:30    259
 11    7.3   10.6  13:10    4.8  05:00    5.9    0.0    0.2    6.3   33.8  07:10    278
 12   11.9   15.3  15:10    6.7  00:10    3.4    0.0    1.4    6.4   40.2  10:20    210
 13   13.3   14.6  03:30   11.7  01:20    2.6    0.0    0.0    9.4   43.5  03:30    172
 14   11.3   14.4  12:10    5.8  23:50    3.7    0.0    0.0    3.8   29.0  10:20    169
 15    9.4   13.9  12:30    5.9  00:20    4.8    0.0    0.0    1.6   17.7  13:40    194
 16    6.4    9.4  12:50    2.2  05:20    6.5    0.0    0.2    0.8   17.7  23:40    296
 17    6.0    8.9  14:30    2.0  08:30    6.7    0.0    0.2    6.8   37.0  18:30    261
 18    5.9    9.7  00:00    1.4  08:30    6.7    0.0    5.8    7.0   51.5  22:20    170
 19   11.4   14.4  13:10    9.8  00:10    3.7    0.0    5.0    9.8   45.1  05:00    161
 20   10.9   13.4  10:50    7.2  00:00    3.9    0.0    0.6    8.5   41.8  18:50    192
 21    8.1   11.4  14:10    4.2  07:10    5.5    0.0    0.6    3.7   27.4  18:40    160
 22    8.5   11.5  04:10    6.2  21:30    5.3    0.0   11.6    8.7   43.5  04:30    194
 23    6.5    9.4  13:00    2.9  00:00    6.4    0.0    0.0    8.8   41.8  02:20    241
 24    3.2    7.4  17:10   -1.2  06:20    8.2    0.0   10.6    2.4   32.2  00:00    300
 25    4.6    6.4  10:50   -0.2  08:10    7.5    0.0   23.8    6.6   40.2  22:40    353
 26    5.9    7.4  14:10    5.0  04:50    6.7    0.0   15.6   12.7   49.9  14:10    315
 27    5.0    7.1  13:20    3.1  23:50    7.2    0.0    0.0   10.0   33.8  00:30    307
 28    3.8    6.6  13:40    2.4  04:50    7.9    0.0    0.0    7.5   27.4  08:30    296
 29    3.4    6.7  12:30    1.1  23:50    8.1    0.0    0.0    2.7   20.9  05:40    300
 30    2.5    7.9  13:20   -1.3  02:40    8.6    0.0    0.0    0.7   11.3  12:20    209
---------------------------------------------------------------------------------------
       7.3   15.3     12   -1.3     30  177.8    0.0   83.0    6.6   51.5     18    247
    
Updated: 07/11/18 08:10:00